{"id":4054,"date":"2020-04-22T11:39:39","date_gmt":"2020-04-22T11:39:39","guid":{"rendered":"https:\/\/www.ull.es\/portal\/cienciaull\/?page_id=4054"},"modified":"2020-05-11T13:07:28","modified_gmt":"2020-05-11T13:07:28","slug":"retos-cientificos","status":"publish","type":"page","link":"https:\/\/www.ull.es\/portal\/cienciaull\/cctcanarias\/retos-cientificos\/","title":{"rendered":"Retos Cient\u00edficos"},"content":{"rendered":"<div class=\"wpb_text_column wpb_content_element \">\n<div class=\"wpb_wrapper\">\n<h2 style=\"text-align: center\"><img decoding=\"async\" loading=\"lazy\" class=\"wp-image-5927 aligncenter\" src=\"https:\/\/www.ull.es\/portal\/cienciaull\/wp-content\/uploads\/sites\/24\/2020\/05\/Saturno-300x300.png\" alt=\"\" width=\"156\" height=\"156\" srcset=\"https:\/\/www.ull.es\/portal\/cienciaull\/wp-content\/uploads\/sites\/24\/2020\/05\/Saturno-300x300.png 300w, https:\/\/www.ull.es\/portal\/cienciaull\/wp-content\/uploads\/sites\/24\/2020\/05\/Saturno-150x150.png 150w, https:\/\/www.ull.es\/portal\/cienciaull\/wp-content\/uploads\/sites\/24\/2020\/05\/Saturno-375x375.png 375w, https:\/\/www.ull.es\/portal\/cienciaull\/wp-content\/uploads\/sites\/24\/2020\/05\/Saturno-50x50.png 50w, https:\/\/www.ull.es\/portal\/cienciaull\/wp-content\/uploads\/sites\/24\/2020\/05\/Saturno.png 512w\" sizes=\"(max-width: 156px) 100vw, 156px\" \/> Retos Cient\u00edficos<\/h2>\n<h4><strong>Presentaci\u00f3n<\/strong><\/h4>\n<p style=\"text-align: justify\">Esta modalidad est\u00e1 dirigida al alumnado que haya participado en alguna edici\u00f3n anterior del\u00a0<strong>CCT CANARIAS<\/strong>\u00a0y que en la actualidad est\u00e1 cursando 4\u00ba de la ESO o 1\u00ba de Bachillerato. Estos j\u00f3venes ya conocen de primera mano el procedimiento que sigue un\/a investigador\/a para la realizaci\u00f3n de un proyecto y tienen capacidad para valorar los posibles resultados que se pueden encontrar, por lo que la actividad del campus en esta modalidad p<u>ondr\u00e1n en pr\u00e1ctica todo lo aprendido en la edici\u00f3n anterior a trav\u00e9s de la resoluci\u00f3n de dos retos cient\u00edficos ligados a las siguientes \u00e1reas: astrof\u00edsica y bot\u00e1nica<\/u>.<\/p>\n<p style=\"text-align: justify\">Para la resoluci\u00f3n de los retos los alumnos\/as participantes se distribuir\u00e1n en equipos de trabajo de 2 alumnos\/as y contar\u00e1n con un\/a joven investigador que les tutorizar\u00e1 durante el desarrollo de la actividad.<\/p>\n<p style=\"text-align: justify\">Adem\u00e1s, recibir\u00e1n charlas te\u00f3rico-pr\u00e1cticas impartidas por personal investigador, a trav\u00e9s de las cuales se les dar\u00e1n pautas que le servir\u00e1n de ayuda para la resoluci\u00f3n de dichos retos. El \u00faltimo d\u00eda del Campus se expondr\u00e1n las soluciones de los retos ante un jurado de expertos que valorar\u00e1 los mejores resultados obtenidos y el proceso que se ha seguido por cada uno de los equipos de trabajo participantes.<\/p>\n<\/div>\n<\/div>\n<h4><strong>Beneficiarios<\/strong><\/h4>\n<p style=\"text-align: justify\">Alumnado que haya participado en alguna edici\u00f3n anterior del\u00a0<strong>CCT CANARIAS<\/strong>\u00a0y que en la actualidad est\u00e1 cursando 4\u00ba de la ESO o 1\u00ba de Bachillerato. Se abre 8 plazas para esta modalidad: 4 dirigidas a alumnado procedente de la isla de Tenerife y 4 para el alumnado procedente del resto de islas.<\/p>\n<h4><\/h4>\n<h4 style=\"text-align: justify\"><strong>Actividades<\/strong><\/h4>\n<p style=\"text-align: justify\"><strong>A) Resoluci\u00f3n de Retos Cient\u00edficos<\/strong><\/p>\n<p style=\"text-align: justify\">Durante dos semanas se plantea la resoluci\u00f3n de 2 retos cient\u00edficos, que los\/as alumnos\/as divididos en equipos de 2, tendr\u00e1n que resolver como peque\u00f1os proyectos de investigaci\u00f3n y exponer ante un jurado la forma en que han resuelto el reto y los resultados alcanzados.<\/p>\n<p style=\"text-align: justify\">Para ayudarles en el desarrollo de la actividad, contar\u00e1n con charlas cient\u00edficas te\u00f3rico-pr\u00e1cticas impartidas por personal investigador de la ULL. Esta actividad tendr\u00e1 una\u00a0<strong>duraci\u00f3n de 26 horas<\/strong>.<\/p>\n<p style=\"text-align: justify\">Dos grupo de investigaci\u00f3n de la ULL ser\u00e1n los encargados de proponer uno de los retos.<\/p>\n<p style=\"text-align: justify\">\n<p style=\"text-align: justify\"><strong>B) Conoce la actividad investigadora que se desarrolla en la ULL u otros centros de investigaci\u00f3n de Canarias<\/strong><\/p>\n<p style=\"text-align: justify\">Cada equipo de trabajo podr\u00e1 conocer, adem\u00e1s de la actividad investigadora que se desarrolla en su grupo investigaci\u00f3n, diferentes departamentos, laboratorios y servicios de la ULL u otros centros de I+D de la Isla.<\/p>\n<p style=\"text-align: justify\">Para ello, se organizar\u00e1n diferentes visitas guiadas por personal investigador o t\u00e9cnico, que tendr\u00e1n un componente te\u00f3rico-pr\u00e1ctico. Esta actividad tendr\u00e1 una duraci\u00f3n de 8 horas.<\/p>\n<p style=\"text-align: justify\"><strong>C) Talleres Cient\u00edficos<\/strong><\/p>\n<p style=\"text-align: justify\">Se organizar\u00e1 un taller cient\u00edfico donde el alumnado pueda aprender a trav\u00e9s de ejercicios pr\u00e1cticos concepto cient\u00edficos relacionados con el \u00e1mbito de los proyectos. Tendr\u00e1 una duraci\u00f3n de dos horas y ser\u00e1 impartido por un grupo de investigaci\u00f3n de la ULL.<\/p>\n<h4 style=\"text-align: justify\"><\/h4>\n<h4 style=\"text-align: justify\"><strong>Matr\u00edcula\u00a0<\/strong><\/h4>\n<p style=\"text-align: justify\">La tasa de la matr\u00edcula del alumnado es de 50\u20ac. Dicha matr\u00edcula s\u00f3lo cubre los coste necesarios para el desarrollo del plan de actividades.<\/p>\n<h4><\/h4>\n<h4 style=\"text-align: justify\"><strong>Desplazamiento y alojamiento en Tenerife del alumnado procedente de otras islas<\/strong><\/h4>\n<p style=\"text-align: justify\">Ser\u00e1 sufragado por el programa el desplazamiento, alojamiento y dietas para el alumnado procedente de otras islas.<\/p>\n","protected":false},"excerpt":{"rendered":"<p>Retos Cient\u00edficos Presentaci\u00f3n Esta modalidad est\u00e1 dirigida al alumnado que haya participado en alguna edici\u00f3n anterior del\u00a0CCT CANARIAS\u00a0y que en la actualidad est\u00e1 cursando 4\u00ba de la ESO o 1\u00ba de Bachillerato. Estos j\u00f3venes ya conocen de primera mano el procedimiento que sigue un\/a investigador\/a para la realizaci\u00f3n de un proyecto y tienen capacidad para&#8230;<\/p>\n","protected":false},"author":56,"featured_media":0,"parent":3919,"menu_order":0,"comment_status":"closed","ping_status":"closed","template":"","meta":{"inline_featured_image":false,"footnotes":""},"acf":[],"yoast_head":"<!-- This site is optimized with the Yoast SEO plugin v21.3 - https:\/\/yoast.com\/wordpress\/plugins\/seo\/ -->\n<title>Retos Cient\u00edficos -<\/title>\n<meta name=\"robots\" content=\"index, follow, max-snippet:-1, max-image-preview:large, max-video-preview:-1\" \/>\n<link rel=\"canonical\" href=\"https:\/\/www.ull.es\/portal\/cienciaull\/cctcanarias\/retos-cientificos\/\" \/>\n<meta property=\"og:locale\" content=\"es_ES\" \/>\n<meta property=\"og:type\" content=\"article\" \/>\n<meta property=\"og:title\" content=\"Retos Cient\u00edficos -\" \/>\n<meta property=\"og:description\" content=\"Retos Cient\u00edficos Presentaci\u00f3n Esta modalidad est\u00e1 dirigida al alumnado que haya participado en alguna edici\u00f3n anterior del\u00a0CCT CANARIAS\u00a0y que en la actualidad est\u00e1 cursando 4\u00ba de la ESO o 1\u00ba de Bachillerato. Estos j\u00f3venes ya conocen de primera mano el procedimiento que sigue un\/a investigador\/a para la realizaci\u00f3n de un proyecto y tienen capacidad para...\" \/>\n<meta property=\"og:url\" content=\"https:\/\/www.ull.es\/portal\/cienciaull\/cctcanarias\/retos-cientificos\/\" \/>\n<meta property=\"article:publisher\" content=\"https:\/\/www.facebook.com\/CienciaULL\/\" \/>\n<meta property=\"article:modified_time\" content=\"2020-05-11T13:07:28+00:00\" \/>\n<meta property=\"og:image\" content=\"https:\/\/www.ull.es\/portal\/cienciaull\/wp-content\/uploads\/sites\/24\/2020\/05\/Saturno-300x300.png\" \/>\n<meta name=\"twitter:card\" content=\"summary_large_image\" \/>\n<meta name=\"twitter:site\" content=\"@CienciaULL\" \/>\n<meta name=\"twitter:label1\" content=\"Tiempo de lectura\" \/>\n\t<meta name=\"twitter:data1\" content=\"3 minutos\" \/>\n<script type=\"application\/ld+json\" class=\"yoast-schema-graph\">{\"@context\":\"https:\/\/schema.org\",\"@graph\":[{\"@type\":\"WebPage\",\"@id\":\"https:\/\/www.ull.es\/portal\/cienciaull\/cctcanarias\/retos-cientificos\/\",\"url\":\"https:\/\/www.ull.es\/portal\/cienciaull\/cctcanarias\/retos-cientificos\/\",\"name\":\"Retos Cient\u00edficos -\",\"isPartOf\":{\"@id\":\"https:\/\/www.ull.es\/portal\/cienciaull\/#website\"},\"datePublished\":\"2020-04-22T11:39:39+00:00\",\"dateModified\":\"2020-05-11T13:07:28+00:00\",\"breadcrumb\":{\"@id\":\"https:\/\/www.ull.es\/portal\/cienciaull\/cctcanarias\/retos-cientificos\/#breadcrumb\"},\"inLanguage\":\"es\",\"potentialAction\":[{\"@type\":\"ReadAction\",\"target\":[\"https:\/\/www.ull.es\/portal\/cienciaull\/cctcanarias\/retos-cientificos\/\"]}]},{\"@type\":\"BreadcrumbList\",\"@id\":\"https:\/\/www.ull.es\/portal\/cienciaull\/cctcanarias\/retos-cientificos\/#breadcrumb\",\"itemListElement\":[{\"@type\":\"ListItem\",\"position\":1,\"name\":\"Portada\",\"item\":\"https:\/\/www.ull.es\/portal\/cienciaull\/\"},{\"@type\":\"ListItem\",\"position\":2,\"name\":\"CCT Canarias\",\"item\":\"https:\/\/www.ull.es\/portal\/cienciaull\/cctcanarias\/\"},{\"@type\":\"ListItem\",\"position\":3,\"name\":\"Retos Cient\u00edficos\"}]},{\"@type\":\"WebSite\",\"@id\":\"https:\/\/www.ull.es\/portal\/cienciaull\/#website\",\"url\":\"https:\/\/www.ull.es\/portal\/cienciaull\/\",\"name\":\"\",\"description\":\"Unidad de Cultura Cient\u00edfica y de la Innovaci\u00f3n de la Universidad de La Laguna\",\"potentialAction\":[{\"@type\":\"SearchAction\",\"target\":{\"@type\":\"EntryPoint\",\"urlTemplate\":\"https:\/\/www.ull.es\/portal\/cienciaull\/?s={search_term_string}\"},\"query-input\":\"required name=search_term_string\"}],\"inLanguage\":\"es\"}]}<\/script>\n<!-- \/ Yoast SEO plugin. -->","yoast_head_json":{"title":"Retos Cient\u00edficos -","robots":{"index":"index","follow":"follow","max-snippet":"max-snippet:-1","max-image-preview":"max-image-preview:large","max-video-preview":"max-video-preview:-1"},"canonical":"https:\/\/www.ull.es\/portal\/cienciaull\/cctcanarias\/retos-cientificos\/","og_locale":"es_ES","og_type":"article","og_title":"Retos Cient\u00edficos -","og_description":"Retos Cient\u00edficos Presentaci\u00f3n Esta modalidad est\u00e1 dirigida al alumnado que haya participado en alguna edici\u00f3n anterior del\u00a0CCT CANARIAS\u00a0y que en la actualidad est\u00e1 cursando 4\u00ba de la ESO o 1\u00ba de Bachillerato. Estos j\u00f3venes ya conocen de primera mano el procedimiento que sigue un\/a investigador\/a para la realizaci\u00f3n de un proyecto y tienen capacidad para...","og_url":"https:\/\/www.ull.es\/portal\/cienciaull\/cctcanarias\/retos-cientificos\/","article_publisher":"https:\/\/www.facebook.com\/CienciaULL\/","article_modified_time":"2020-05-11T13:07:28+00:00","og_image":[{"url":"https:\/\/www.ull.es\/portal\/cienciaull\/wp-content\/uploads\/sites\/24\/2020\/05\/Saturno-300x300.png"}],"twitter_card":"summary_large_image","twitter_site":"@CienciaULL","twitter_misc":{"Tiempo de lectura":"3 minutos"},"schema":{"@context":"https:\/\/schema.org","@graph":[{"@type":"WebPage","@id":"https:\/\/www.ull.es\/portal\/cienciaull\/cctcanarias\/retos-cientificos\/","url":"https:\/\/www.ull.es\/portal\/cienciaull\/cctcanarias\/retos-cientificos\/","name":"Retos Cient\u00edficos -","isPartOf":{"@id":"https:\/\/www.ull.es\/portal\/cienciaull\/#website"},"datePublished":"2020-04-22T11:39:39+00:00","dateModified":"2020-05-11T13:07:28+00:00","breadcrumb":{"@id":"https:\/\/www.ull.es\/portal\/cienciaull\/cctcanarias\/retos-cientificos\/#breadcrumb"},"inLanguage":"es","potentialAction":[{"@type":"ReadAction","target":["https:\/\/www.ull.es\/portal\/cienciaull\/cctcanarias\/retos-cientificos\/"]}]},{"@type":"BreadcrumbList","@id":"https:\/\/www.ull.es\/portal\/cienciaull\/cctcanarias\/retos-cientificos\/#breadcrumb","itemListElement":[{"@type":"ListItem","position":1,"name":"Portada","item":"https:\/\/www.ull.es\/portal\/cienciaull\/"},{"@type":"ListItem","position":2,"name":"CCT Canarias","item":"https:\/\/www.ull.es\/portal\/cienciaull\/cctcanarias\/"},{"@type":"ListItem","position":3,"name":"Retos Cient\u00edficos"}]},{"@type":"WebSite","@id":"https:\/\/www.ull.es\/portal\/cienciaull\/#website","url":"https:\/\/www.ull.es\/portal\/cienciaull\/","name":"","description":"Unidad de Cultura Cient\u00edfica y de la Innovaci\u00f3n de la Universidad de La Laguna","potentialAction":[{"@type":"SearchAction","target":{"@type":"EntryPoint","urlTemplate":"https:\/\/www.ull.es\/portal\/cienciaull\/?s={search_term_string}"},"query-input":"required name=search_term_string"}],"inLanguage":"es"}]}},"_links":{"self":[{"href":"https:\/\/www.ull.es\/portal\/cienciaull\/wp-json\/wp\/v2\/pages\/4054"}],"collection":[{"href":"https:\/\/www.ull.es\/portal\/cienciaull\/wp-json\/wp\/v2\/pages"}],"about":[{"href":"https:\/\/www.ull.es\/portal\/cienciaull\/wp-json\/wp\/v2\/types\/page"}],"author":[{"embeddable":true,"href":"https:\/\/www.ull.es\/portal\/cienciaull\/wp-json\/wp\/v2\/users\/56"}],"replies":[{"embeddable":true,"href":"https:\/\/www.ull.es\/portal\/cienciaull\/wp-json\/wp\/v2\/comments?post=4054"}],"version-history":[{"count":25,"href":"https:\/\/www.ull.es\/portal\/cienciaull\/wp-json\/wp\/v2\/pages\/4054\/revisions"}],"predecessor-version":[{"id":6285,"href":"https:\/\/www.ull.es\/portal\/cienciaull\/wp-json\/wp\/v2\/pages\/4054\/revisions\/6285"}],"up":[{"embeddable":true,"href":"https:\/\/www.ull.es\/portal\/cienciaull\/wp-json\/wp\/v2\/pages\/3919"}],"wp:attachment":[{"href":"https:\/\/www.ull.es\/portal\/cienciaull\/wp-json\/wp\/v2\/media?parent=4054"}],"curies":[{"name":"wp","href":"https:\/\/api.w.org\/{rel}","templated":true}]}}