{"id":4735,"date":"2020-04-25T19:29:29","date_gmt":"2020-04-25T19:29:29","guid":{"rendered":"https:\/\/www.ull.es\/portal\/cienciaull\/?page_id=4735"},"modified":"2025-12-04T13:00:45","modified_gmt":"2025-12-04T13:00:45","slug":"proyectamates","status":"publish","type":"page","link":"https:\/\/www.ull.es\/portal\/cienciaull\/proyectamates\/","title":{"rendered":"ProyectaMates"},"content":{"rendered":"<p>[vc_row][vc_column]\n<div id=\"rev_slider_177_1_wrapper\" class=\"rev_slider_wrapper fullwidthbanner-container\" data-source=\"gallery\" style=\"margin:0px auto;background:transparent;padding:0px;margin-top:0px;margin-bottom:0px;\">\n<!-- START REVOLUTION SLIDER 5.4.7.3 auto mode -->\n\t<div id=\"rev_slider_177_1\" class=\"rev_slider fullwidthabanner\" style=\"display:none;\" data-version=\"5.4.7.3\">\n<ul>\t<!-- SLIDE  -->\n\t<li data-index=\"rs-208\" data-transition=\"fade\" data-slotamount=\"default\" data-hideafterloop=\"0\" data-hideslideonmobile=\"off\"  data-easein=\"default\" data-easeout=\"default\" data-masterspeed=\"300\"  data-rotate=\"0\"  data-saveperformance=\"off\"  data-title=\"Slide\" data-param1=\"\" data-param2=\"\" data-param3=\"\" data-param4=\"\" data-param5=\"\" data-param6=\"\" data-param7=\"\" data-param8=\"\" data-param9=\"\" data-param10=\"\" data-description=\"\">\n\t\t<!-- MAIN IMAGE -->\n\t\t<img src=\"https:\/\/www.ull.es\/portal\/cienciaull\/wp-content\/plugins\/revslider\/admin\/assets\/images\/transparent.png\"  alt=\"\" title=\"ProyectaMates\"  data-bgposition=\"center center\" data-bgfit=\"cover\" data-bgrepeat=\"no-repeat\" class=\"rev-slidebg\" data-no-retina>\n\t\t<!-- LAYERS -->\n\n\t\t<!-- LAYER NR. 1 -->\n\t\t<div class=\"tp-caption   tp-resizeme\" \n\t\t\t id=\"slide-208-layer-2\" \n\t\t\t data-x=\"-1\" \n\t\t\t data-y=\"-2\" \n\t\t\t\t\t\tdata-width=\"['none','none','none','none']\"\n\t\t\tdata-height=\"['none','none','none','none']\"\n \n\t\t\tdata-type=\"image\" \n\t\t\tdata-responsive_offset=\"on\" \n\n\t\t\tdata-frames='[{\"delay\":0,\"speed\":300,\"frame\":\"0\",\"from\":\"opacity:0;\",\"to\":\"o:1;\",\"ease\":\"Power3.easeInOut\"},{\"delay\":\"wait\",\"speed\":300,\"frame\":\"999\",\"to\":\"opacity:0;\",\"ease\":\"Power3.easeInOut\"}]'\n\t\t\tdata-textAlign=\"['inherit','inherit','inherit','inherit']\"\n\t\t\tdata-paddingtop=\"[0,0,0,0]\"\n\t\t\tdata-paddingright=\"[0,0,0,0]\"\n\t\t\tdata-paddingbottom=\"[0,0,0,0]\"\n\t\t\tdata-paddingleft=\"[0,0,0,0]\"\n\n\t\t\tstyle=\"z-index: 6;\"><img src=\"https:\/\/www.ull.es\/portal\/cienciaull\/wp-content\/uploads\/sites\/24\/2022\/11\/proyectamates_2022_banner-web.jpg\" alt=\"\" data-ww=\"1400px\" data-hh=\"525\" width=\"1600\" height=\"600\" data-no-retina> <\/div>\n\t<\/li>\n<\/ul>\n<div class=\"tp-bannertimer tp-bottom\" style=\"visibility: hidden !important;\"><\/div>\t<\/div>\n<script>var htmlDiv = document.getElementById(\"rs-plugin-settings-inline-css\"); var htmlDivCss=\"\";\r\n\t\t\t\tif(htmlDiv) {\r\n\t\t\t\t\thtmlDiv.innerHTML = htmlDiv.innerHTML + htmlDivCss;\r\n\t\t\t\t}else{\r\n\t\t\t\t\tvar htmlDiv = document.createElement(\"div\");\r\n\t\t\t\t\thtmlDiv.innerHTML = \"<style>\" + htmlDivCss + \"<\/style>\";\r\n\t\t\t\t\tdocument.getElementsByTagName(\"head\")[0].appendChild(htmlDiv.childNodes[0]);\r\n\t\t\t\t}\r\n\t\t\t<\/script>\n\t\t<script type=\"text\/javascript\">\r\nif (setREVStartSize!==undefined) setREVStartSize(\r\n\t{c: '#rev_slider_177_1', gridwidth: [1500], gridheight: [500], sliderLayout: 'auto'});\r\n\t\t\t\r\nvar revapi177,\r\n\ttpj;\t\r\n(function() {\t\t\t\r\n\tif (!\/loaded|interactive|complete\/.test(document.readyState)) document.addEventListener(\"DOMContentLoaded\",onLoad); else onLoad();\t\r\n\tfunction onLoad() {\t\t\t\t\r\n\t\tif (tpj===undefined) { tpj = jQuery; if(\"off\" == \"on\") tpj.noConflict();}\r\n\tif(tpj(\"#rev_slider_177_1\").revolution == undefined){\n\t\trevslider_showDoubleJqueryError(\"#rev_slider_177_1\");\n\t}else{\n\t\trevapi177 = tpj(\"#rev_slider_177_1\").show().revolution({\n\t\t\tsliderType:\"standard\",\n\t\t\tjsFileLocation:\"\/\/www.ull.es\/portal\/cienciaull\/wp-content\/plugins\/revslider\/public\/assets\/js\/\",\n\t\t\tsliderLayout:\"auto\",\n\t\t\tdottedOverlay:\"none\",\n\t\t\tdelay:9000,\n\t\t\tnavigation: {\n\t\t\t\tonHoverStop:\"off\",\n\t\t\t},\n\t\t\tvisibilityLevels:[1240,1024,778,480],\n\t\t\tgridwidth:1500,\n\t\t\tgridheight:500,\n\t\t\tlazyType:\"none\",\n\t\t\tshadow:0,\n\t\t\tspinner:\"spinner0\",\n\t\t\tstopLoop:\"off\",\n\t\t\tstopAfterLoops:-1,\n\t\t\tstopAtSlide:-1,\n\t\t\tshuffle:\"off\",\n\t\t\tautoHeight:\"off\",\n\t\t\tdisableProgressBar:\"on\",\n\t\t\thideThumbsOnMobile:\"off\",\n\t\t\thideSliderAtLimit:0,\n\t\t\thideCaptionAtLimit:0,\n\t\t\thideAllCaptionAtLilmit:0,\n\t\t\tdebugMode:false,\n\t\t\tfallbacks: {\n\t\t\t\tsimplifyAll:\"off\",\n\t\t\t\tnextSlideOnWindowFocus:\"off\",\n\t\t\t\tdisableFocusListener:false,\n\t\t\t}\n\t\t});\n\t}; \/* END OF revapi call *\/\n\t\n }; \/* END OF ON LOAD FUNCTION *\/\r\n}()); \/* END OF WRAPPING FUNCTION *\/\r\n<\/script>\r\n\t\t<\/div><!-- END REVOLUTION SLIDER -->[vc_separator color=\u00bbblue\u00bb border_width=\u00bb10&#8243;][\/vc_column][\/vc_row][vc_row][vc_column width=\u00bb1\/5&#8243;][vc_empty_space][vc_btn title=\u00bbInscripci\u00f3n\u00bb color=\u00bbdanger\u00bb size=\u00bblg\u00bb align=\u00bbcenter\u00bb button_block=\u00bbtrue\u00bb link=\u00bburl:https%3A%2F%2Fwww.ull.es%2Fportal%2Fcienciaull%2Fproyectamates%2Finscripcion-2%2F\u00bb][\/vc_column][vc_column width=\u00bb1\/5&#8243;][vc_empty_space][vc_btn title=\u00bbCentros Escolares\u00bb color=\u00bborange\u00bb size=\u00bblg\u00bb align=\u00bbcenter\u00bb button_block=\u00bbtrue\u00bb link=\u00bburl:https%3A%2F%2Fwww.ull.es%2Fportal%2Fcienciaull%2Fproyectamates%2Fcentros-escolares%2F\u00bb][\/vc_column][vc_column width=\u00bb1\/5&#8243;][vc_empty_space][vc_btn title=\u00bbAula Virtual\u00bb color=\u00bbturquoise\u00bb size=\u00bblg\u00bb align=\u00bbcenter\u00bb button_block=\u00bbtrue\u00bb link=\u00bburl:https%3A%2F%2Fcampus.fg.ull.es%2Fcourse%2Fview.php%3Fid%3D400002132%23section-1&#8243;][\/vc_column][vc_column width=\u00bb1\/5&#8243;][vc_empty_space][vc_btn title=\u00bbMultimedia\u00bb color=\u00bbgreen\u00bb size=\u00bblg\u00bb align=\u00bbcenter\u00bb button_block=\u00bbtrue\u00bb link=\u00bburl:https%3A%2F%2Fwww.ull.es%2Fportal%2Fcienciaull%2Fproyectamates%2Fmultimedia%2F\u00bb][\/vc_column][vc_column width=\u00bb1\/5&#8243;][vc_empty_space][vc_btn title=\u00bbZona Directos\u00bb color=\u00bbvista-blue\u00bb size=\u00bblg\u00bb align=\u00bbcenter\u00bb button_block=\u00bbtrue\u00bb link=\u00bburl:https%3A%2F%2Fwww.ull.es%2Fportal%2Fcienciaull%2Fzona-de-directos-proyectamates-2023%2F\u00bb][\/vc_column][\/vc_row][vc_row][vc_column][vc_empty_space][vc_single_image source=\u00bbexternal_link\u00bb external_img_size=\u00bb250&#215;150&#8243; custom_src=\u00bbhttps:\/\/s6.gifyu.com\/images\/Presentacion-Proyecta-Mates.png\u00bb][vc_column_text]<\/p>\n<p style=\"text-align: justify\"><span style=\"font-weight: 400\">El proyecto es una iniciativa de la <a href=\"https:\/\/www.ull.es\/\" target=\"_blank\" rel=\"noopener noreferrer\" target=\"_blank\" rel=\"noopener\">Universidad de la Laguna<\/a>, su <a href=\"https:\/\/fg.ull.es\/\" target=\"_blank\" rel=\"noopener noreferrer\" target=\"_blank\" rel=\"noopener\">Fundaci\u00f3n General<\/a> y la <a href=\"http:\/\/sinewton.es\/\" target=\"_blank\" rel=\"noopener noreferrer\" target=\"_blank\" rel=\"noopener\">Sociedad Canaria de Profesorado de Matem\u00e1ticas Luis Balbuena Castellano<\/a>, y el Servicio de Educaci\u00f3n y Juventud del <span style=\"color: #7397e6\"><a style=\"color: #7397e6\" href=\"https:\/\/www.tenerife.es\/portalcabtfe\/es\/\" target=\"_blank\" rel=\"noopener noreferrer\" target=\"_blank\" rel=\"noopener\">Cabildo Insular de Tenerife<\/a><\/span>.<\/span><\/p>\n<p style=\"text-align: justify\"><strong><span style=\"color: #004f95\">P<\/span><span style=\"color: #e24319\">r<\/span><span style=\"color: #fece3a\">o<\/span><span style=\"color: #00b53f\">y<\/span><span style=\"color: #004f95\">e<\/span><span style=\"color: #e24319\">c<\/span><span style=\"color: #fece3a\">t<\/span><span style=\"color: #00b53f\">a<span style=\"color: #004f95\">Mates<\/span><\/span><\/strong> tiene como finalidad <strong>potenciar el uso del razonamiento l\u00f3gico y la resoluci\u00f3n de problemas en el alumnado de la isla de Tenerife<\/strong>, concretamente, en los niveles de 3\u00ba a 6\u00ba de Educaci\u00f3n Primaria y 1\u00ba y 2\u00ba de la Educaci\u00f3n Secundaria Obligatoria, a partir de t\u00e9cnicas y estrategias docentes que permitan fortalecer las capacidades deductivas del alumnado. <span style=\"font-weight: 400\">\u00a0Sus objetivos son:<\/span><\/p>\n<ul>\n<li style=\"font-weight: 400;text-align: justify\"><span style=\"font-weight: 400\"><strong>Capacitar<\/strong> a los docentes en ejercicio, as\u00ed como a futuros docentes, de estrategias metodol\u00f3gicas de resoluci\u00f3n de problemas en el \u00e1mbito de las matem\u00e1ticas.<\/span><\/li>\n<li style=\"font-weight: 400;text-align: justify\"><span style=\"font-weight: 400\"><strong>Desarrollar<\/strong> en el alumnado las capacidades de comprensi\u00f3n, reflexi\u00f3n, razonamiento l\u00f3gico y c\u00e1lculo mental en la resoluci\u00f3n de problemas, as\u00ed como fomentar el uso del vocabulario propio de las matem\u00e1ticas.<\/span><\/li>\n<li style=\"font-weight: 400;text-align: justify\"><span style=\"font-weight: 400\"><span style=\"font-weight: 400\"><strong>Implicar<\/strong> a las familias en el apoyo de actividades matem\u00e1ticas relacionadas con los contextos de la vida.<br \/>\n<\/span><\/span><\/li>\n<li style=\"text-align: justify\"><strong>Generar<\/strong> un repositorio de materiales did\u00e1cticos para facilitar el aprendizaje del alumnado y la actividad del profesorado en el aula.<\/li>\n<li style=\"text-align: justify\"><strong>Divulgar<\/strong> las matem\u00e1ticas como \u00e1rea de conocimiento cercada a los acontecimientos que nos rodean.<\/li>\n<li style=\"text-align: justify\"><strong>Investigar<\/strong> en nuevas metodolog\u00edas que ayuden al aprendizaje de las matem\u00e1ticas desde edades tempranas.<\/li>\n<\/ul>\n<p><span style=\"font-weight: 400\">\u00a0A lo largo de este curso la tem\u00e1tica girar\u00e1 en torno a la formulaci\u00f3n de problemas. Se trata de una actividad matem\u00e1tica que recoge el nuevo curr\u00edculo LOMLOE en toda la educaci\u00f3n obligatoria, desde 1\u00ba ciclo de Educaci\u00f3n Primaria hasta finalizar la Educaci\u00f3n Secundaria Obligatoria (Decreto 211\/2022 y Decreto 30\/2023, respectivamente).<\/span><\/p>\n<p>Se acredita a cada docente participante 50 horas de formaci\u00f3n y trabajo pr\u00e1ctico.[\/vc_column_text][\/vc_column][\/vc_row][vc_row][vc_column][\/vc_column][\/vc_row][vc_row][vc_column width=\u00bb1\/4&#8243;][vc_empty_space][vc_single_image image=\u00bb19663&#8243; img_size=\u00bb500&#215;500&#8243; alignment=\u00bbcenter\u00bb onclick=\u00bbcustom_link\u00bb link=\u00bbhttps:\/\/www.ull.es\/portal\/cienciaull\/divulgacion-cientifica\/\u00bb][vc_column_text css=\u00bb.vc_custom_1672257527828{margin-top: 0px !important;border-top-width: 0px !important;padding-top: 0px !important;background-color: #7d3c98 !important;}\u00bb]<\/p>\n<p style=\"text-align: center\"><span style=\"color: #ffffff\"><strong>Divulgaci\u00f3n<\/strong><\/span><\/p>\n<p>[\/vc_column_text][\/vc_column][vc_column width=\u00bb1\/4&#8243;][vc_empty_space][vc_single_image image=\u00bb19662&#8243; img_size=\u00bb500&#215;500&#8243; alignment=\u00bbcenter\u00bb onclick=\u00bbcustom_link\u00bb link=\u00bbhttps:\/\/www.ull.es\/portal\/cienciaull\/formacion-proyectamates\/\u00bb][vc_column_text css=\u00bb.vc_custom_1672257595198{margin-top: 0px !important;border-top-width: 0px !important;padding-top: 0px !important;background-color: #7d3c98 !important;}\u00bb]<\/p>\n<p style=\"text-align: center\"><span style=\"color: #ffffff\"><strong>Formaci\u00f3n<\/strong><\/span><\/p>\n<p>[\/vc_column_text][\/vc_column][vc_column width=\u00bb1\/4&#8243;][vc_empty_space][vc_single_image image=\u00bb19661&#8243; img_size=\u00bb500&#215;500&#8243; alignment=\u00bbcenter\u00bb onclick=\u00bbcustom_link\u00bb link=\u00bbhttps:\/\/www.ull.es\/portal\/cienciaull\/investigacion-proyectamates\/\u00bb][vc_column_text css=\u00bb.vc_custom_1672257581574{margin-top: 0px !important;border-top-width: 0px !important;padding-top: 0px !important;background-color: #7d3c98 !important;}\u00bb]<\/p>\n<p style=\"text-align: center\"><span style=\"color: #ffffff\"><strong>Investigaci\u00f3n<\/strong><\/span><\/p>\n<p>[\/vc_column_text][\/vc_column][vc_column width=\u00bb1\/4&#8243;][vc_empty_space][vc_single_image image=\u00bb19660&#8243; img_size=\u00bb500&#215;500&#8243; alignment=\u00bbcenter\u00bb onclick=\u00bbcustom_link\u00bb link=\u00bbhttps:\/\/www.ull.es\/portal\/cienciaull\/materiales-proyectamates\/\u00bb][vc_column_text css=\u00bb.vc_custom_1672257562668{margin-top: 0px !important;border-top-width: 0px !important;padding-top: 0px !important;background-color: #7d3c98 !important;}\u00bb]<\/p>\n<p style=\"text-align: center\"><span style=\"color: #ffffff\"><strong>Materiales<\/strong><\/span><\/p>\n<p>[\/vc_column_text][\/vc_column][\/vc_row][vc_row][vc_column width=\u00bb1\/4&#8243;][vc_empty_space height=\u00bb64px\u00bb][\/vc_column][vc_column width=\u00bb1\/4&#8243;][vc_empty_space height=\u00bb64px\u00bb][\/vc_column][vc_column width=\u00bb1\/4&#8243;][vc_empty_space height=\u00bb64px\u00bb][\/vc_column][vc_column width=\u00bb1\/4&#8243;][vc_empty_space height=\u00bb64px\u00bb][vc_single_image image=\u00bb36281&#8243; img_size=\u00bb296&#215;76&#8243; alignment=\u00bbcenter\u00bb onclick=\u00bbcustom_link\u00bb img_link_target=\u00bb_blank\u00bb link=\u00bbhttps:\/\/www.tenerifejovenyeduca.com\/\u00bb][\/vc_column][\/vc_row]<\/p>\n","protected":false},"excerpt":{"rendered":"<p>[vc_row][vc_column][vc_separator color=\u00bbblue\u00bb border_width=\u00bb10&#8243;][\/vc_column][\/vc_row][vc_row][vc_column width=\u00bb1\/5&#8243;][vc_empty_space][vc_btn title=\u00bbInscripci\u00f3n\u00bb color=\u00bbdanger\u00bb size=\u00bblg\u00bb align=\u00bbcenter\u00bb button_block=\u00bbtrue\u00bb link=\u00bburl:https%3A%2F%2Fwww.ull.es%2Fportal%2Fcienciaull%2Fproyectamates%2Finscripcion-2%2F\u00bb][\/vc_column][vc_column width=\u00bb1\/5&#8243;][vc_empty_space][vc_btn title=\u00bbCentros Escolares\u00bb color=\u00bborange\u00bb size=\u00bblg\u00bb align=\u00bbcenter\u00bb button_block=\u00bbtrue\u00bb link=\u00bburl:https%3A%2F%2Fwww.ull.es%2Fportal%2Fcienciaull%2Fproyectamates%2Fcentros-escolares%2F\u00bb][\/vc_column][vc_column width=\u00bb1\/5&#8243;][vc_empty_space][vc_btn title=\u00bbAula Virtual\u00bb color=\u00bbturquoise\u00bb size=\u00bblg\u00bb align=\u00bbcenter\u00bb button_block=\u00bbtrue\u00bb link=\u00bburl:https%3A%2F%2Fcampus.fg.ull.es%2Fcourse%2Fview.php%3Fid%3D400002132%23section-1&#8243;][\/vc_column][vc_column width=\u00bb1\/5&#8243;][vc_empty_space][vc_btn title=\u00bbMultimedia\u00bb color=\u00bbgreen\u00bb size=\u00bblg\u00bb align=\u00bbcenter\u00bb button_block=\u00bbtrue\u00bb link=\u00bburl:https%3A%2F%2Fwww.ull.es%2Fportal%2Fcienciaull%2Fproyectamates%2Fmultimedia%2F\u00bb][\/vc_column][vc_column width=\u00bb1\/5&#8243;][vc_empty_space][vc_btn title=\u00bbZona Directos\u00bb color=\u00bbvista-blue\u00bb size=\u00bblg\u00bb align=\u00bbcenter\u00bb button_block=\u00bbtrue\u00bb link=\u00bburl:https%3A%2F%2Fwww.ull.es%2Fportal%2Fcienciaull%2Fzona-de-directos-proyectamates-2023%2F\u00bb][\/vc_column][\/vc_row][vc_row][vc_column][vc_empty_space][vc_single_image source=\u00bbexternal_link\u00bb external_img_size=\u00bb250&#215;150&#8243; custom_src=\u00bbhttps:\/\/s6.gifyu.com\/images\/Presentacion-Proyecta-Mates.png\u00bb][vc_column_text] El proyecto es una iniciativa de la Universidad de la Laguna,&#8230;<\/p>\n","protected":false},"author":56,"featured_media":0,"parent":0,"menu_order":0,"comment_status":"closed","ping_status":"closed","template":"templates\/cienciaull.php","meta":{"inline_featured_image":false,"footnotes":""},"acf":[],"yoast_head":"<!-- This site is optimized with the Yoast SEO plugin v21.3 - https:\/\/yoast.com\/wordpress\/plugins\/seo\/ -->\n<title>ProyectaMates -<\/title>\n<meta name=\"robots\" content=\"index, follow, max-snippet:-1, max-image-preview:large, max-video-preview:-1\" \/>\n<link rel=\"canonical\" href=\"https:\/\/www.ull.es\/portal\/cienciaull\/proyectamates\/\" \/>\n<meta property=\"og:locale\" content=\"es_ES\" \/>\n<meta property=\"og:type\" content=\"article\" \/>\n<meta property=\"og:title\" content=\"ProyectaMates -\" \/>\n<meta property=\"og:description\" content=\"[vc_row][vc_column][vc_separator color=\u00bbblue\u00bb border_width=\u00bb10&#8243;][\/vc_column][\/vc_row][vc_row][vc_column width=\u00bb1\/5&#8243;][vc_empty_space][vc_btn title=\u00bbInscripci\u00f3n\u00bb color=\u00bbdanger\u00bb size=\u00bblg\u00bb align=\u00bbcenter\u00bb button_block=\u00bbtrue\u00bb link=\u00bburl:https%3A%2F%2Fwww.ull.es%2Fportal%2Fcienciaull%2Fproyectamates%2Finscripcion-2%2F\u00bb][\/vc_column][vc_column width=\u00bb1\/5&#8243;][vc_empty_space][vc_btn title=\u00bbCentros Escolares\u00bb color=\u00bborange\u00bb size=\u00bblg\u00bb align=\u00bbcenter\u00bb button_block=\u00bbtrue\u00bb link=\u00bburl:https%3A%2F%2Fwww.ull.es%2Fportal%2Fcienciaull%2Fproyectamates%2Fcentros-escolares%2F\u00bb][\/vc_column][vc_column width=\u00bb1\/5&#8243;][vc_empty_space][vc_btn title=\u00bbAula Virtual\u00bb color=\u00bbturquoise\u00bb size=\u00bblg\u00bb align=\u00bbcenter\u00bb button_block=\u00bbtrue\u00bb link=\u00bburl:https%3A%2F%2Fcampus.fg.ull.es%2Fcourse%2Fview.php%3Fid%3D400002132%23section-1&#8243;][\/vc_column][vc_column width=\u00bb1\/5&#8243;][vc_empty_space][vc_btn title=\u00bbMultimedia\u00bb color=\u00bbgreen\u00bb size=\u00bblg\u00bb align=\u00bbcenter\u00bb button_block=\u00bbtrue\u00bb link=\u00bburl:https%3A%2F%2Fwww.ull.es%2Fportal%2Fcienciaull%2Fproyectamates%2Fmultimedia%2F\u00bb][\/vc_column][vc_column width=\u00bb1\/5&#8243;][vc_empty_space][vc_btn title=\u00bbZona Directos\u00bb color=\u00bbvista-blue\u00bb size=\u00bblg\u00bb align=\u00bbcenter\u00bb button_block=\u00bbtrue\u00bb link=\u00bburl:https%3A%2F%2Fwww.ull.es%2Fportal%2Fcienciaull%2Fzona-de-directos-proyectamates-2023%2F\u00bb][\/vc_column][\/vc_row][vc_row][vc_column][vc_empty_space][vc_single_image source=\u00bbexternal_link\u00bb external_img_size=\u00bb250&#215;150&#8243; custom_src=\u00bbhttps:\/\/s6.gifyu.com\/images\/Presentacion-Proyecta-Mates.png\u00bb][vc_column_text] El proyecto es una iniciativa de la Universidad de la Laguna,...\" \/>\n<meta property=\"og:url\" content=\"https:\/\/www.ull.es\/portal\/cienciaull\/proyectamates\/\" \/>\n<meta property=\"article:publisher\" content=\"https:\/\/www.facebook.com\/CienciaULL\/\" \/>\n<meta property=\"article:modified_time\" content=\"2025-12-04T13:00:45+00:00\" \/>\n<meta name=\"twitter:card\" content=\"summary_large_image\" \/>\n<meta name=\"twitter:site\" content=\"@CienciaULL\" \/>\n<meta name=\"twitter:label1\" content=\"Tiempo de lectura\" \/>\n\t<meta name=\"twitter:data1\" content=\"2 minutos\" \/>\n<script type=\"application\/ld+json\" class=\"yoast-schema-graph\">{\"@context\":\"https:\/\/schema.org\",\"@graph\":[{\"@type\":\"WebPage\",\"@id\":\"https:\/\/www.ull.es\/portal\/cienciaull\/proyectamates\/\",\"url\":\"https:\/\/www.ull.es\/portal\/cienciaull\/proyectamates\/\",\"name\":\"ProyectaMates -\",\"isPartOf\":{\"@id\":\"https:\/\/www.ull.es\/portal\/cienciaull\/#website\"},\"datePublished\":\"2020-04-25T19:29:29+00:00\",\"dateModified\":\"2025-12-04T13:00:45+00:00\",\"breadcrumb\":{\"@id\":\"https:\/\/www.ull.es\/portal\/cienciaull\/proyectamates\/#breadcrumb\"},\"inLanguage\":\"es\",\"potentialAction\":[{\"@type\":\"ReadAction\",\"target\":[\"https:\/\/www.ull.es\/portal\/cienciaull\/proyectamates\/\"]}]},{\"@type\":\"BreadcrumbList\",\"@id\":\"https:\/\/www.ull.es\/portal\/cienciaull\/proyectamates\/#breadcrumb\",\"itemListElement\":[{\"@type\":\"ListItem\",\"position\":1,\"name\":\"Portada\",\"item\":\"https:\/\/www.ull.es\/portal\/cienciaull\/\"},{\"@type\":\"ListItem\",\"position\":2,\"name\":\"ProyectaMates\"}]},{\"@type\":\"WebSite\",\"@id\":\"https:\/\/www.ull.es\/portal\/cienciaull\/#website\",\"url\":\"https:\/\/www.ull.es\/portal\/cienciaull\/\",\"name\":\"\",\"description\":\"Unidad de Cultura Cient\u00edfica y de la Innovaci\u00f3n de la Universidad de La Laguna\",\"potentialAction\":[{\"@type\":\"SearchAction\",\"target\":{\"@type\":\"EntryPoint\",\"urlTemplate\":\"https:\/\/www.ull.es\/portal\/cienciaull\/?s={search_term_string}\"},\"query-input\":\"required name=search_term_string\"}],\"inLanguage\":\"es\"}]}<\/script>\n<!-- \/ Yoast SEO plugin. -->","yoast_head_json":{"title":"ProyectaMates -","robots":{"index":"index","follow":"follow","max-snippet":"max-snippet:-1","max-image-preview":"max-image-preview:large","max-video-preview":"max-video-preview:-1"},"canonical":"https:\/\/www.ull.es\/portal\/cienciaull\/proyectamates\/","og_locale":"es_ES","og_type":"article","og_title":"ProyectaMates -","og_description":"[vc_row][vc_column][vc_separator color=\u00bbblue\u00bb border_width=\u00bb10&#8243;][\/vc_column][\/vc_row][vc_row][vc_column width=\u00bb1\/5&#8243;][vc_empty_space][vc_btn title=\u00bbInscripci\u00f3n\u00bb color=\u00bbdanger\u00bb size=\u00bblg\u00bb align=\u00bbcenter\u00bb button_block=\u00bbtrue\u00bb link=\u00bburl:https%3A%2F%2Fwww.ull.es%2Fportal%2Fcienciaull%2Fproyectamates%2Finscripcion-2%2F\u00bb][\/vc_column][vc_column width=\u00bb1\/5&#8243;][vc_empty_space][vc_btn title=\u00bbCentros Escolares\u00bb color=\u00bborange\u00bb size=\u00bblg\u00bb align=\u00bbcenter\u00bb button_block=\u00bbtrue\u00bb link=\u00bburl:https%3A%2F%2Fwww.ull.es%2Fportal%2Fcienciaull%2Fproyectamates%2Fcentros-escolares%2F\u00bb][\/vc_column][vc_column width=\u00bb1\/5&#8243;][vc_empty_space][vc_btn title=\u00bbAula Virtual\u00bb color=\u00bbturquoise\u00bb size=\u00bblg\u00bb align=\u00bbcenter\u00bb button_block=\u00bbtrue\u00bb link=\u00bburl:https%3A%2F%2Fcampus.fg.ull.es%2Fcourse%2Fview.php%3Fid%3D400002132%23section-1&#8243;][\/vc_column][vc_column width=\u00bb1\/5&#8243;][vc_empty_space][vc_btn title=\u00bbMultimedia\u00bb color=\u00bbgreen\u00bb size=\u00bblg\u00bb align=\u00bbcenter\u00bb button_block=\u00bbtrue\u00bb link=\u00bburl:https%3A%2F%2Fwww.ull.es%2Fportal%2Fcienciaull%2Fproyectamates%2Fmultimedia%2F\u00bb][\/vc_column][vc_column width=\u00bb1\/5&#8243;][vc_empty_space][vc_btn title=\u00bbZona Directos\u00bb color=\u00bbvista-blue\u00bb size=\u00bblg\u00bb align=\u00bbcenter\u00bb button_block=\u00bbtrue\u00bb link=\u00bburl:https%3A%2F%2Fwww.ull.es%2Fportal%2Fcienciaull%2Fzona-de-directos-proyectamates-2023%2F\u00bb][\/vc_column][\/vc_row][vc_row][vc_column][vc_empty_space][vc_single_image source=\u00bbexternal_link\u00bb external_img_size=\u00bb250&#215;150&#8243; custom_src=\u00bbhttps:\/\/s6.gifyu.com\/images\/Presentacion-Proyecta-Mates.png\u00bb][vc_column_text] El proyecto es una iniciativa de la Universidad de la Laguna,...","og_url":"https:\/\/www.ull.es\/portal\/cienciaull\/proyectamates\/","article_publisher":"https:\/\/www.facebook.com\/CienciaULL\/","article_modified_time":"2025-12-04T13:00:45+00:00","twitter_card":"summary_large_image","twitter_site":"@CienciaULL","twitter_misc":{"Tiempo de lectura":"2 minutos"},"schema":{"@context":"https:\/\/schema.org","@graph":[{"@type":"WebPage","@id":"https:\/\/www.ull.es\/portal\/cienciaull\/proyectamates\/","url":"https:\/\/www.ull.es\/portal\/cienciaull\/proyectamates\/","name":"ProyectaMates -","isPartOf":{"@id":"https:\/\/www.ull.es\/portal\/cienciaull\/#website"},"datePublished":"2020-04-25T19:29:29+00:00","dateModified":"2025-12-04T13:00:45+00:00","breadcrumb":{"@id":"https:\/\/www.ull.es\/portal\/cienciaull\/proyectamates\/#breadcrumb"},"inLanguage":"es","potentialAction":[{"@type":"ReadAction","target":["https:\/\/www.ull.es\/portal\/cienciaull\/proyectamates\/"]}]},{"@type":"BreadcrumbList","@id":"https:\/\/www.ull.es\/portal\/cienciaull\/proyectamates\/#breadcrumb","itemListElement":[{"@type":"ListItem","position":1,"name":"Portada","item":"https:\/\/www.ull.es\/portal\/cienciaull\/"},{"@type":"ListItem","position":2,"name":"ProyectaMates"}]},{"@type":"WebSite","@id":"https:\/\/www.ull.es\/portal\/cienciaull\/#website","url":"https:\/\/www.ull.es\/portal\/cienciaull\/","name":"","description":"Unidad de Cultura Cient\u00edfica y de la Innovaci\u00f3n de la Universidad de La Laguna","potentialAction":[{"@type":"SearchAction","target":{"@type":"EntryPoint","urlTemplate":"https:\/\/www.ull.es\/portal\/cienciaull\/?s={search_term_string}"},"query-input":"required name=search_term_string"}],"inLanguage":"es"}]}},"_links":{"self":[{"href":"https:\/\/www.ull.es\/portal\/cienciaull\/wp-json\/wp\/v2\/pages\/4735"}],"collection":[{"href":"https:\/\/www.ull.es\/portal\/cienciaull\/wp-json\/wp\/v2\/pages"}],"about":[{"href":"https:\/\/www.ull.es\/portal\/cienciaull\/wp-json\/wp\/v2\/types\/page"}],"author":[{"embeddable":true,"href":"https:\/\/www.ull.es\/portal\/cienciaull\/wp-json\/wp\/v2\/users\/56"}],"replies":[{"embeddable":true,"href":"https:\/\/www.ull.es\/portal\/cienciaull\/wp-json\/wp\/v2\/comments?post=4735"}],"version-history":[{"count":88,"href":"https:\/\/www.ull.es\/portal\/cienciaull\/wp-json\/wp\/v2\/pages\/4735\/revisions"}],"predecessor-version":[{"id":36287,"href":"https:\/\/www.ull.es\/portal\/cienciaull\/wp-json\/wp\/v2\/pages\/4735\/revisions\/36287"}],"wp:attachment":[{"href":"https:\/\/www.ull.es\/portal\/cienciaull\/wp-json\/wp\/v2\/media?parent=4735"}],"curies":[{"name":"wp","href":"https:\/\/api.w.org\/{rel}","templated":true}]}}