{"id":4859,"date":"2020-04-26T00:28:32","date_gmt":"2020-04-26T00:28:32","guid":{"rendered":"https:\/\/www.ull.es\/portal\/cienciaull\/?page_id=4859"},"modified":"2020-05-12T10:14:32","modified_gmt":"2020-05-12T10:14:32","slug":"centros-escolares","status":"publish","type":"page","link":"https:\/\/www.ull.es\/portal\/cienciaull\/muestra-de-documental-cientifico-ll-es-ciencia\/centros-escolares\/","title":{"rendered":"Centros escolares"},"content":{"rendered":"<p>[vc_row][vc_column][vc_custom_heading source=\u00bbpost_title\u00bb google_fonts=\u00bbfont_family:Roboto%20Slab%3A100%2C300%2Cregular%2C700|font_style:700%20bold%20regular%3A700%3Anormal\u00bb css=\u00bb.vc_custom_1587861038148{margin-bottom: 7px !important;border-bottom-width: 7px !important;padding-bottom: 7px !important;}\u00bb][vc_column_text]<\/p>\n<table style=\"height: 324px\" width=\"667\">\n<tbody>\n<tr>\n<td width=\"190\">IES La Laboral<\/td>\n<td width=\"280\">IES El Sobradillo<\/td>\n<\/tr>\n<tr>\n<td>IES Canarias Cabrera Pinto<\/td>\n<td>Colegio Nuryana<\/td>\n<\/tr>\n<tr>\n<td>Colegio Ntra. Sra. Del Rosario<\/td>\n<td>CPEPS Seminario Dioc\u00e9sano de Tenerife<\/td>\n<\/tr>\n<tr>\n<td>IES Canarias Cabrera Pinto<\/td>\n<td>IES M\u00aa Rosa Alonso<\/td>\n<\/tr>\n<tr>\n<td>Colegio Col\u00f3n<\/td>\n<td>Escuelas Pias Santa Cruz de Tenerife<\/td>\n<\/tr>\n<tr>\n<td>IES Nicol\u00e1s Est\u00e9vez Borges<\/td>\n<td>IES Cabo Blanco<\/td>\n<\/tr>\n<tr>\n<td>IES Granadilla de Abona<\/td>\n<td>IES Sabino Berthelot<\/td>\n<\/tr>\n<tr>\n<td>IES Los Naranjeros<\/td>\n<td><\/td>\n<\/tr>\n<\/tbody>\n<\/table>\n<p>[\/vc_column_text][\/vc_column][\/vc_row]<\/p>\n","protected":false},"excerpt":{"rendered":"<p>[vc_row][vc_column][vc_custom_heading source=\u00bbpost_title\u00bb google_fonts=\u00bbfont_family:Roboto%20Slab%3A100%2C300%2Cregular%2C700|font_style:700%20bold%20regular%3A700%3Anormal\u00bb css=\u00bb.vc_custom_1587861038148{margin-bottom: 7px !important;border-bottom-width: 7px !important;padding-bottom: 7px !important;}\u00bb][vc_column_text] IES La Laboral IES El Sobradillo IES Canarias Cabrera Pinto Colegio Nuryana Colegio Ntra. Sra. Del Rosario CPEPS Seminario Dioc\u00e9sano de Tenerife IES Canarias Cabrera Pinto IES M\u00aa Rosa Alonso Colegio Col\u00f3n Escuelas Pias Santa Cruz de Tenerife IES Nicol\u00e1s Est\u00e9vez Borges IES Cabo Blanco&#8230;<\/p>\n","protected":false},"author":56,"featured_media":0,"parent":4851,"menu_order":1,"comment_status":"closed","ping_status":"closed","template":"","meta":{"inline_featured_image":false,"footnotes":""},"acf":[],"yoast_head":"<!-- This site is optimized with the Yoast SEO plugin v21.3 - https:\/\/yoast.com\/wordpress\/plugins\/seo\/ -->\n<title>Centros escolares -<\/title>\n<meta name=\"robots\" content=\"index, follow, max-snippet:-1, max-image-preview:large, max-video-preview:-1\" \/>\n<link rel=\"canonical\" href=\"https:\/\/www.ull.es\/portal\/cienciaull\/muestra-de-documental-cientifico-ll-es-ciencia\/centros-escolares\/\" \/>\n<meta property=\"og:locale\" content=\"es_ES\" \/>\n<meta property=\"og:type\" content=\"article\" \/>\n<meta property=\"og:title\" content=\"Centros escolares -\" \/>\n<meta property=\"og:description\" content=\"[vc_row][vc_column][vc_custom_heading source=\u00bbpost_title\u00bb google_fonts=\u00bbfont_family:Roboto%20Slab%3A100%2C300%2Cregular%2C700|font_style:700%20bold%20regular%3A700%3Anormal\u00bb css=\u00bb.vc_custom_1587861038148{margin-bottom: 7px !important;border-bottom-width: 7px !important;padding-bottom: 7px !important;}\u00bb][vc_column_text] IES La Laboral IES El Sobradillo IES Canarias Cabrera Pinto Colegio Nuryana Colegio Ntra. Sra. Del Rosario CPEPS Seminario Dioc\u00e9sano de Tenerife IES Canarias Cabrera Pinto IES M\u00aa Rosa Alonso Colegio Col\u00f3n Escuelas Pias Santa Cruz de Tenerife IES Nicol\u00e1s Est\u00e9vez Borges IES Cabo Blanco...\" \/>\n<meta property=\"og:url\" content=\"https:\/\/www.ull.es\/portal\/cienciaull\/muestra-de-documental-cientifico-ll-es-ciencia\/centros-escolares\/\" \/>\n<meta property=\"article:publisher\" content=\"https:\/\/www.facebook.com\/CienciaULL\/\" \/>\n<meta property=\"article:modified_time\" content=\"2020-05-12T10:14:32+00:00\" \/>\n<meta name=\"twitter:card\" content=\"summary_large_image\" \/>\n<meta name=\"twitter:site\" content=\"@CienciaULL\" \/>\n<meta name=\"twitter:label1\" content=\"Tiempo de lectura\" \/>\n\t<meta name=\"twitter:data1\" content=\"1 minuto\" \/>\n<script type=\"application\/ld+json\" class=\"yoast-schema-graph\">{\"@context\":\"https:\/\/schema.org\",\"@graph\":[{\"@type\":\"WebPage\",\"@id\":\"https:\/\/www.ull.es\/portal\/cienciaull\/muestra-de-documental-cientifico-ll-es-ciencia\/centros-escolares\/\",\"url\":\"https:\/\/www.ull.es\/portal\/cienciaull\/muestra-de-documental-cientifico-ll-es-ciencia\/centros-escolares\/\",\"name\":\"Centros escolares -\",\"isPartOf\":{\"@id\":\"https:\/\/www.ull.es\/portal\/cienciaull\/#website\"},\"datePublished\":\"2020-04-26T00:28:32+00:00\",\"dateModified\":\"2020-05-12T10:14:32+00:00\",\"breadcrumb\":{\"@id\":\"https:\/\/www.ull.es\/portal\/cienciaull\/muestra-de-documental-cientifico-ll-es-ciencia\/centros-escolares\/#breadcrumb\"},\"inLanguage\":\"es\",\"potentialAction\":[{\"@type\":\"ReadAction\",\"target\":[\"https:\/\/www.ull.es\/portal\/cienciaull\/muestra-de-documental-cientifico-ll-es-ciencia\/centros-escolares\/\"]}]},{\"@type\":\"BreadcrumbList\",\"@id\":\"https:\/\/www.ull.es\/portal\/cienciaull\/muestra-de-documental-cientifico-ll-es-ciencia\/centros-escolares\/#breadcrumb\",\"itemListElement\":[{\"@type\":\"ListItem\",\"position\":1,\"name\":\"Portada\",\"item\":\"https:\/\/www.ull.es\/portal\/cienciaull\/\"},{\"@type\":\"ListItem\",\"position\":2,\"name\":\"Muestra de documental cient\u00edfico \u00abLL es Ciencia\u00bb\",\"item\":\"https:\/\/www.ull.es\/portal\/cienciaull\/muestra-de-documental-cientifico-ll-es-ciencia\/\"},{\"@type\":\"ListItem\",\"position\":3,\"name\":\"Centros escolares\"}]},{\"@type\":\"WebSite\",\"@id\":\"https:\/\/www.ull.es\/portal\/cienciaull\/#website\",\"url\":\"https:\/\/www.ull.es\/portal\/cienciaull\/\",\"name\":\"\",\"description\":\"Unidad de Cultura Cient\u00edfica y de la Innovaci\u00f3n de la Universidad de La Laguna\",\"potentialAction\":[{\"@type\":\"SearchAction\",\"target\":{\"@type\":\"EntryPoint\",\"urlTemplate\":\"https:\/\/www.ull.es\/portal\/cienciaull\/?s={search_term_string}\"},\"query-input\":\"required name=search_term_string\"}],\"inLanguage\":\"es\"}]}<\/script>\n<!-- \/ Yoast SEO plugin. -->","yoast_head_json":{"title":"Centros escolares -","robots":{"index":"index","follow":"follow","max-snippet":"max-snippet:-1","max-image-preview":"max-image-preview:large","max-video-preview":"max-video-preview:-1"},"canonical":"https:\/\/www.ull.es\/portal\/cienciaull\/muestra-de-documental-cientifico-ll-es-ciencia\/centros-escolares\/","og_locale":"es_ES","og_type":"article","og_title":"Centros escolares -","og_description":"[vc_row][vc_column][vc_custom_heading source=\u00bbpost_title\u00bb google_fonts=\u00bbfont_family:Roboto%20Slab%3A100%2C300%2Cregular%2C700|font_style:700%20bold%20regular%3A700%3Anormal\u00bb css=\u00bb.vc_custom_1587861038148{margin-bottom: 7px !important;border-bottom-width: 7px !important;padding-bottom: 7px !important;}\u00bb][vc_column_text] IES La Laboral IES El Sobradillo IES Canarias Cabrera Pinto Colegio Nuryana Colegio Ntra. Sra. Del Rosario CPEPS Seminario Dioc\u00e9sano de Tenerife IES Canarias Cabrera Pinto IES M\u00aa Rosa Alonso Colegio Col\u00f3n Escuelas Pias Santa Cruz de Tenerife IES Nicol\u00e1s Est\u00e9vez Borges IES Cabo Blanco...","og_url":"https:\/\/www.ull.es\/portal\/cienciaull\/muestra-de-documental-cientifico-ll-es-ciencia\/centros-escolares\/","article_publisher":"https:\/\/www.facebook.com\/CienciaULL\/","article_modified_time":"2020-05-12T10:14:32+00:00","twitter_card":"summary_large_image","twitter_site":"@CienciaULL","twitter_misc":{"Tiempo de lectura":"1 minuto"},"schema":{"@context":"https:\/\/schema.org","@graph":[{"@type":"WebPage","@id":"https:\/\/www.ull.es\/portal\/cienciaull\/muestra-de-documental-cientifico-ll-es-ciencia\/centros-escolares\/","url":"https:\/\/www.ull.es\/portal\/cienciaull\/muestra-de-documental-cientifico-ll-es-ciencia\/centros-escolares\/","name":"Centros escolares -","isPartOf":{"@id":"https:\/\/www.ull.es\/portal\/cienciaull\/#website"},"datePublished":"2020-04-26T00:28:32+00:00","dateModified":"2020-05-12T10:14:32+00:00","breadcrumb":{"@id":"https:\/\/www.ull.es\/portal\/cienciaull\/muestra-de-documental-cientifico-ll-es-ciencia\/centros-escolares\/#breadcrumb"},"inLanguage":"es","potentialAction":[{"@type":"ReadAction","target":["https:\/\/www.ull.es\/portal\/cienciaull\/muestra-de-documental-cientifico-ll-es-ciencia\/centros-escolares\/"]}]},{"@type":"BreadcrumbList","@id":"https:\/\/www.ull.es\/portal\/cienciaull\/muestra-de-documental-cientifico-ll-es-ciencia\/centros-escolares\/#breadcrumb","itemListElement":[{"@type":"ListItem","position":1,"name":"Portada","item":"https:\/\/www.ull.es\/portal\/cienciaull\/"},{"@type":"ListItem","position":2,"name":"Muestra de documental cient\u00edfico \u00abLL es Ciencia\u00bb","item":"https:\/\/www.ull.es\/portal\/cienciaull\/muestra-de-documental-cientifico-ll-es-ciencia\/"},{"@type":"ListItem","position":3,"name":"Centros escolares"}]},{"@type":"WebSite","@id":"https:\/\/www.ull.es\/portal\/cienciaull\/#website","url":"https:\/\/www.ull.es\/portal\/cienciaull\/","name":"","description":"Unidad de Cultura Cient\u00edfica y de la Innovaci\u00f3n de la Universidad de La Laguna","potentialAction":[{"@type":"SearchAction","target":{"@type":"EntryPoint","urlTemplate":"https:\/\/www.ull.es\/portal\/cienciaull\/?s={search_term_string}"},"query-input":"required name=search_term_string"}],"inLanguage":"es"}]}},"_links":{"self":[{"href":"https:\/\/www.ull.es\/portal\/cienciaull\/wp-json\/wp\/v2\/pages\/4859"}],"collection":[{"href":"https:\/\/www.ull.es\/portal\/cienciaull\/wp-json\/wp\/v2\/pages"}],"about":[{"href":"https:\/\/www.ull.es\/portal\/cienciaull\/wp-json\/wp\/v2\/types\/page"}],"author":[{"embeddable":true,"href":"https:\/\/www.ull.es\/portal\/cienciaull\/wp-json\/wp\/v2\/users\/56"}],"replies":[{"embeddable":true,"href":"https:\/\/www.ull.es\/portal\/cienciaull\/wp-json\/wp\/v2\/comments?post=4859"}],"version-history":[{"count":6,"href":"https:\/\/www.ull.es\/portal\/cienciaull\/wp-json\/wp\/v2\/pages\/4859\/revisions"}],"predecessor-version":[{"id":6315,"href":"https:\/\/www.ull.es\/portal\/cienciaull\/wp-json\/wp\/v2\/pages\/4859\/revisions\/6315"}],"up":[{"embeddable":true,"href":"https:\/\/www.ull.es\/portal\/cienciaull\/wp-json\/wp\/v2\/pages\/4851"}],"wp:attachment":[{"href":"https:\/\/www.ull.es\/portal\/cienciaull\/wp-json\/wp\/v2\/media?parent=4859"}],"curies":[{"name":"wp","href":"https:\/\/api.w.org\/{rel}","templated":true}]}}