{"id":4879,"date":"2020-04-26T00:55:28","date_gmt":"2020-04-26T00:55:28","guid":{"rendered":"https:\/\/www.ull.es\/portal\/cienciaull\/?page_id=4879"},"modified":"2024-12-05T09:17:32","modified_gmt":"2024-12-05T09:17:32","slug":"olimpiadas-de-pensamiento-computacional-de-la-ull","status":"publish","type":"page","link":"https:\/\/www.ull.es\/portal\/cienciaull\/olimpiadas-de-pensamiento-computacional-de-la-ull\/","title":{"rendered":"Olimpiadas de Pensamiento Computacional de la ULL"},"content":{"rendered":"<p>[vc_row][vc_column]\n<div id=\"rev_slider_240_1_wrapper\" class=\"rev_slider_wrapper fullwidthbanner-container\" data-source=\"gallery\" style=\"margin:0px auto;background:transparent;padding:0px;margin-top:0px;margin-bottom:0px;\">\n<!-- START REVOLUTION SLIDER 5.4.7.3 fullwidth mode -->\n\t<div id=\"rev_slider_240_1\" class=\"rev_slider fullwidthabanner\" style=\"display:none;\" data-version=\"5.4.7.3\">\n<ul>\t<!-- SLIDE  -->\n\t<li data-index=\"rs-275\" data-transition=\"fade\" data-slotamount=\"default\" data-hideafterloop=\"0\" data-hideslideonmobile=\"off\"  data-easein=\"default\" data-easeout=\"default\" data-masterspeed=\"300\"  data-rotate=\"0\"  data-saveperformance=\"off\"  data-title=\"Slide\" data-param1=\"\" data-param2=\"\" data-param3=\"\" data-param4=\"\" data-param5=\"\" data-param6=\"\" data-param7=\"\" data-param8=\"\" data-param9=\"\" data-param10=\"\" data-description=\"\">\n\t\t<!-- MAIN IMAGE -->\n\t\t<img src=\"https:\/\/www.ull.es\/portal\/cienciaull\/wp-content\/plugins\/revslider\/admin\/assets\/images\/transparent.png\"  alt=\"\" title=\"Olimpiadas de Pensamiento Computacional de la ULL\"  data-bgposition=\"center center\" data-bgfit=\"cover\" data-bgrepeat=\"no-repeat\" class=\"rev-slidebg\" data-no-retina>\n\t\t<!-- LAYERS -->\n\n\t\t<!-- LAYER NR. 1 -->\n\t\t<div class=\"tp-caption   tp-resizeme\" \n\t\t\t id=\"slide-275-layer-7\" \n\t\t\t data-x=\"\" \n\t\t\t data-y=\"\" \n\t\t\t\t\t\tdata-width=\"['none','none','none','none']\"\n\t\t\tdata-height=\"['none','none','none','none']\"\n \n\t\t\tdata-type=\"image\" \n\t\t\tdata-responsive_offset=\"on\" \n\n\t\t\tdata-frames='[{\"delay\":10,\"speed\":300,\"frame\":\"0\",\"from\":\"opacity:0;\",\"to\":\"o:1;\",\"ease\":\"Power3.easeInOut\"},{\"delay\":\"wait\",\"speed\":300,\"frame\":\"999\",\"to\":\"opacity:0;\",\"ease\":\"Power3.easeInOut\"}]'\n\t\t\tdata-textAlign=\"['inherit','inherit','inherit','inherit']\"\n\t\t\tdata-paddingtop=\"[0,0,0,0]\"\n\t\t\tdata-paddingright=\"[0,0,0,0]\"\n\t\t\tdata-paddingbottom=\"[0,0,0,0]\"\n\t\t\tdata-paddingleft=\"[0,0,0,0]\"\n\n\t\t\tstyle=\"z-index: 5;\"><img src=\"https:\/\/www.ull.es\/portal\/cienciaull\/wp-content\/uploads\/sites\/24\/2023\/10\/Olimpiada-de-Pensamiento-Computacional-Diseno-Banner-1500x500-1.png\" alt=\"\" data-ww=\"1500px\" data-hh=\"500px\" width=\"1500\" height=\"500\" data-no-retina> <\/div>\n\n\t\t<!-- LAYER NR. 2 -->\n\t\t<div class=\"tp-caption   tp-resizeme\" \n\t\t\t id=\"slide-275-layer-9\" \n\t\t\t data-x=\"100\" \n\t\t\t data-y=\"\" \n\t\t\t\t\t\tdata-width=\"['none','none','none','none']\"\n\t\t\tdata-height=\"['none','none','none','none']\"\n \n\t\t\tdata-type=\"image\" \n\t\t\tdata-responsive_offset=\"on\" \n\n\t\t\tdata-frames='[{\"delay\":10,\"speed\":300,\"frame\":\"0\",\"from\":\"opacity:0;\",\"to\":\"o:1;\",\"ease\":\"Power3.easeInOut\"},{\"delay\":\"wait\",\"speed\":300,\"frame\":\"999\",\"to\":\"opacity:0;\",\"ease\":\"Power3.easeInOut\"}]'\n\t\t\tdata-textAlign=\"['inherit','inherit','inherit','inherit']\"\n\t\t\tdata-paddingtop=\"[0,0,0,0]\"\n\t\t\tdata-paddingright=\"[0,0,0,0]\"\n\t\t\tdata-paddingbottom=\"[0,0,0,0]\"\n\t\t\tdata-paddingleft=\"[0,0,0,0]\"\n\n\t\t\tstyle=\"z-index: 6;\"><img src=\"https:\/\/www.ull.es\/portal\/cienciaull\/wp-content\/uploads\/sites\/24\/2023\/11\/Olimpiada-de-Pensamiento-Computacional-Diseno-Banner-1500x500-Sin-Cepsa.jpg\" alt=\"\" data-ww=\"0\" data-hh=\"0px\" width=\"1600\" height=\"611\" data-no-retina> <\/div>\n\n\t\t<!-- LAYER NR. 3 -->\n\t\t<div class=\"tp-caption   tp-resizeme\" \n\t\t\t id=\"slide-275-layer-10\" \n\t\t\t data-x=\"\" \n\t\t\t data-y=\"25\" \n\t\t\t\t\t\tdata-width=\"['none','none','none','none']\"\n\t\t\tdata-height=\"['none','none','none','none']\"\n \n\t\t\tdata-type=\"image\" \n\t\t\tdata-responsive_offset=\"on\" \n\n\t\t\tdata-frames='[{\"delay\":10,\"speed\":300,\"frame\":\"0\",\"from\":\"opacity:0;\",\"to\":\"o:1;\",\"ease\":\"Power3.easeInOut\"},{\"delay\":\"wait\",\"speed\":300,\"frame\":\"999\",\"to\":\"opacity:0;\",\"ease\":\"Power3.easeInOut\"}]'\n\t\t\tdata-textAlign=\"['inherit','inherit','inherit','inherit']\"\n\t\t\tdata-paddingtop=\"[0,0,0,0]\"\n\t\t\tdata-paddingright=\"[0,0,0,0]\"\n\t\t\tdata-paddingbottom=\"[0,0,0,0]\"\n\t\t\tdata-paddingleft=\"[0,0,0,0]\"\n\n\t\t\tstyle=\"z-index: 7;\"><img src=\"https:\/\/www.ull.es\/portal\/cienciaull\/wp-content\/uploads\/sites\/24\/2023\/11\/Olimpiada-de-Pensamiento-Computacional-Diseno-Banner-1500x500-Sin-Cepsa.jpg\" alt=\"\" data-ww=\"0px\" data-hh=\"0\" width=\"1600\" height=\"611\" data-no-retina> <\/div>\n\n\t\t<!-- LAYER NR. 4 -->\n\t\t<div class=\"tp-caption   tp-resizeme\" \n\t\t\t id=\"slide-275-layer-12\" \n\t\t\t data-x=\"-2\" \n\t\t\t data-y=\"-41\" \n\t\t\t\t\t\tdata-width=\"['none','none','none','none']\"\n\t\t\tdata-height=\"['none','none','none','none']\"\n \n\t\t\tdata-type=\"image\" \n\t\t\tdata-responsive_offset=\"on\" \n\n\t\t\tdata-frames='[{\"delay\":0,\"speed\":300,\"frame\":\"0\",\"from\":\"opacity:0;\",\"to\":\"o:1;\",\"ease\":\"Power3.easeInOut\"},{\"delay\":\"wait\",\"speed\":300,\"frame\":\"999\",\"to\":\"opacity:0;\",\"ease\":\"Power3.easeInOut\"}]'\n\t\t\tdata-textAlign=\"['inherit','inherit','inherit','inherit']\"\n\t\t\tdata-paddingtop=\"[0,0,0,0]\"\n\t\t\tdata-paddingright=\"[0,0,0,0]\"\n\t\t\tdata-paddingbottom=\"[0,0,0,0]\"\n\t\t\tdata-paddingleft=\"[0,0,0,0]\"\n\n\t\t\tstyle=\"z-index: 9;\"><img src=\"https:\/\/www.ull.es\/portal\/cienciaull\/wp-content\/uploads\/sites\/24\/2023\/11\/Olimpiada-de-Pensamiento-Computacional-Diseno-Banner-1500x500-Sin-Cepsa.jpg\" alt=\"\" data-ww=\"1476px\" data-hh=\"564px\" width=\"1600\" height=\"611\" data-no-retina> <\/div>\n\t<\/li>\n<\/ul>\n<div class=\"tp-bannertimer tp-bottom\" style=\"visibility: hidden !important;\"><\/div>\t<\/div>\n<script>var htmlDiv = document.getElementById(\"rs-plugin-settings-inline-css\"); var htmlDivCss=\"\";\r\n\t\t\t\tif(htmlDiv) {\r\n\t\t\t\t\thtmlDiv.innerHTML = htmlDiv.innerHTML + htmlDivCss;\r\n\t\t\t\t}else{\r\n\t\t\t\t\tvar htmlDiv = document.createElement(\"div\");\r\n\t\t\t\t\thtmlDiv.innerHTML = \"<style>\" + htmlDivCss + \"<\/style>\";\r\n\t\t\t\t\tdocument.getElementsByTagName(\"head\")[0].appendChild(htmlDiv.childNodes[0]);\r\n\t\t\t\t}\r\n\t\t\t<\/script>\n\t\t<script type=\"text\/javascript\">\r\nif (setREVStartSize!==undefined) setREVStartSize(\r\n\t{c: '#rev_slider_240_1', gridwidth: [1500], gridheight: [500], sliderLayout: 'auto'});\r\n\t\t\t\r\nvar revapi240,\r\n\ttpj;\t\r\n(function() {\t\t\t\r\n\tif (!\/loaded|interactive|complete\/.test(document.readyState)) document.addEventListener(\"DOMContentLoaded\",onLoad); else onLoad();\t\r\n\tfunction onLoad() {\t\t\t\t\r\n\t\tif (tpj===undefined) { tpj = jQuery; if(\"off\" == \"on\") tpj.noConflict();}\r\n\tif(tpj(\"#rev_slider_240_1\").revolution == undefined){\n\t\trevslider_showDoubleJqueryError(\"#rev_slider_240_1\");\n\t}else{\n\t\trevapi240 = tpj(\"#rev_slider_240_1\").show().revolution({\n\t\t\tsliderType:\"hero\",\n\t\t\tjsFileLocation:\"\/\/www.ull.es\/portal\/cienciaull\/wp-content\/plugins\/revslider\/public\/assets\/js\/\",\n\t\t\tsliderLayout:\"auto\",\n\t\t\tdottedOverlay:\"none\",\n\t\t\tdelay:9000,\n\t\t\tvisibilityLevels:[1240,1024,778,480],\n\t\t\tgridwidth:1500,\n\t\t\tgridheight:500,\n\t\t\tlazyType:\"none\",\n\t\t\tshadow:0,\n\t\t\tspinner:\"spinner0\",\n\t\t\tautoHeight:\"off\",\n\t\t\tdisableProgressBar:\"on\",\n\t\t\thideThumbsOnMobile:\"off\",\n\t\t\thideSliderAtLimit:0,\n\t\t\thideCaptionAtLimit:0,\n\t\t\thideAllCaptionAtLilmit:0,\n\t\t\tdebugMode:false,\n\t\t\tfallbacks: {\n\t\t\t\tsimplifyAll:\"off\",\n\t\t\t\tdisableFocusListener:false,\n\t\t\t}\n\t\t});\n\t}; \/* END OF revapi call *\/\n\t\n }; \/* END OF ON LOAD FUNCTION *\/\r\n}()); \/* END OF WRAPPING FUNCTION *\/\r\n<\/script>\r\n\t\t<\/div><!-- END REVOLUTION SLIDER -->[vc_empty_space height=\u00bb8px\u00bb][vc_separator color=\u00bbcustom\u00bb style=\u00bbdouble\u00bb border_width=\u00bb10&#8243; accent_color=\u00bb#0e176e\u00bb][\/vc_column][\/vc_row][vc_row][vc_column width=\u00bb2\/3&#8243;][vc_custom_heading text=\u00bbPresentaci\u00f3n\u00bb font_container=\u00bbtag:h2|text_align:left|color:%230e176e\u00bb google_fonts=\u00bbfont_family:Roboto%20Slab%3A100%2C300%2Cregular%2C700|font_style:700%20bold%20regular%3A700%3Anormal\u00bb css=\u00bb.vc_custom_1696855266159{margin-top: 15px !important;border-top-width: 15px !important;padding-top: 15px !important;}\u00bb][vc_column_text css=\u00bb.vc_custom_1733389665931{margin-top: -25px !important;border-top-width: -25px !important;padding-top: -25px !important;}\u00bb]<\/p>\n<p style=\"text-align: justify\">El 03 de diciembre, se celebra cada a\u00f1o el d\u00eda de la Escuela de Ingenier\u00eda y Tecnolog\u00eda de la ULL, por tal motivo se plantearon las <span style=\"color: #0a186a\"><strong>Olimpiadas de Pensamiento Computacional de la ULL<\/strong><\/span>, una actividad para fomentar las vocaciones cient\u00edficas entre el alumnado de la provincia de Santa Cruz de Tenerife, en el \u00e1mbito de la ingenier\u00eda inform\u00e1tica a trav\u00e9s del desarrollo de ejercicios pr\u00e1cticos y ponencias cient\u00edficas sobre programaci\u00f3n y pensamiento computacional. Las Olimpiadas dedica a promover las ciencias de la computaci\u00f3n en colegios e institutos, haciendo especial hincapi\u00e9 en incrementar el n\u00famero de mujeres y estudiantes de colectivos minoritarios que realicen estudios superiores<\/p>\n<p style=\"text-align: justify\">En esta edici\u00f3n las <span style=\"color: #0a186a\"><strong>Olimpiadas de Pensamiento Computacional de la ULL<\/strong><\/span> se celebrar\u00e1n el pr\u00f3ximo <span style=\"color: #0a186a\"><strong>11 de diciembre de 2024<\/strong><\/span>, en la Fundaci\u00f3n General de la ULL. El p\u00fablico objetivo al que est\u00e1 dirigido la actividad es el alumnado de <span style=\"color: #0a186a\"><strong>5\u00ba y 6\u00ba de primaria<\/strong><\/span> y el alumnado de <span style=\"color: #0a186a\"><strong>1\u00ba, 2\u00ba, 3\u00ba y 4\u00ba de secundaria<\/strong><\/span>.<\/p>\n<p style=\"text-align: justify\">Los alumnos y alumnas que participen tendr\u00e1n que realizar diferentes ejercicios pr\u00e1cticos sobre programaci\u00f3n y pensamiento computacional a trav\u00e9s de actividades unplugged, tambi\u00e9n denominadas actividades desenchufadas. El alumnado se distribuyen en varios grupos, lo cuales deber\u00edan de realizar diferentes actividades con una duraci\u00f3n de 25 minutos cada una, distribuidas en el espacio destinado para ello y en las que se trabajar\u00e1n conceptos relacionados con el pensamiento computacional: secuencias, condicionales, bucles, funciones, algoritmos de b\u00fasqueda y algoritmos de ordenaci\u00f3n.<\/p>\n<ol>\n<li>Artistas con algoritmos<\/li>\n<li>Criptolog\u00eda<\/li>\n<li>Cartas l\u00f3gicas<\/li>\n<li>Misiones con Mr Manchitas<\/li>\n<li>Codificaci\u00f3n de laberintos<\/li>\n<\/ol>\n<p style=\"text-align: justify\">Las <span style=\"color: #0a186a\"><strong>Olimpiadas de Pensamiento Computacional de la ULL<\/strong><\/span> est\u00e1n organizadas por el Aula Cultural de Pensamiento Computacional de la Universidad de la Laguna, integrada por docentes e investigadores del Departamento de Ingenier\u00eda Inform\u00e1tica de dicha Universidad y por <span style=\"font-weight: 400\">la Unidad de Cultura Cient\u00edfica y de la Innovaci\u00f3n (Cienci@ULL).<\/span><\/p>\n<p>[\/vc_column_text][\/vc_column][vc_column width=\u00bb1\/3&#8243;][vc_media_grid style=\u00bbpagination\u00bb items_per_page=\u00bb1&#8243; element_width=\u00bb12&#8243; paging_color=\u00bbviolet\u00bb loop=\u00bbyes\u00bb autoplay=\u00bb3&#8243; grid_id=\u00bbvc_gid:1733389410486-6adf3e96-f8b7-8&#8243; include=\u00bb5778,5769,5770,5771,5772,5773,5774,5775,5776,5777&#8243; css=\u00bb.vc_custom_1589479757206{margin-top: 48px !important;border-top-width: 48px !important;padding-top: 48px !important;}\u00bb][vc_empty_space height=\u00bb40px\u00bb][vc_btn title=\u00bbPrograma\u00bb color=\u00bbprimary\u00bb size=\u00bblg\u00bb align=\u00bbcenter\u00bb button_block=\u00bbtrue\u00bb css=\u00bb.vc_custom_1733390216315{margin-top: 10px !important;border-top-width: 10px !important;padding-top: 10px !important;}\u00bb link=\u00bburl:https%3A%2F%2Fdrive.google.com%2Ffile%2Fd%2F1qkE96YfnkC3GVn67nGB9YuxLYCHsFVKP%2Fview%3Fusp%3Ddrive_link|target:_blank\u00bb][vc_btn title=\u00bbMultimedia\u00bb color=\u00bbpurple\u00bb size=\u00bblg\u00bb align=\u00bbcenter\u00bb button_block=\u00bbtrue\u00bb css=\u00bb.vc_custom_1696855414744{margin-top: 10px !important;border-top-width: 10px !important;padding-top: 10px !important;}\u00bb link=\u00bburl:https%3A%2F%2Fdrive.google.com%2Fdrive%2Ffolders%2F1QkcQvyqVnmW0OYNS7eBWapUhEmjEUQe2%3Fusp%3Dsharing||target:%20_blank|\u00bb][\/vc_column][\/vc_row]<\/p>\n","protected":false},"excerpt":{"rendered":"<p>[vc_row][vc_column][vc_empty_space height=\u00bb8px\u00bb][vc_separator color=\u00bbcustom\u00bb style=\u00bbdouble\u00bb border_width=\u00bb10&#8243; accent_color=\u00bb#0e176e\u00bb][\/vc_column][\/vc_row][vc_row][vc_column width=\u00bb2\/3&#8243;][vc_custom_heading text=\u00bbPresentaci\u00f3n\u00bb font_container=\u00bbtag:h2|text_align:left|color:%230e176e\u00bb google_fonts=\u00bbfont_family:Roboto%20Slab%3A100%2C300%2Cregular%2C700|font_style:700%20bold%20regular%3A700%3Anormal\u00bb css=\u00bb.vc_custom_1696855266159{margin-top: 15px !important;border-top-width: 15px !important;padding-top: 15px !important;}\u00bb][vc_column_text css=\u00bb.vc_custom_1733389665931{margin-top: -25px !important;border-top-width: -25px !important;padding-top: -25px !important;}\u00bb] El 03 de diciembre, se celebra cada a\u00f1o el d\u00eda de la Escuela de Ingenier\u00eda y Tecnolog\u00eda de la ULL, por tal motivo se plantearon las Olimpiadas de Pensamiento Computacional de&#8230;<\/p>\n","protected":false},"author":56,"featured_media":0,"parent":0,"menu_order":0,"comment_status":"closed","ping_status":"closed","template":"templates\/cienciaull.php","meta":{"inline_featured_image":false,"footnotes":""},"acf":[],"yoast_head":"<!-- This site is optimized with the Yoast SEO plugin v21.3 - https:\/\/yoast.com\/wordpress\/plugins\/seo\/ -->\n<title>Olimpiadas de Pensamiento Computacional de la ULL -<\/title>\n<meta name=\"robots\" content=\"index, follow, max-snippet:-1, max-image-preview:large, max-video-preview:-1\" \/>\n<link rel=\"canonical\" href=\"https:\/\/www.ull.es\/portal\/cienciaull\/olimpiadas-de-pensamiento-computacional-de-la-ull\/\" \/>\n<meta property=\"og:locale\" content=\"es_ES\" \/>\n<meta property=\"og:type\" content=\"article\" \/>\n<meta property=\"og:title\" content=\"Olimpiadas de Pensamiento Computacional de la ULL -\" \/>\n<meta property=\"og:description\" content=\"[vc_row][vc_column][vc_empty_space height=\u00bb8px\u00bb][vc_separator color=\u00bbcustom\u00bb style=\u00bbdouble\u00bb border_width=\u00bb10&#8243; accent_color=\u00bb#0e176e\u00bb][\/vc_column][\/vc_row][vc_row][vc_column width=\u00bb2\/3&#8243;][vc_custom_heading text=\u00bbPresentaci\u00f3n\u00bb font_container=\u00bbtag:h2|text_align:left|color:%230e176e\u00bb google_fonts=\u00bbfont_family:Roboto%20Slab%3A100%2C300%2Cregular%2C700|font_style:700%20bold%20regular%3A700%3Anormal\u00bb css=\u00bb.vc_custom_1696855266159{margin-top: 15px !important;border-top-width: 15px !important;padding-top: 15px !important;}\u00bb][vc_column_text css=\u00bb.vc_custom_1733389665931{margin-top: -25px !important;border-top-width: -25px !important;padding-top: -25px !important;}\u00bb] El 03 de diciembre, se celebra cada a\u00f1o el d\u00eda de la Escuela de Ingenier\u00eda y Tecnolog\u00eda de la ULL, por tal motivo se plantearon las Olimpiadas de Pensamiento Computacional de...\" \/>\n<meta property=\"og:url\" content=\"https:\/\/www.ull.es\/portal\/cienciaull\/olimpiadas-de-pensamiento-computacional-de-la-ull\/\" \/>\n<meta property=\"article:publisher\" content=\"https:\/\/www.facebook.com\/CienciaULL\/\" \/>\n<meta property=\"article:modified_time\" content=\"2024-12-05T09:17:32+00:00\" \/>\n<meta name=\"twitter:card\" content=\"summary_large_image\" \/>\n<meta name=\"twitter:site\" content=\"@CienciaULL\" \/>\n<meta name=\"twitter:label1\" content=\"Tiempo de lectura\" \/>\n\t<meta name=\"twitter:data1\" content=\"2 minutos\" \/>\n<script type=\"application\/ld+json\" class=\"yoast-schema-graph\">{\"@context\":\"https:\/\/schema.org\",\"@graph\":[{\"@type\":\"WebPage\",\"@id\":\"https:\/\/www.ull.es\/portal\/cienciaull\/olimpiadas-de-pensamiento-computacional-de-la-ull\/\",\"url\":\"https:\/\/www.ull.es\/portal\/cienciaull\/olimpiadas-de-pensamiento-computacional-de-la-ull\/\",\"name\":\"Olimpiadas de Pensamiento Computacional de la ULL -\",\"isPartOf\":{\"@id\":\"https:\/\/www.ull.es\/portal\/cienciaull\/#website\"},\"datePublished\":\"2020-04-26T00:55:28+00:00\",\"dateModified\":\"2024-12-05T09:17:32+00:00\",\"breadcrumb\":{\"@id\":\"https:\/\/www.ull.es\/portal\/cienciaull\/olimpiadas-de-pensamiento-computacional-de-la-ull\/#breadcrumb\"},\"inLanguage\":\"es\",\"potentialAction\":[{\"@type\":\"ReadAction\",\"target\":[\"https:\/\/www.ull.es\/portal\/cienciaull\/olimpiadas-de-pensamiento-computacional-de-la-ull\/\"]}]},{\"@type\":\"BreadcrumbList\",\"@id\":\"https:\/\/www.ull.es\/portal\/cienciaull\/olimpiadas-de-pensamiento-computacional-de-la-ull\/#breadcrumb\",\"itemListElement\":[{\"@type\":\"ListItem\",\"position\":1,\"name\":\"Portada\",\"item\":\"https:\/\/www.ull.es\/portal\/cienciaull\/\"},{\"@type\":\"ListItem\",\"position\":2,\"name\":\"Olimpiadas de Pensamiento Computacional de la ULL\"}]},{\"@type\":\"WebSite\",\"@id\":\"https:\/\/www.ull.es\/portal\/cienciaull\/#website\",\"url\":\"https:\/\/www.ull.es\/portal\/cienciaull\/\",\"name\":\"\",\"description\":\"Unidad de Cultura Cient\u00edfica y de la Innovaci\u00f3n de la Universidad de La Laguna\",\"potentialAction\":[{\"@type\":\"SearchAction\",\"target\":{\"@type\":\"EntryPoint\",\"urlTemplate\":\"https:\/\/www.ull.es\/portal\/cienciaull\/?s={search_term_string}\"},\"query-input\":\"required name=search_term_string\"}],\"inLanguage\":\"es\"}]}<\/script>\n<!-- \/ Yoast SEO plugin. -->","yoast_head_json":{"title":"Olimpiadas de Pensamiento Computacional de la ULL -","robots":{"index":"index","follow":"follow","max-snippet":"max-snippet:-1","max-image-preview":"max-image-preview:large","max-video-preview":"max-video-preview:-1"},"canonical":"https:\/\/www.ull.es\/portal\/cienciaull\/olimpiadas-de-pensamiento-computacional-de-la-ull\/","og_locale":"es_ES","og_type":"article","og_title":"Olimpiadas de Pensamiento Computacional de la ULL -","og_description":"[vc_row][vc_column][vc_empty_space height=\u00bb8px\u00bb][vc_separator color=\u00bbcustom\u00bb style=\u00bbdouble\u00bb border_width=\u00bb10&#8243; accent_color=\u00bb#0e176e\u00bb][\/vc_column][\/vc_row][vc_row][vc_column width=\u00bb2\/3&#8243;][vc_custom_heading text=\u00bbPresentaci\u00f3n\u00bb font_container=\u00bbtag:h2|text_align:left|color:%230e176e\u00bb google_fonts=\u00bbfont_family:Roboto%20Slab%3A100%2C300%2Cregular%2C700|font_style:700%20bold%20regular%3A700%3Anormal\u00bb css=\u00bb.vc_custom_1696855266159{margin-top: 15px !important;border-top-width: 15px !important;padding-top: 15px !important;}\u00bb][vc_column_text css=\u00bb.vc_custom_1733389665931{margin-top: -25px !important;border-top-width: -25px !important;padding-top: -25px !important;}\u00bb] El 03 de diciembre, se celebra cada a\u00f1o el d\u00eda de la Escuela de Ingenier\u00eda y Tecnolog\u00eda de la ULL, por tal motivo se plantearon las Olimpiadas de Pensamiento Computacional de...","og_url":"https:\/\/www.ull.es\/portal\/cienciaull\/olimpiadas-de-pensamiento-computacional-de-la-ull\/","article_publisher":"https:\/\/www.facebook.com\/CienciaULL\/","article_modified_time":"2024-12-05T09:17:32+00:00","twitter_card":"summary_large_image","twitter_site":"@CienciaULL","twitter_misc":{"Tiempo de lectura":"2 minutos"},"schema":{"@context":"https:\/\/schema.org","@graph":[{"@type":"WebPage","@id":"https:\/\/www.ull.es\/portal\/cienciaull\/olimpiadas-de-pensamiento-computacional-de-la-ull\/","url":"https:\/\/www.ull.es\/portal\/cienciaull\/olimpiadas-de-pensamiento-computacional-de-la-ull\/","name":"Olimpiadas de Pensamiento Computacional de la ULL -","isPartOf":{"@id":"https:\/\/www.ull.es\/portal\/cienciaull\/#website"},"datePublished":"2020-04-26T00:55:28+00:00","dateModified":"2024-12-05T09:17:32+00:00","breadcrumb":{"@id":"https:\/\/www.ull.es\/portal\/cienciaull\/olimpiadas-de-pensamiento-computacional-de-la-ull\/#breadcrumb"},"inLanguage":"es","potentialAction":[{"@type":"ReadAction","target":["https:\/\/www.ull.es\/portal\/cienciaull\/olimpiadas-de-pensamiento-computacional-de-la-ull\/"]}]},{"@type":"BreadcrumbList","@id":"https:\/\/www.ull.es\/portal\/cienciaull\/olimpiadas-de-pensamiento-computacional-de-la-ull\/#breadcrumb","itemListElement":[{"@type":"ListItem","position":1,"name":"Portada","item":"https:\/\/www.ull.es\/portal\/cienciaull\/"},{"@type":"ListItem","position":2,"name":"Olimpiadas de Pensamiento Computacional de la ULL"}]},{"@type":"WebSite","@id":"https:\/\/www.ull.es\/portal\/cienciaull\/#website","url":"https:\/\/www.ull.es\/portal\/cienciaull\/","name":"","description":"Unidad de Cultura Cient\u00edfica y de la Innovaci\u00f3n de la Universidad de La Laguna","potentialAction":[{"@type":"SearchAction","target":{"@type":"EntryPoint","urlTemplate":"https:\/\/www.ull.es\/portal\/cienciaull\/?s={search_term_string}"},"query-input":"required name=search_term_string"}],"inLanguage":"es"}]}},"_links":{"self":[{"href":"https:\/\/www.ull.es\/portal\/cienciaull\/wp-json\/wp\/v2\/pages\/4879"}],"collection":[{"href":"https:\/\/www.ull.es\/portal\/cienciaull\/wp-json\/wp\/v2\/pages"}],"about":[{"href":"https:\/\/www.ull.es\/portal\/cienciaull\/wp-json\/wp\/v2\/types\/page"}],"author":[{"embeddable":true,"href":"https:\/\/www.ull.es\/portal\/cienciaull\/wp-json\/wp\/v2\/users\/56"}],"replies":[{"embeddable":true,"href":"https:\/\/www.ull.es\/portal\/cienciaull\/wp-json\/wp\/v2\/comments?post=4879"}],"version-history":[{"count":36,"href":"https:\/\/www.ull.es\/portal\/cienciaull\/wp-json\/wp\/v2\/pages\/4879\/revisions"}],"predecessor-version":[{"id":25119,"href":"https:\/\/www.ull.es\/portal\/cienciaull\/wp-json\/wp\/v2\/pages\/4879\/revisions\/25119"}],"wp:attachment":[{"href":"https:\/\/www.ull.es\/portal\/cienciaull\/wp-json\/wp\/v2\/media?parent=4879"}],"curies":[{"name":"wp","href":"https:\/\/api.w.org\/{rel}","templated":true}]}}