{"id":6737,"date":"2020-06-17T11:04:21","date_gmt":"2020-06-17T11:04:21","guid":{"rendered":"https:\/\/www.ull.es\/portal\/cienciaull\/?page_id=6737"},"modified":"2020-07-17T11:18:19","modified_gmt":"2020-07-17T11:18:19","slug":"laboratorio-de-verano-de-ciencia-y-tecnologia-de-arona","status":"publish","type":"page","link":"https:\/\/www.ull.es\/portal\/cienciaull\/laboratorio-arn-innova\/actividades\/laboratorio-de-verano-de-ciencia-y-tecnologia-de-arona\/","title":{"rendered":"Laboratorio de Verano de Ciencia y Tecnolog\u00eda de Arona"},"content":{"rendered":"<p>[vc_row][vc_column][vc_single_image image=\u00bb8093&#8243; img_size=\u00bbfull\u00bb css=\u00bb.vc_custom_1594378733218{margin-bottom: 0px !important;border-bottom-width: 0px !important;padding-bottom: 0px !important;}\u00bb][vc_separator color=\u00bbjuicy_pink\u00bb style=\u00bbdouble\u00bb border_width=\u00bb10&#8243; css=\u00bb.vc_custom_1592501936468{margin-top: 0px !important;border-top-width: 0px !important;padding-top: 0px !important;}\u00bb][\/vc_column][\/vc_row][vc_row][vc_column][vc_empty_space height=\u00bb35px\u00bb][vc_custom_heading text=\u00bbPresentaci\u00f3n\u00bb google_fonts=\u00bbfont_family:Roboto%20Slab%3A100%2C300%2Cregular%2C700|font_style:700%20bold%20regular%3A700%3Anormal\u00bb css=\u00bb.vc_custom_1592502024573{margin-bottom: 5px !important;border-bottom-width: 5px !important;padding-bottom: 5px !important;}\u00bb][vc_column_text]<\/p>\n<p style=\"text-align: justify\">Es un programa formativo, de car\u00e1cter pr\u00e1ctico y l\u00fadico, que tiene como principal finalidad potenciar la <strong><em>\u201ccuriosidad cient\u00edfica del alumnado de 10 a 14 a\u00f1os del municipio de Arona\u201d<\/em><\/strong>, a trav\u00e9s de la realizaci\u00f3n de un itinerario de talleres cient\u00edficos y actividades educativas impartidas por j\u00f3venes cient\u00edficos\/as de la Universidad de La Laguna, que se desarrollar\u00e1 durante tres d\u00edas (consecutivos de una semana) y en el Centro Empresarial de las Galletas.<\/p>\n<p style=\"text-align: justify\">El principal objetivo de esta actividad es <strong><em>\u201cfomentar las vocaciones cient\u00edficas entre los\/as escolares del municipio de Arona, para la identificaci\u00f3n de los\/as futuros\/as cient\u00edficos\/as y tecn\u00f3logos\/as<\/em><\/strong>\u201d, para ello a los\/as participantes se les:<\/p>\n<p style=\"text-align: justify\"><strong>(i)<\/strong> Proporciona una experiencia investigadora real de la mano del personal investigador de la ULL.<\/p>\n<p style=\"text-align: justify\"><strong>(ii)<\/strong> Aumenta su conocimiento en los \u00e1mbitos tem\u00e1ticos del Laboratorio, desde un punto de vista te\u00f3rico-pr\u00e1ctico.<\/p>\n<p style=\"text-align: justify\"><strong>(iii)<\/strong> Forma en pensamiento computacional y emociones<\/p>\n<p style=\"text-align: justify\"><strong>(vi)<\/strong> Facilita establecer contacto con alumnado de otros centros escolares del municipio<\/p>\n<p style=\"text-align: justify\">La actividad se realizar\u00e1 del <strong>29 de julio al 28 de agosto de 2020, con un aforo de 12 alumnos\/as, <\/strong>de acuerdo a la siguiente:<\/p>\n<p style=\"text-align: justify\"><strong>El horario<\/strong> <strong>de la actividad:<\/strong>\u00a0de 9:30 a 13:00 h.<\/p>\n<p style=\"text-align: justify\"><strong>El Lugar de celebraci\u00f3n:<\/strong>\u00a0Centro Empresarial de Las Galletas ubicado en la Rambla Dionisio Gonz\u00e1lez, n\u00ba 20, Las Galletas.<\/p>\n<p style=\"text-align: justify\"><strong>El periodo de inscripci\u00f3n:<\/strong> del 18 de junio al 17 de julio de 2020 y podr\u00e1 realizarse pinchando <a href=\"https:\/\/www.ull.es\/portal\/cienciaull\/laboratorio-arn-innova\/actividades\/laboratorio-de-verano-de-ciencia-y-tecnologia-de-arona\/inscripcion\/\" target=\"_blank\" rel=\"noopener\">aqu\u00ed<\/a>.<\/p>\n<p style=\"text-align: justify\">Esta actividad forma parte del programa de pre-eventos <strong>Macaronight 2020.<\/strong><\/p>\n<p>[\/vc_column_text][vc_empty_space height=\u00bb80px\u00bb][\/vc_column][\/vc_row]<\/p>\n","protected":false},"excerpt":{"rendered":"<p>[vc_row][vc_column][vc_single_image image=\u00bb8093&#8243; img_size=\u00bbfull\u00bb css=\u00bb.vc_custom_1594378733218{margin-bottom: 0px !important;border-bottom-width: 0px !important;padding-bottom: 0px !important;}\u00bb][vc_separator color=\u00bbjuicy_pink\u00bb style=\u00bbdouble\u00bb border_width=\u00bb10&#8243; css=\u00bb.vc_custom_1592501936468{margin-top: 0px !important;border-top-width: 0px !important;padding-top: 0px !important;}\u00bb][\/vc_column][\/vc_row][vc_row][vc_column][vc_empty_space height=\u00bb35px\u00bb][vc_custom_heading text=\u00bbPresentaci\u00f3n\u00bb google_fonts=\u00bbfont_family:Roboto%20Slab%3A100%2C300%2Cregular%2C700|font_style:700%20bold%20regular%3A700%3Anormal\u00bb css=\u00bb.vc_custom_1592502024573{margin-bottom: 5px !important;border-bottom-width: 5px !important;padding-bottom: 5px !important;}\u00bb][vc_column_text] Es un programa formativo, de car\u00e1cter pr\u00e1ctico y l\u00fadico, que tiene como principal finalidad potenciar la \u201ccuriosidad cient\u00edfica del alumnado de 10 a 14 a\u00f1os&#8230;<\/p>\n","protected":false},"author":56,"featured_media":0,"parent":4248,"menu_order":0,"comment_status":"closed","ping_status":"closed","template":"","meta":{"inline_featured_image":false,"footnotes":""},"acf":[],"yoast_head":"<!-- This site is optimized with the Yoast SEO plugin v21.3 - https:\/\/yoast.com\/wordpress\/plugins\/seo\/ -->\n<title>Laboratorio de Verano de Ciencia y Tecnolog\u00eda de Arona -<\/title>\n<meta name=\"robots\" content=\"index, follow, max-snippet:-1, max-image-preview:large, max-video-preview:-1\" \/>\n<link rel=\"canonical\" href=\"https:\/\/www.ull.es\/portal\/cienciaull\/laboratorio-arn-innova\/actividades\/laboratorio-de-verano-de-ciencia-y-tecnologia-de-arona\/\" \/>\n<meta property=\"og:locale\" content=\"es_ES\" \/>\n<meta property=\"og:type\" content=\"article\" \/>\n<meta property=\"og:title\" content=\"Laboratorio de Verano de Ciencia y Tecnolog\u00eda de Arona -\" \/>\n<meta property=\"og:description\" content=\"[vc_row][vc_column][vc_single_image image=\u00bb8093&#8243; img_size=\u00bbfull\u00bb css=\u00bb.vc_custom_1594378733218{margin-bottom: 0px !important;border-bottom-width: 0px !important;padding-bottom: 0px !important;}\u00bb][vc_separator color=\u00bbjuicy_pink\u00bb style=\u00bbdouble\u00bb border_width=\u00bb10&#8243; css=\u00bb.vc_custom_1592501936468{margin-top: 0px !important;border-top-width: 0px !important;padding-top: 0px !important;}\u00bb][\/vc_column][\/vc_row][vc_row][vc_column][vc_empty_space height=\u00bb35px\u00bb][vc_custom_heading text=\u00bbPresentaci\u00f3n\u00bb google_fonts=\u00bbfont_family:Roboto%20Slab%3A100%2C300%2Cregular%2C700|font_style:700%20bold%20regular%3A700%3Anormal\u00bb css=\u00bb.vc_custom_1592502024573{margin-bottom: 5px !important;border-bottom-width: 5px !important;padding-bottom: 5px !important;}\u00bb][vc_column_text] Es un programa formativo, de car\u00e1cter pr\u00e1ctico y l\u00fadico, que tiene como principal finalidad potenciar la \u201ccuriosidad cient\u00edfica del alumnado de 10 a 14 a\u00f1os...\" \/>\n<meta property=\"og:url\" content=\"https:\/\/www.ull.es\/portal\/cienciaull\/laboratorio-arn-innova\/actividades\/laboratorio-de-verano-de-ciencia-y-tecnologia-de-arona\/\" \/>\n<meta property=\"article:publisher\" content=\"https:\/\/www.facebook.com\/CienciaULL\/\" \/>\n<meta property=\"article:modified_time\" content=\"2020-07-17T11:18:19+00:00\" \/>\n<meta name=\"twitter:card\" content=\"summary_large_image\" \/>\n<meta name=\"twitter:site\" content=\"@CienciaULL\" \/>\n<meta name=\"twitter:label1\" content=\"Tiempo de lectura\" \/>\n\t<meta name=\"twitter:data1\" content=\"2 minutos\" \/>\n<script type=\"application\/ld+json\" class=\"yoast-schema-graph\">{\"@context\":\"https:\/\/schema.org\",\"@graph\":[{\"@type\":\"WebPage\",\"@id\":\"https:\/\/www.ull.es\/portal\/cienciaull\/laboratorio-arn-innova\/actividades\/laboratorio-de-verano-de-ciencia-y-tecnologia-de-arona\/\",\"url\":\"https:\/\/www.ull.es\/portal\/cienciaull\/laboratorio-arn-innova\/actividades\/laboratorio-de-verano-de-ciencia-y-tecnologia-de-arona\/\",\"name\":\"Laboratorio de Verano de Ciencia y Tecnolog\u00eda de Arona -\",\"isPartOf\":{\"@id\":\"https:\/\/www.ull.es\/portal\/cienciaull\/#website\"},\"datePublished\":\"2020-06-17T11:04:21+00:00\",\"dateModified\":\"2020-07-17T11:18:19+00:00\",\"breadcrumb\":{\"@id\":\"https:\/\/www.ull.es\/portal\/cienciaull\/laboratorio-arn-innova\/actividades\/laboratorio-de-verano-de-ciencia-y-tecnologia-de-arona\/#breadcrumb\"},\"inLanguage\":\"es\",\"potentialAction\":[{\"@type\":\"ReadAction\",\"target\":[\"https:\/\/www.ull.es\/portal\/cienciaull\/laboratorio-arn-innova\/actividades\/laboratorio-de-verano-de-ciencia-y-tecnologia-de-arona\/\"]}]},{\"@type\":\"BreadcrumbList\",\"@id\":\"https:\/\/www.ull.es\/portal\/cienciaull\/laboratorio-arn-innova\/actividades\/laboratorio-de-verano-de-ciencia-y-tecnologia-de-arona\/#breadcrumb\",\"itemListElement\":[{\"@type\":\"ListItem\",\"position\":1,\"name\":\"Portada\",\"item\":\"https:\/\/www.ull.es\/portal\/cienciaull\/\"},{\"@type\":\"ListItem\",\"position\":2,\"name\":\"Laboratorio ARN Innova\",\"item\":\"https:\/\/www.ull.es\/portal\/cienciaull\/laboratorio-arn-innova\/\"},{\"@type\":\"ListItem\",\"position\":3,\"name\":\"Actividades\",\"item\":\"https:\/\/www.ull.es\/portal\/cienciaull\/laboratorio-arn-innova\/actividades\/\"},{\"@type\":\"ListItem\",\"position\":4,\"name\":\"Laboratorio de Verano de Ciencia y Tecnolog\u00eda de Arona\"}]},{\"@type\":\"WebSite\",\"@id\":\"https:\/\/www.ull.es\/portal\/cienciaull\/#website\",\"url\":\"https:\/\/www.ull.es\/portal\/cienciaull\/\",\"name\":\"\",\"description\":\"Unidad de Cultura Cient\u00edfica y de la Innovaci\u00f3n de la Universidad de La Laguna\",\"potentialAction\":[{\"@type\":\"SearchAction\",\"target\":{\"@type\":\"EntryPoint\",\"urlTemplate\":\"https:\/\/www.ull.es\/portal\/cienciaull\/?s={search_term_string}\"},\"query-input\":\"required name=search_term_string\"}],\"inLanguage\":\"es\"}]}<\/script>\n<!-- \/ Yoast SEO plugin. -->","yoast_head_json":{"title":"Laboratorio de Verano de Ciencia y Tecnolog\u00eda de Arona -","robots":{"index":"index","follow":"follow","max-snippet":"max-snippet:-1","max-image-preview":"max-image-preview:large","max-video-preview":"max-video-preview:-1"},"canonical":"https:\/\/www.ull.es\/portal\/cienciaull\/laboratorio-arn-innova\/actividades\/laboratorio-de-verano-de-ciencia-y-tecnologia-de-arona\/","og_locale":"es_ES","og_type":"article","og_title":"Laboratorio de Verano de Ciencia y Tecnolog\u00eda de Arona -","og_description":"[vc_row][vc_column][vc_single_image image=\u00bb8093&#8243; img_size=\u00bbfull\u00bb css=\u00bb.vc_custom_1594378733218{margin-bottom: 0px !important;border-bottom-width: 0px !important;padding-bottom: 0px !important;}\u00bb][vc_separator color=\u00bbjuicy_pink\u00bb style=\u00bbdouble\u00bb border_width=\u00bb10&#8243; css=\u00bb.vc_custom_1592501936468{margin-top: 0px !important;border-top-width: 0px !important;padding-top: 0px !important;}\u00bb][\/vc_column][\/vc_row][vc_row][vc_column][vc_empty_space height=\u00bb35px\u00bb][vc_custom_heading text=\u00bbPresentaci\u00f3n\u00bb google_fonts=\u00bbfont_family:Roboto%20Slab%3A100%2C300%2Cregular%2C700|font_style:700%20bold%20regular%3A700%3Anormal\u00bb css=\u00bb.vc_custom_1592502024573{margin-bottom: 5px !important;border-bottom-width: 5px !important;padding-bottom: 5px !important;}\u00bb][vc_column_text] Es un programa formativo, de car\u00e1cter pr\u00e1ctico y l\u00fadico, que tiene como principal finalidad potenciar la \u201ccuriosidad cient\u00edfica del alumnado de 10 a 14 a\u00f1os...","og_url":"https:\/\/www.ull.es\/portal\/cienciaull\/laboratorio-arn-innova\/actividades\/laboratorio-de-verano-de-ciencia-y-tecnologia-de-arona\/","article_publisher":"https:\/\/www.facebook.com\/CienciaULL\/","article_modified_time":"2020-07-17T11:18:19+00:00","twitter_card":"summary_large_image","twitter_site":"@CienciaULL","twitter_misc":{"Tiempo de lectura":"2 minutos"},"schema":{"@context":"https:\/\/schema.org","@graph":[{"@type":"WebPage","@id":"https:\/\/www.ull.es\/portal\/cienciaull\/laboratorio-arn-innova\/actividades\/laboratorio-de-verano-de-ciencia-y-tecnologia-de-arona\/","url":"https:\/\/www.ull.es\/portal\/cienciaull\/laboratorio-arn-innova\/actividades\/laboratorio-de-verano-de-ciencia-y-tecnologia-de-arona\/","name":"Laboratorio de Verano de Ciencia y Tecnolog\u00eda de Arona -","isPartOf":{"@id":"https:\/\/www.ull.es\/portal\/cienciaull\/#website"},"datePublished":"2020-06-17T11:04:21+00:00","dateModified":"2020-07-17T11:18:19+00:00","breadcrumb":{"@id":"https:\/\/www.ull.es\/portal\/cienciaull\/laboratorio-arn-innova\/actividades\/laboratorio-de-verano-de-ciencia-y-tecnologia-de-arona\/#breadcrumb"},"inLanguage":"es","potentialAction":[{"@type":"ReadAction","target":["https:\/\/www.ull.es\/portal\/cienciaull\/laboratorio-arn-innova\/actividades\/laboratorio-de-verano-de-ciencia-y-tecnologia-de-arona\/"]}]},{"@type":"BreadcrumbList","@id":"https:\/\/www.ull.es\/portal\/cienciaull\/laboratorio-arn-innova\/actividades\/laboratorio-de-verano-de-ciencia-y-tecnologia-de-arona\/#breadcrumb","itemListElement":[{"@type":"ListItem","position":1,"name":"Portada","item":"https:\/\/www.ull.es\/portal\/cienciaull\/"},{"@type":"ListItem","position":2,"name":"Laboratorio ARN Innova","item":"https:\/\/www.ull.es\/portal\/cienciaull\/laboratorio-arn-innova\/"},{"@type":"ListItem","position":3,"name":"Actividades","item":"https:\/\/www.ull.es\/portal\/cienciaull\/laboratorio-arn-innova\/actividades\/"},{"@type":"ListItem","position":4,"name":"Laboratorio de Verano de Ciencia y Tecnolog\u00eda de Arona"}]},{"@type":"WebSite","@id":"https:\/\/www.ull.es\/portal\/cienciaull\/#website","url":"https:\/\/www.ull.es\/portal\/cienciaull\/","name":"","description":"Unidad de Cultura Cient\u00edfica y de la Innovaci\u00f3n de la Universidad de La Laguna","potentialAction":[{"@type":"SearchAction","target":{"@type":"EntryPoint","urlTemplate":"https:\/\/www.ull.es\/portal\/cienciaull\/?s={search_term_string}"},"query-input":"required name=search_term_string"}],"inLanguage":"es"}]}},"_links":{"self":[{"href":"https:\/\/www.ull.es\/portal\/cienciaull\/wp-json\/wp\/v2\/pages\/6737"}],"collection":[{"href":"https:\/\/www.ull.es\/portal\/cienciaull\/wp-json\/wp\/v2\/pages"}],"about":[{"href":"https:\/\/www.ull.es\/portal\/cienciaull\/wp-json\/wp\/v2\/types\/page"}],"author":[{"embeddable":true,"href":"https:\/\/www.ull.es\/portal\/cienciaull\/wp-json\/wp\/v2\/users\/56"}],"replies":[{"embeddable":true,"href":"https:\/\/www.ull.es\/portal\/cienciaull\/wp-json\/wp\/v2\/comments?post=6737"}],"version-history":[{"count":51,"href":"https:\/\/www.ull.es\/portal\/cienciaull\/wp-json\/wp\/v2\/pages\/6737\/revisions"}],"predecessor-version":[{"id":9918,"href":"https:\/\/www.ull.es\/portal\/cienciaull\/wp-json\/wp\/v2\/pages\/6737\/revisions\/9918"}],"up":[{"embeddable":true,"href":"https:\/\/www.ull.es\/portal\/cienciaull\/wp-json\/wp\/v2\/pages\/4248"}],"wp:attachment":[{"href":"https:\/\/www.ull.es\/portal\/cienciaull\/wp-json\/wp\/v2\/media?parent=6737"}],"curies":[{"name":"wp","href":"https:\/\/api.w.org\/{rel}","templated":true}]}}