{"id":730,"date":"2018-01-21T12:11:10","date_gmt":"2018-01-21T12:11:10","guid":{"rendered":"https:\/\/www.ull.es\/portal\/cienciaull\/?page_id=730"},"modified":"2020-04-30T23:34:34","modified_gmt":"2020-04-30T23:34:34","slug":"objetivos-lineas-estrategicas","status":"publish","type":"page","link":"https:\/\/www.ull.es\/portal\/cienciaull\/inicio\/quienes-somos\/objetivos-lineas-estrategicas\/","title":{"rendered":"Objetivos"},"content":{"rendered":"<p>[vc_row][vc_column][vc_custom_heading source=\u00bbpost_title\u00bb font_container=\u00bbtag:h1|text_align:left\u00bb google_fonts=\u00bbfont_family:Roboto%20Slab%3A100%2C300%2Cregular%2C700|font_style:700%20bold%20regular%3A700%3Anormal\u00bb css=\u00bb.vc_custom_1588289473222{margin-bottom: 7px !important;border-bottom-width: 7px !important;padding-bottom: 7px !important;}\u00bb][vc_column_text]<\/p>\n<p style=\"text-align: justify\">Cienci@ULL persigue con el desarrollo de su actividad alcanzar los siguientes objetivos:<\/p>\n<p>[\/vc_column_text][vc_message message_box_color=\u00bbgreen\u00bb icon_fontawesome=\u00bbfa fa-flask\u00bb]<\/p>\n<p style=\"text-align: justify\"><strong>Mejorar la cultura y conocimientos cient\u00edficos de la ciudadan\u00eda<\/strong>, a trav\u00e9s de la difusi\u00f3n, divulgaci\u00f3n y comunicaci\u00f3n de la actividad investigadora realizada en la ULL.<\/p>\n<p>[\/vc_message][vc_message icon_fontawesome=\u00bbfa fa-rocket\u00bb]<\/p>\n<p style=\"text-align: justify\"><strong>Potenciar la creatividad, el emprendimiento y el talento innovador<\/strong>\u00a0<strong>de la comunidad estudiantil universitaria\u00a0y de los titulados y tituladas<\/strong>, mediante la organizaci\u00f3n de talleres, charlas cient\u00edficas y concursos.<\/p>\n<p>[\/vc_message][vc_message message_box_color=\u00bbdanger\u00bb icon_fontawesome=\u00bbfa fa-cog\u00bb]<\/p>\n<p style=\"text-align: justify\"><strong>Fomento de las Vocaciones Cient\u00edficas y profesionales de los j\u00f3venes canarios<\/strong>, acerc\u00e1ndolos a la realidad cient\u00edfica y las posibles salidas profesionales que ofrecen los estudios universitarios que se imparten en la ULL.<\/p>\n<p>[\/vc_message][vc_message message_box_color=\u00bbviolet\u00bb icon_fontawesome=\u00bbfa fa-search\u00bb]<\/p>\n<p style=\"text-align: justify\"><strong>Mostrar la ciencia como un elemento de la vida cotidiana<\/strong> desde edades tempranas.<\/p>\n<p>[\/vc_message][vc_message message_box_color=\u00bbsandy_brown\u00bb icon_fontawesome=\u00bbfa fa-users\u00bb]<\/p>\n<p style=\"text-align: justify\"><strong>Sensibilizar al personal investigador de la necesidad de participar en actividades de divulgaci\u00f3n<\/strong> <strong>y difusi\u00f3n<\/strong> <strong>cient\u00edfica<\/strong> dirigidas a la sociedad en general, adaptando su contenido a un lenguaje sencillo, pero sin perder el rigor cient\u00edfico.<\/p>\n<p>[\/vc_message][vc_message message_box_color=\u00bborange\u00bb icon_fontawesome=\u00bbfa fa-volume-up\u00bb]<\/p>\n<p style=\"text-align: justify\"><strong>Incrementar la visibilidad de los servicios y tecnolog\u00edas que ofrece la ULL<\/strong>\u00a0para cubrir las necesidades actuales de la sociedad.<\/p>\n<p>[\/vc_message][vc_message message_box_color=\u00bbvista_blue\u00bb icon_fontawesome=\u00bbfa fa-star\u00bb]<\/p>\n<p style=\"text-align: justify\"><strong>Convertirse en un referente de divulgaci\u00f3n cient\u00edfica<\/strong> y de la innovaci\u00f3n a nivel nacional.<\/p>\n<p>[\/vc_message][\/vc_column][\/vc_row]<\/p>\n","protected":false},"excerpt":{"rendered":"<p>[vc_row][vc_column][vc_custom_heading source=\u00bbpost_title\u00bb font_container=\u00bbtag:h1|text_align:left\u00bb google_fonts=\u00bbfont_family:Roboto%20Slab%3A100%2C300%2Cregular%2C700|font_style:700%20bold%20regular%3A700%3Anormal\u00bb css=\u00bb.vc_custom_1588289473222{margin-bottom: 7px !important;border-bottom-width: 7px !important;padding-bottom: 7px !important;}\u00bb][vc_column_text] Cienci@ULL persigue con el desarrollo de su actividad alcanzar los siguientes objetivos: [\/vc_column_text][vc_message message_box_color=\u00bbgreen\u00bb icon_fontawesome=\u00bbfa fa-flask\u00bb] Mejorar la cultura y conocimientos cient\u00edficos de la ciudadan\u00eda, a trav\u00e9s de la difusi\u00f3n, divulgaci\u00f3n y comunicaci\u00f3n de la actividad investigadora realizada en la ULL. [\/vc_message][vc_message icon_fontawesome=\u00bbfa fa-rocket\u00bb]&#8230;<\/p>\n","protected":false},"author":56,"featured_media":0,"parent":65,"menu_order":0,"comment_status":"closed","ping_status":"closed","template":"","meta":{"inline_featured_image":false,"footnotes":""},"acf":[],"yoast_head":"<!-- This site is optimized with the Yoast SEO plugin v21.3 - https:\/\/yoast.com\/wordpress\/plugins\/seo\/ -->\n<title>Objetivos -<\/title>\n<meta name=\"robots\" content=\"index, follow, max-snippet:-1, max-image-preview:large, max-video-preview:-1\" \/>\n<link rel=\"canonical\" href=\"https:\/\/www.ull.es\/portal\/cienciaull\/inicio\/quienes-somos\/objetivos-lineas-estrategicas\/\" \/>\n<meta property=\"og:locale\" content=\"es_ES\" \/>\n<meta property=\"og:type\" content=\"article\" \/>\n<meta property=\"og:title\" content=\"Objetivos -\" \/>\n<meta property=\"og:description\" content=\"[vc_row][vc_column][vc_custom_heading source=\u00bbpost_title\u00bb font_container=\u00bbtag:h1|text_align:left\u00bb google_fonts=\u00bbfont_family:Roboto%20Slab%3A100%2C300%2Cregular%2C700|font_style:700%20bold%20regular%3A700%3Anormal\u00bb css=\u00bb.vc_custom_1588289473222{margin-bottom: 7px !important;border-bottom-width: 7px !important;padding-bottom: 7px !important;}\u00bb][vc_column_text] Cienci@ULL persigue con el desarrollo de su actividad alcanzar los siguientes objetivos: [\/vc_column_text][vc_message message_box_color=\u00bbgreen\u00bb icon_fontawesome=\u00bbfa fa-flask\u00bb] Mejorar la cultura y conocimientos cient\u00edficos de la ciudadan\u00eda, a trav\u00e9s de la difusi\u00f3n, divulgaci\u00f3n y comunicaci\u00f3n de la actividad investigadora realizada en la ULL. [\/vc_message][vc_message icon_fontawesome=\u00bbfa fa-rocket\u00bb]...\" \/>\n<meta property=\"og:url\" content=\"https:\/\/www.ull.es\/portal\/cienciaull\/inicio\/quienes-somos\/objetivos-lineas-estrategicas\/\" \/>\n<meta property=\"article:publisher\" content=\"https:\/\/www.facebook.com\/CienciaULL\/\" \/>\n<meta property=\"article:modified_time\" content=\"2020-04-30T23:34:34+00:00\" \/>\n<meta name=\"twitter:card\" content=\"summary_large_image\" \/>\n<meta name=\"twitter:site\" content=\"@CienciaULL\" \/>\n<meta name=\"twitter:label1\" content=\"Tiempo de lectura\" \/>\n\t<meta name=\"twitter:data1\" content=\"2 minutos\" \/>\n<script type=\"application\/ld+json\" class=\"yoast-schema-graph\">{\"@context\":\"https:\/\/schema.org\",\"@graph\":[{\"@type\":\"WebPage\",\"@id\":\"https:\/\/www.ull.es\/portal\/cienciaull\/inicio\/quienes-somos\/objetivos-lineas-estrategicas\/\",\"url\":\"https:\/\/www.ull.es\/portal\/cienciaull\/inicio\/quienes-somos\/objetivos-lineas-estrategicas\/\",\"name\":\"Objetivos -\",\"isPartOf\":{\"@id\":\"https:\/\/www.ull.es\/portal\/cienciaull\/#website\"},\"datePublished\":\"2018-01-21T12:11:10+00:00\",\"dateModified\":\"2020-04-30T23:34:34+00:00\",\"breadcrumb\":{\"@id\":\"https:\/\/www.ull.es\/portal\/cienciaull\/inicio\/quienes-somos\/objetivos-lineas-estrategicas\/#breadcrumb\"},\"inLanguage\":\"es\",\"potentialAction\":[{\"@type\":\"ReadAction\",\"target\":[\"https:\/\/www.ull.es\/portal\/cienciaull\/inicio\/quienes-somos\/objetivos-lineas-estrategicas\/\"]}]},{\"@type\":\"BreadcrumbList\",\"@id\":\"https:\/\/www.ull.es\/portal\/cienciaull\/inicio\/quienes-somos\/objetivos-lineas-estrategicas\/#breadcrumb\",\"itemListElement\":[{\"@type\":\"ListItem\",\"position\":1,\"name\":\"Portada\",\"item\":\"https:\/\/www.ull.es\/portal\/cienciaull\/\"},{\"@type\":\"ListItem\",\"position\":2,\"name\":\"Inicio\",\"item\":\"https:\/\/www.ull.es\/portal\/cienciaull\/\"},{\"@type\":\"ListItem\",\"position\":3,\"name\":\"Presentaci\u00f3n\",\"item\":\"https:\/\/www.ull.es\/portal\/cienciaull\/inicio\/quienes-somos\/\"},{\"@type\":\"ListItem\",\"position\":4,\"name\":\"Objetivos\"}]},{\"@type\":\"WebSite\",\"@id\":\"https:\/\/www.ull.es\/portal\/cienciaull\/#website\",\"url\":\"https:\/\/www.ull.es\/portal\/cienciaull\/\",\"name\":\"\",\"description\":\"Unidad de Cultura Cient\u00edfica y de la Innovaci\u00f3n de la Universidad de La Laguna\",\"potentialAction\":[{\"@type\":\"SearchAction\",\"target\":{\"@type\":\"EntryPoint\",\"urlTemplate\":\"https:\/\/www.ull.es\/portal\/cienciaull\/?s={search_term_string}\"},\"query-input\":\"required name=search_term_string\"}],\"inLanguage\":\"es\"}]}<\/script>\n<!-- \/ Yoast SEO plugin. -->","yoast_head_json":{"title":"Objetivos -","robots":{"index":"index","follow":"follow","max-snippet":"max-snippet:-1","max-image-preview":"max-image-preview:large","max-video-preview":"max-video-preview:-1"},"canonical":"https:\/\/www.ull.es\/portal\/cienciaull\/inicio\/quienes-somos\/objetivos-lineas-estrategicas\/","og_locale":"es_ES","og_type":"article","og_title":"Objetivos -","og_description":"[vc_row][vc_column][vc_custom_heading source=\u00bbpost_title\u00bb font_container=\u00bbtag:h1|text_align:left\u00bb google_fonts=\u00bbfont_family:Roboto%20Slab%3A100%2C300%2Cregular%2C700|font_style:700%20bold%20regular%3A700%3Anormal\u00bb css=\u00bb.vc_custom_1588289473222{margin-bottom: 7px !important;border-bottom-width: 7px !important;padding-bottom: 7px !important;}\u00bb][vc_column_text] Cienci@ULL persigue con el desarrollo de su actividad alcanzar los siguientes objetivos: [\/vc_column_text][vc_message message_box_color=\u00bbgreen\u00bb icon_fontawesome=\u00bbfa fa-flask\u00bb] Mejorar la cultura y conocimientos cient\u00edficos de la ciudadan\u00eda, a trav\u00e9s de la difusi\u00f3n, divulgaci\u00f3n y comunicaci\u00f3n de la actividad investigadora realizada en la ULL. [\/vc_message][vc_message icon_fontawesome=\u00bbfa fa-rocket\u00bb]...","og_url":"https:\/\/www.ull.es\/portal\/cienciaull\/inicio\/quienes-somos\/objetivos-lineas-estrategicas\/","article_publisher":"https:\/\/www.facebook.com\/CienciaULL\/","article_modified_time":"2020-04-30T23:34:34+00:00","twitter_card":"summary_large_image","twitter_site":"@CienciaULL","twitter_misc":{"Tiempo de lectura":"2 minutos"},"schema":{"@context":"https:\/\/schema.org","@graph":[{"@type":"WebPage","@id":"https:\/\/www.ull.es\/portal\/cienciaull\/inicio\/quienes-somos\/objetivos-lineas-estrategicas\/","url":"https:\/\/www.ull.es\/portal\/cienciaull\/inicio\/quienes-somos\/objetivos-lineas-estrategicas\/","name":"Objetivos -","isPartOf":{"@id":"https:\/\/www.ull.es\/portal\/cienciaull\/#website"},"datePublished":"2018-01-21T12:11:10+00:00","dateModified":"2020-04-30T23:34:34+00:00","breadcrumb":{"@id":"https:\/\/www.ull.es\/portal\/cienciaull\/inicio\/quienes-somos\/objetivos-lineas-estrategicas\/#breadcrumb"},"inLanguage":"es","potentialAction":[{"@type":"ReadAction","target":["https:\/\/www.ull.es\/portal\/cienciaull\/inicio\/quienes-somos\/objetivos-lineas-estrategicas\/"]}]},{"@type":"BreadcrumbList","@id":"https:\/\/www.ull.es\/portal\/cienciaull\/inicio\/quienes-somos\/objetivos-lineas-estrategicas\/#breadcrumb","itemListElement":[{"@type":"ListItem","position":1,"name":"Portada","item":"https:\/\/www.ull.es\/portal\/cienciaull\/"},{"@type":"ListItem","position":2,"name":"Inicio","item":"https:\/\/www.ull.es\/portal\/cienciaull\/"},{"@type":"ListItem","position":3,"name":"Presentaci\u00f3n","item":"https:\/\/www.ull.es\/portal\/cienciaull\/inicio\/quienes-somos\/"},{"@type":"ListItem","position":4,"name":"Objetivos"}]},{"@type":"WebSite","@id":"https:\/\/www.ull.es\/portal\/cienciaull\/#website","url":"https:\/\/www.ull.es\/portal\/cienciaull\/","name":"","description":"Unidad de Cultura Cient\u00edfica y de la Innovaci\u00f3n de la Universidad de La Laguna","potentialAction":[{"@type":"SearchAction","target":{"@type":"EntryPoint","urlTemplate":"https:\/\/www.ull.es\/portal\/cienciaull\/?s={search_term_string}"},"query-input":"required name=search_term_string"}],"inLanguage":"es"}]}},"_links":{"self":[{"href":"https:\/\/www.ull.es\/portal\/cienciaull\/wp-json\/wp\/v2\/pages\/730"}],"collection":[{"href":"https:\/\/www.ull.es\/portal\/cienciaull\/wp-json\/wp\/v2\/pages"}],"about":[{"href":"https:\/\/www.ull.es\/portal\/cienciaull\/wp-json\/wp\/v2\/types\/page"}],"author":[{"embeddable":true,"href":"https:\/\/www.ull.es\/portal\/cienciaull\/wp-json\/wp\/v2\/users\/56"}],"replies":[{"embeddable":true,"href":"https:\/\/www.ull.es\/portal\/cienciaull\/wp-json\/wp\/v2\/comments?post=730"}],"version-history":[{"count":9,"href":"https:\/\/www.ull.es\/portal\/cienciaull\/wp-json\/wp\/v2\/pages\/730\/revisions"}],"predecessor-version":[{"id":5474,"href":"https:\/\/www.ull.es\/portal\/cienciaull\/wp-json\/wp\/v2\/pages\/730\/revisions\/5474"}],"up":[{"embeddable":true,"href":"https:\/\/www.ull.es\/portal\/cienciaull\/wp-json\/wp\/v2\/pages\/65"}],"wp:attachment":[{"href":"https:\/\/www.ull.es\/portal\/cienciaull\/wp-json\/wp\/v2\/media?parent=730"}],"curies":[{"name":"wp","href":"https:\/\/api.w.org\/{rel}","templated":true}]}}