{"id":8608,"date":"2020-09-15T08:59:21","date_gmt":"2020-09-15T08:59:21","guid":{"rendered":"https:\/\/www.ull.es\/portal\/cienciaull\/?page_id=8608"},"modified":"2020-10-20T07:07:31","modified_gmt":"2020-10-20T07:07:31","slug":"taller-1-la-botanica-y-el-herbario","status":"publish","type":"page","link":"https:\/\/www.ull.es\/portal\/cienciaull\/proyectochicasconcienciaull\/taller-1-la-botanica-y-el-herbario\/","title":{"rendered":"Taller 1. \u00abLa Bot\u00e1nica y El Herbario\u00bb."},"content":{"rendered":"<p>[vc_row][vc_column][vc_empty_space][\/vc_column][\/vc_row][vc_row][vc_column width=\u00bb2\/3&#8243;][vc_empty_space][vc_custom_heading text=\u00bb\u00c1rea Energ\u00eda, Biodiversidad y Medioambiente\u00bb font_container=\u00bbtag:h2|text_align:left|color:%237bd31d\u00bb google_fonts=\u00bbfont_family:Roboto%20Slab%3A100%2C300%2Cregular%2C700|font_style:700%20bold%20regular%3A700%3Anormal\u00bb css=\u00bb.vc_custom_1600160297870{margin-bottom: 3px !important;border-bottom-width: 3px !important;padding-bottom: 3px !important;}\u00bb][vc_custom_heading text=\u00bbTaller 1. \u00abLa Bot\u00e1nica y El Herbario\u00ab.\u00bb font_container=\u00bbtag:h3|text_align:left|color:%237bd31d\u00bb google_fonts=\u00bbfont_family:Roboto%20Slab%3A100%2C300%2Cregular%2C700|font_style:700%20bold%20regular%3A700%3Anormal\u00bb][vc_empty_space][vc_column_text]<\/p>\n<table>\n<tbody>\n<tr>\n<td><strong>Breve descripci\u00f3n<\/strong><\/td>\n<\/tr>\n<tr>\n<td style=\"text-align: justify\">\n<table width=\"0\">\n<tbody>\n<tr>\n<td width=\"604\">La finalidad de este taller es que el alumnado reconozca los distintos grupos de organismos que estudia la Bot\u00e1nica, as\u00ed como estructuras macrosc\u00f3picas propias de cada grupo. Adem\u00e1s, se les explicar\u00e1n algunos usos industriales, medicinales, etnogr\u00e1ficos, etc. de algunos grupos. Posteriormente, nos centraremos en un grupo, los l\u00edquenes, que pasa muchas veces desapercibido, e incluso confundido con los bri\u00f3fitos. La finalidad en este caso es que descubran los distintos sustratos en los que pueden desarrollarse, as\u00ed como la biodiversidad de biotipos y estructuras que presentan. Para finalizar, se les explicar\u00e1 lo que es un herbario y cu\u00e1l es su importancia cient\u00edfica, y se realizar\u00e1 una actividad pr\u00e1ctica en la que cada alumno\/a confeccionar\u00e1 un pliego de herbario.<\/p>\n<p>El objetivo general de este taller es fomentar las vocaciones cient\u00edficas en j\u00f3venes. Los objetivos espec\u00edficos es que reconozcan y diferencien algunos grupos de organismos que estudia la Bot\u00e1nica. Que aprendan a observar y describir estructuras propias del grupo elegido para este taller: los l\u00edquenes. Que conozcan, mediante una actividad pr\u00e1ctica, qu\u00e9 es un herbario y su importancia para la ciencia.<\/td>\n<\/tr>\n<\/tbody>\n<\/table>\n<\/td>\n<\/tr>\n<\/tbody>\n<\/table>\n<p>[\/vc_column_text][vc_column_text]<\/p>\n<table>\n<tbody>\n<tr>\n<td><strong>P\u00fablico al que se dirige<\/strong><\/td>\n<td><strong>Duraci\u00f3n<\/strong><\/td>\n<\/tr>\n<tr>\n<td><span style=\"font-weight: 400\"><br \/>\n<\/span><span style=\"font-weight: 400\">Alumnado de 3\u00ba y 4\u00ba de la ESO<\/span><span style=\"font-weight: 400\"><br \/>\n<\/span><\/td>\n<td><span style=\"font-weight: 400\"><br \/>\n<\/span><span style=\"font-weight: 400\">110 minutos<\/span><span style=\"font-weight: 400\"><br \/>\n<\/span><\/td>\n<\/tr>\n<\/tbody>\n<\/table>\n<p>[\/vc_column_text][vc_column_text]<\/p>\n<table width=\"0\">\n<tbody>\n<tr>\n<td width=\"604\"><strong>Materiales y recursos<\/strong><\/td>\n<\/tr>\n<tr>\n<td width=\"604\">\u00b7 Presentaci\u00f3n en PowerPoint.<\/p>\n<p>\u00b7 Material vegetal y f\u00fangico. [Importante: La recolecci\u00f3n del material en el medio natural se har\u00e1 siempre respetando la legislaci\u00f3n vigente (permiso de recolecci\u00f3n, especies protegidas, espacios naturales protegidos\u2026)].<\/p>\n<p>\u00b7 Un l\u00e1piz.<br \/>\n\u00b7 Una lupa de mano.<\/p>\n<p>\u00b7 Un esquema impreso sobre grupos de organismos y estructuras.<br \/>\n\u00b7 Un esquema impreso sobre biotipos y estructuras liqu\u00e9nicas.<\/p>\n<p>\u00b7 Materiales necesarios para la confecci\u00f3n de un pliego de herbario.<\/td>\n<\/tr>\n<\/tbody>\n<\/table>\n<p>[\/vc_column_text][vc_column_text]<\/p>\n<table width=\"0\">\n<tbody>\n<tr>\n<td width=\"146\"><strong>Investigadora<\/strong><\/td>\n<td width=\"459\">Cristina Gonz\u00e1lez Montelongo<\/td>\n<\/tr>\n<tr>\n<td width=\"146\"><strong>Departamento<\/strong><\/td>\n<td width=\"459\">Bot\u00e1nica, Ecolog\u00eda y Fisiolog\u00eda Vegetal<\/td>\n<\/tr>\n<\/tbody>\n<\/table>\n<p>[\/vc_column_text][vc_column_text]<\/p>\n<table width=\"0\">\n<tbody>\n<tr>\n<td width=\"146\"><strong>Observaciones<\/strong><\/td>\n<td width=\"459\">En cuanto al material para realizar el taller se contactar\u00e1 con el centro educativo para organizar y preparar.<\/td>\n<\/tr>\n<tr>\n<td width=\"146\"><\/td>\n<td width=\"459\">El centro educativo debe disponer de ordenador\/tablet y conexi\u00f3n a internet dado que los talleres ser\u00e1n en directo, online.<\/td>\n<\/tr>\n<\/tbody>\n<\/table>\n<p>[\/vc_column_text][\/vc_column][vc_column width=\u00bb1\/3&#8243;][vc_empty_space height=\u00bb200px\u00bb][vc_single_image image=\u00bb9397&#8243; img_size=\u00bblarge\u00bb alignment=\u00bbcenter\u00bb][vc_btn title=\u00bbP\u00e1gina principal\u00bb color=\u00bbgreen\u00bb size=\u00bblg\u00bb align=\u00bbcenter\u00bb button_block=\u00bbtrue\u00bb link=\u00bburl:https%3A%2F%2Fwww.ull.es%2Fportal%2Fcienciaull%2Fchicasconcienciaull%2F\u00bb css=\u00bb.vc_custom_1603101001190{margin-bottom: 3px !important;border-bottom-width: 3px !important;padding-bottom: 3px !important;}\u00bb][vc_btn title=\u00bbRepositorio de Materiales\u00bb color=\u00bbgreen\u00bb size=\u00bblg\u00bb align=\u00bbcenter\u00bb button_block=\u00bbtrue\u00bb link=\u00bburl:https%3A%2F%2Fwww.ull.es%2Fportal%2Fcienciaull%2Fchicasconcienciaull%2Fmateriales%2F\u00bb css=\u00bb.vc_custom_1603101009471{margin-bottom: 3px !important;border-bottom-width: 3px !important;padding-bottom: 3px !important;}\u00bb][vc_btn title=\u00bbDescargar Ficha Taller\u00bb color=\u00bbgreen\u00bb size=\u00bblg\u00bb align=\u00bbcenter\u00bb button_block=\u00bbtrue\u00bb css=\u00bb.vc_custom_1603177479988{margin-bottom: 3px !important;border-bottom-width: 3px !important;padding-bottom: 3px !important;}\u00bb link=\u00bburl:https%3A%2F%2Fdrive.google.com%2Ffile%2Fd%2F12GLh55JTbgjjy-cmNDqsfAhWm0BgMhUK%2Fview%3Fusp%3Dsharing\u00bb][\/vc_column][\/vc_row]<\/p>\n","protected":false},"excerpt":{"rendered":"<p>[vc_row][vc_column][vc_empty_space][\/vc_column][\/vc_row][vc_row][vc_column width=\u00bb2\/3&#8243;][vc_empty_space][vc_custom_heading text=\u00bb\u00c1rea Energ\u00eda, Biodiversidad y Medioambiente\u00bb font_container=\u00bbtag:h2|text_align:left|color:%237bd31d\u00bb google_fonts=\u00bbfont_family:Roboto%20Slab%3A100%2C300%2Cregular%2C700|font_style:700%20bold%20regular%3A700%3Anormal\u00bb css=\u00bb.vc_custom_1600160297870{margin-bottom: 3px !important;border-bottom-width: 3px !important;padding-bottom: 3px !important;}\u00bb][vc_custom_heading text=\u00bbTaller 1. \u00abLa Bot\u00e1nica y El Herbario\u00ab.\u00bb font_container=\u00bbtag:h3|text_align:left|color:%237bd31d\u00bb google_fonts=\u00bbfont_family:Roboto%20Slab%3A100%2C300%2Cregular%2C700|font_style:700%20bold%20regular%3A700%3Anormal\u00bb][vc_empty_space][vc_column_text] Breve descripci\u00f3n La finalidad de este taller es que el alumnado reconozca los distintos grupos de organismos que estudia la Bot\u00e1nica, as\u00ed como estructuras macrosc\u00f3picas propias de cada grupo. Adem\u00e1s,&#8230;<\/p>\n","protected":false},"author":56,"featured_media":0,"parent":1606,"menu_order":0,"comment_status":"closed","ping_status":"closed","template":"templates\/cienciaull.php","meta":{"inline_featured_image":false,"footnotes":""},"acf":[],"yoast_head":"<!-- This site is optimized with the Yoast SEO plugin v21.3 - https:\/\/yoast.com\/wordpress\/plugins\/seo\/ -->\n<title>Taller 1. \u00abLa Bot\u00e1nica y El Herbario\u00bb. -<\/title>\n<meta name=\"robots\" content=\"index, follow, max-snippet:-1, max-image-preview:large, max-video-preview:-1\" \/>\n<link rel=\"canonical\" href=\"https:\/\/www.ull.es\/portal\/cienciaull\/proyectochicasconcienciaull\/taller-1-la-botanica-y-el-herbario\/\" \/>\n<meta property=\"og:locale\" content=\"es_ES\" \/>\n<meta property=\"og:type\" content=\"article\" \/>\n<meta property=\"og:title\" content=\"Taller 1. \u00abLa Bot\u00e1nica y El Herbario\u00bb. -\" \/>\n<meta property=\"og:description\" content=\"[vc_row][vc_column][vc_empty_space][\/vc_column][\/vc_row][vc_row][vc_column width=\u00bb2\/3&#8243;][vc_empty_space][vc_custom_heading text=\u00bb\u00c1rea Energ\u00eda, Biodiversidad y Medioambiente\u00bb font_container=\u00bbtag:h2|text_align:left|color:%237bd31d\u00bb google_fonts=\u00bbfont_family:Roboto%20Slab%3A100%2C300%2Cregular%2C700|font_style:700%20bold%20regular%3A700%3Anormal\u00bb css=\u00bb.vc_custom_1600160297870{margin-bottom: 3px !important;border-bottom-width: 3px !important;padding-bottom: 3px !important;}\u00bb][vc_custom_heading text=\u00bbTaller 1. \u00abLa Bot\u00e1nica y El Herbario\u00ab.\u00bb font_container=\u00bbtag:h3|text_align:left|color:%237bd31d\u00bb google_fonts=\u00bbfont_family:Roboto%20Slab%3A100%2C300%2Cregular%2C700|font_style:700%20bold%20regular%3A700%3Anormal\u00bb][vc_empty_space][vc_column_text] Breve descripci\u00f3n La finalidad de este taller es que el alumnado reconozca los distintos grupos de organismos que estudia la Bot\u00e1nica, as\u00ed como estructuras macrosc\u00f3picas propias de cada grupo. Adem\u00e1s,...\" \/>\n<meta property=\"og:url\" content=\"https:\/\/www.ull.es\/portal\/cienciaull\/proyectochicasconcienciaull\/taller-1-la-botanica-y-el-herbario\/\" \/>\n<meta property=\"article:publisher\" content=\"https:\/\/www.facebook.com\/CienciaULL\/\" \/>\n<meta property=\"article:modified_time\" content=\"2020-10-20T07:07:31+00:00\" \/>\n<meta name=\"twitter:card\" content=\"summary_large_image\" \/>\n<meta name=\"twitter:site\" content=\"@CienciaULL\" \/>\n<meta name=\"twitter:label1\" content=\"Tiempo de lectura\" \/>\n\t<meta name=\"twitter:data1\" content=\"3 minutos\" \/>\n<script type=\"application\/ld+json\" class=\"yoast-schema-graph\">{\"@context\":\"https:\/\/schema.org\",\"@graph\":[{\"@type\":\"WebPage\",\"@id\":\"https:\/\/www.ull.es\/portal\/cienciaull\/proyectochicasconcienciaull\/taller-1-la-botanica-y-el-herbario\/\",\"url\":\"https:\/\/www.ull.es\/portal\/cienciaull\/proyectochicasconcienciaull\/taller-1-la-botanica-y-el-herbario\/\",\"name\":\"Taller 1. \u00abLa Bot\u00e1nica y El Herbario\u00bb. -\",\"isPartOf\":{\"@id\":\"https:\/\/www.ull.es\/portal\/cienciaull\/#website\"},\"datePublished\":\"2020-09-15T08:59:21+00:00\",\"dateModified\":\"2020-10-20T07:07:31+00:00\",\"breadcrumb\":{\"@id\":\"https:\/\/www.ull.es\/portal\/cienciaull\/proyectochicasconcienciaull\/taller-1-la-botanica-y-el-herbario\/#breadcrumb\"},\"inLanguage\":\"es\",\"potentialAction\":[{\"@type\":\"ReadAction\",\"target\":[\"https:\/\/www.ull.es\/portal\/cienciaull\/proyectochicasconcienciaull\/taller-1-la-botanica-y-el-herbario\/\"]}]},{\"@type\":\"BreadcrumbList\",\"@id\":\"https:\/\/www.ull.es\/portal\/cienciaull\/proyectochicasconcienciaull\/taller-1-la-botanica-y-el-herbario\/#breadcrumb\",\"itemListElement\":[{\"@type\":\"ListItem\",\"position\":1,\"name\":\"Portada\",\"item\":\"https:\/\/www.ull.es\/portal\/cienciaull\/\"},{\"@type\":\"ListItem\",\"position\":2,\"name\":\"Chicas con Cienci@ULL\",\"item\":\"https:\/\/www.ull.es\/portal\/cienciaull\/proyectochicasconcienciaull\/\"},{\"@type\":\"ListItem\",\"position\":3,\"name\":\"Taller 1. \u00abLa Bot\u00e1nica y El Herbario\u00bb.\"}]},{\"@type\":\"WebSite\",\"@id\":\"https:\/\/www.ull.es\/portal\/cienciaull\/#website\",\"url\":\"https:\/\/www.ull.es\/portal\/cienciaull\/\",\"name\":\"\",\"description\":\"Unidad de Cultura Cient\u00edfica y de la Innovaci\u00f3n de la Universidad de La Laguna\",\"potentialAction\":[{\"@type\":\"SearchAction\",\"target\":{\"@type\":\"EntryPoint\",\"urlTemplate\":\"https:\/\/www.ull.es\/portal\/cienciaull\/?s={search_term_string}\"},\"query-input\":\"required name=search_term_string\"}],\"inLanguage\":\"es\"}]}<\/script>\n<!-- \/ Yoast SEO plugin. -->","yoast_head_json":{"title":"Taller 1. \u00abLa Bot\u00e1nica y El Herbario\u00bb. -","robots":{"index":"index","follow":"follow","max-snippet":"max-snippet:-1","max-image-preview":"max-image-preview:large","max-video-preview":"max-video-preview:-1"},"canonical":"https:\/\/www.ull.es\/portal\/cienciaull\/proyectochicasconcienciaull\/taller-1-la-botanica-y-el-herbario\/","og_locale":"es_ES","og_type":"article","og_title":"Taller 1. \u00abLa Bot\u00e1nica y El Herbario\u00bb. -","og_description":"[vc_row][vc_column][vc_empty_space][\/vc_column][\/vc_row][vc_row][vc_column width=\u00bb2\/3&#8243;][vc_empty_space][vc_custom_heading text=\u00bb\u00c1rea Energ\u00eda, Biodiversidad y Medioambiente\u00bb font_container=\u00bbtag:h2|text_align:left|color:%237bd31d\u00bb google_fonts=\u00bbfont_family:Roboto%20Slab%3A100%2C300%2Cregular%2C700|font_style:700%20bold%20regular%3A700%3Anormal\u00bb css=\u00bb.vc_custom_1600160297870{margin-bottom: 3px !important;border-bottom-width: 3px !important;padding-bottom: 3px !important;}\u00bb][vc_custom_heading text=\u00bbTaller 1. \u00abLa Bot\u00e1nica y El Herbario\u00ab.\u00bb font_container=\u00bbtag:h3|text_align:left|color:%237bd31d\u00bb google_fonts=\u00bbfont_family:Roboto%20Slab%3A100%2C300%2Cregular%2C700|font_style:700%20bold%20regular%3A700%3Anormal\u00bb][vc_empty_space][vc_column_text] Breve descripci\u00f3n La finalidad de este taller es que el alumnado reconozca los distintos grupos de organismos que estudia la Bot\u00e1nica, as\u00ed como estructuras macrosc\u00f3picas propias de cada grupo. Adem\u00e1s,...","og_url":"https:\/\/www.ull.es\/portal\/cienciaull\/proyectochicasconcienciaull\/taller-1-la-botanica-y-el-herbario\/","article_publisher":"https:\/\/www.facebook.com\/CienciaULL\/","article_modified_time":"2020-10-20T07:07:31+00:00","twitter_card":"summary_large_image","twitter_site":"@CienciaULL","twitter_misc":{"Tiempo de lectura":"3 minutos"},"schema":{"@context":"https:\/\/schema.org","@graph":[{"@type":"WebPage","@id":"https:\/\/www.ull.es\/portal\/cienciaull\/proyectochicasconcienciaull\/taller-1-la-botanica-y-el-herbario\/","url":"https:\/\/www.ull.es\/portal\/cienciaull\/proyectochicasconcienciaull\/taller-1-la-botanica-y-el-herbario\/","name":"Taller 1. \u00abLa Bot\u00e1nica y El Herbario\u00bb. -","isPartOf":{"@id":"https:\/\/www.ull.es\/portal\/cienciaull\/#website"},"datePublished":"2020-09-15T08:59:21+00:00","dateModified":"2020-10-20T07:07:31+00:00","breadcrumb":{"@id":"https:\/\/www.ull.es\/portal\/cienciaull\/proyectochicasconcienciaull\/taller-1-la-botanica-y-el-herbario\/#breadcrumb"},"inLanguage":"es","potentialAction":[{"@type":"ReadAction","target":["https:\/\/www.ull.es\/portal\/cienciaull\/proyectochicasconcienciaull\/taller-1-la-botanica-y-el-herbario\/"]}]},{"@type":"BreadcrumbList","@id":"https:\/\/www.ull.es\/portal\/cienciaull\/proyectochicasconcienciaull\/taller-1-la-botanica-y-el-herbario\/#breadcrumb","itemListElement":[{"@type":"ListItem","position":1,"name":"Portada","item":"https:\/\/www.ull.es\/portal\/cienciaull\/"},{"@type":"ListItem","position":2,"name":"Chicas con Cienci@ULL","item":"https:\/\/www.ull.es\/portal\/cienciaull\/proyectochicasconcienciaull\/"},{"@type":"ListItem","position":3,"name":"Taller 1. \u00abLa Bot\u00e1nica y El Herbario\u00bb."}]},{"@type":"WebSite","@id":"https:\/\/www.ull.es\/portal\/cienciaull\/#website","url":"https:\/\/www.ull.es\/portal\/cienciaull\/","name":"","description":"Unidad de Cultura Cient\u00edfica y de la Innovaci\u00f3n de la Universidad de La Laguna","potentialAction":[{"@type":"SearchAction","target":{"@type":"EntryPoint","urlTemplate":"https:\/\/www.ull.es\/portal\/cienciaull\/?s={search_term_string}"},"query-input":"required name=search_term_string"}],"inLanguage":"es"}]}},"_links":{"self":[{"href":"https:\/\/www.ull.es\/portal\/cienciaull\/wp-json\/wp\/v2\/pages\/8608"}],"collection":[{"href":"https:\/\/www.ull.es\/portal\/cienciaull\/wp-json\/wp\/v2\/pages"}],"about":[{"href":"https:\/\/www.ull.es\/portal\/cienciaull\/wp-json\/wp\/v2\/types\/page"}],"author":[{"embeddable":true,"href":"https:\/\/www.ull.es\/portal\/cienciaull\/wp-json\/wp\/v2\/users\/56"}],"replies":[{"embeddable":true,"href":"https:\/\/www.ull.es\/portal\/cienciaull\/wp-json\/wp\/v2\/comments?post=8608"}],"version-history":[{"count":72,"href":"https:\/\/www.ull.es\/portal\/cienciaull\/wp-json\/wp\/v2\/pages\/8608\/revisions"}],"predecessor-version":[{"id":9394,"href":"https:\/\/www.ull.es\/portal\/cienciaull\/wp-json\/wp\/v2\/pages\/8608\/revisions\/9394"}],"up":[{"embeddable":true,"href":"https:\/\/www.ull.es\/portal\/cienciaull\/wp-json\/wp\/v2\/pages\/1606"}],"wp:attachment":[{"href":"https:\/\/www.ull.es\/portal\/cienciaull\/wp-json\/wp\/v2\/media?parent=8608"}],"curies":[{"name":"wp","href":"https:\/\/api.w.org\/{rel}","templated":true}]}}