{"id":9619,"date":"2020-10-20T09:44:18","date_gmt":"2020-10-20T09:44:18","guid":{"rendered":"https:\/\/www.ull.es\/portal\/cienciaull\/?page_id=9619"},"modified":"2025-07-28T10:15:21","modified_gmt":"2025-07-28T10:15:21","slug":"taller-3-y-tu-que-suelo-prefieres","status":"publish","type":"page","link":"https:\/\/www.ull.es\/portal\/cienciaull\/laboratorio-virtual-conecta-cienciull\/energia-biodiversidad-y-medioambiente\/taller-3-y-tu-que-suelo-prefieres\/","title":{"rendered":"Taller 3. \u00abY t\u00fa, \u00bfQu\u00e9 suelo prefieres?\u00bb"},"content":{"rendered":"<p>[vc_row][vc_column][vc_custom_heading source=\u00bbpost_title\u00bb font_container=\u00bbtag:h2|text_align:left|color:%236aaa3a\u00bb google_fonts=\u00bbfont_family:Roboto%20Slab%3A100%2C300%2Cregular%2C700|font_style:700%20bold%20regular%3A700%3Anormal\u00bb][\/vc_column][\/vc_row][vc_row][vc_column][vc_video link=\u00bbhttps:\/\/youtu.be\/yCET2WqgPYQ\u00bb][vc_empty_space][vc_column_text]<\/p>\n<table style=\"height: 205px\" width=\"1131\">\n<tbody>\n<tr>\n<td width=\"118\"><strong>Breve descripci\u00f3n<\/strong><\/td>\n<\/tr>\n<tr>\n<td>\n<p style=\"text-align: justify\">En lugar de una presentaci\u00f3n en Power Point dada por el investigador, el taller se desarrollar\u00e1 en base a un v\u00eddeo en donde se explican tanto los conceptos te\u00f3ricos como pr\u00e1cticos del experimento.<\/p>\n<p style=\"text-align: justify\"><span style=\"font-family: inherit;font-size: inherit\">En este caso se trabajar\u00e1n con un total de 5 muestras de suelos distintos, cada muestra por duplicada o triplicado en funci\u00f3n del n\u00famero total de alumnado. A cada alumno\/a se le asignar\u00e1 un tipo de suelo (modelo de escorrent\u00eda), cada uno con diferentes caracter\u00edsticas, a distinguir entre suelo con vegetaci\u00f3n, suelo desnudo (una capa de tierra solamente), suelo con hojarasca, con cenizas (con el fin de simular el estado del suelo tras un incendio) y un suelo con residuos (pl\u00e1sticos, papeles, etc) el cual simular\u00e1 vertederos incontrolados. Cada alumno\/a se encargar\u00e1 de una situaci\u00f3n distinta y de realizar los an\u00e1lisis pertinentes, cuyos resultados se comentar\u00e1n y discutir\u00e1n entre todos. Dicho experimento alberga la posibilidad de trabajar con cinco tipos de suelos distintos (suelo arenoso de playa, suelo completo de arcillas, etc) pudiendo a\u00f1adirse m\u00e1s tipos a juicio del profesor.<\/span><\/p>\n<\/td>\n<\/tr>\n<\/tbody>\n<\/table>\n<p>[\/vc_column_text][vc_column_text]<\/p>\n<table style=\"height: 65px\" width=\"553\">\n<tbody>\n<tr>\n<td width=\"152\"><strong>P\u00fablico al que se dirige<\/strong><\/td>\n<td width=\"80\"><strong>Duraci\u00f3n\u00a0<\/strong><\/td>\n<\/tr>\n<tr>\n<td>3\u00ba\/4\u00ba ESO y Bachillerato<\/td>\n<td>20:54<\/td>\n<\/tr>\n<\/tbody>\n<\/table>\n<p>[\/vc_column_text][vc_column_text]<\/p>\n<table style=\"border-collapse: collapse;width: 750px;height: 387px\" border=\"0\" width=\"80\" cellspacing=\"0\" cellpadding=\"0\">\n<tbody>\n<tr style=\"height: 15.0pt\">\n<td style=\"height: 15.0pt;width: 60pt\" width=\"80\" height=\"20\"><strong>Materiales necesarios<\/strong><\/td>\n<\/tr>\n<tr style=\"height: 15.0pt\">\n<td style=\"height: 15.0pt\" height=\"20\">Cada alumno\/a ha de contar con:<\/p>\n<ul>\n<li style=\"text-align: justify\"><strong>Botella de pl\u00e1stico de 1,5 \u2013 2 litro<\/strong> recortada como se indica en el v\u00eddeo.<\/li>\n<li style=\"text-align: justify\"><strong>Soporte para las botellas<\/strong>, material aconsejado cart\u00f3n (Anexo II).<\/li>\n<li style=\"text-align: justify\"><strong>Vaso de pl\u00e1stico <\/strong>recolector de agua a la boca de la de botella.<\/li>\n<li style=\"text-align: justify\"><strong>Vaso de agua o botella <\/strong>con que vertemos el agua en el modelo de escorrent\u00eda.<\/li>\n<li style=\"text-align: justify\"><strong>Cuerda<\/strong> para sujetar el vaso a la boca de la botella (opcional)<\/li>\n<li style=\"text-align: justify\"><strong>Papel y l\u00e1piz<\/strong> para tomar nota.<\/li>\n<li style=\"text-align: justify\"><strong>Papel de pH <\/strong>(opcional), en caso de que se quiera observar como varia esta propiedad qu\u00edmica del suelo.<\/li>\n<\/ul>\n<\/td>\n<\/tr>\n<\/tbody>\n<\/table>\n<p>[\/vc_column_text][vc_column_text]<\/p>\n<table style=\"height: 5px\" width=\"643\">\n<tbody>\n<tr>\n<td width=\"97\"><strong>Investigador<\/strong><\/td>\n<td width=\"80\">Cristopher Dom\u00ednguez Hern\u00e1ndez<\/td>\n<\/tr>\n<\/tbody>\n<\/table>\n<p>[\/vc_column_text][vc_empty_space][vc_btn title=\u00bbDescargar ficha del taller\u00bb color=\u00bbgreen\u00bb align=\u00bbcenter\u00bb link=\u00bburl:https%3A%2F%2Fdrive.google.com%2Ffile%2Fd%2F1iGbB4rkL-C7iqpQ4WlF68iPu9CUKvFAP%2Fview%3Fusp%3Dsharing|target:_blank\u00bb][\/vc_column][\/vc_row]<\/p>\n","protected":false},"excerpt":{"rendered":"<p>[vc_row][vc_column][vc_custom_heading source=\u00bbpost_title\u00bb font_container=\u00bbtag:h2|text_align:left|color:%236aaa3a\u00bb google_fonts=\u00bbfont_family:Roboto%20Slab%3A100%2C300%2Cregular%2C700|font_style:700%20bold%20regular%3A700%3Anormal\u00bb][\/vc_column][\/vc_row][vc_row][vc_column][vc_video link=\u00bbhttps:\/\/youtu.be\/yCET2WqgPYQ\u00bb][vc_empty_space][vc_column_text] Breve descripci\u00f3n En lugar de una presentaci\u00f3n en Power Point dada por el investigador, el taller se desarrollar\u00e1 en base a un v\u00eddeo en donde se explican tanto los conceptos te\u00f3ricos como pr\u00e1cticos del experimento. En este caso se trabajar\u00e1n con un total de 5 muestras de suelos distintos, cada&#8230;<\/p>\n","protected":false},"author":56,"featured_media":0,"parent":26989,"menu_order":3,"comment_status":"closed","ping_status":"closed","template":"","meta":{"inline_featured_image":false,"footnotes":""},"acf":[],"yoast_head":"<!-- This site is optimized with the Yoast SEO plugin v21.3 - https:\/\/yoast.com\/wordpress\/plugins\/seo\/ -->\n<title>Taller 3. \u00abY t\u00fa, \u00bfQu\u00e9 suelo prefieres?\u00bb -<\/title>\n<meta name=\"robots\" content=\"index, follow, max-snippet:-1, max-image-preview:large, max-video-preview:-1\" \/>\n<link rel=\"canonical\" href=\"https:\/\/www.ull.es\/portal\/cienciaull\/laboratorio-virtual-conecta-cienciull\/energia-biodiversidad-y-medioambiente\/taller-3-y-tu-que-suelo-prefieres\/\" \/>\n<meta property=\"og:locale\" content=\"es_ES\" \/>\n<meta property=\"og:type\" content=\"article\" \/>\n<meta property=\"og:title\" content=\"Taller 3. \u00abY t\u00fa, \u00bfQu\u00e9 suelo prefieres?\u00bb -\" \/>\n<meta property=\"og:description\" content=\"[vc_row][vc_column][vc_custom_heading source=\u00bbpost_title\u00bb font_container=\u00bbtag:h2|text_align:left|color:%236aaa3a\u00bb google_fonts=\u00bbfont_family:Roboto%20Slab%3A100%2C300%2Cregular%2C700|font_style:700%20bold%20regular%3A700%3Anormal\u00bb][\/vc_column][\/vc_row][vc_row][vc_column][vc_video link=\u00bbhttps:\/\/youtu.be\/yCET2WqgPYQ\u00bb][vc_empty_space][vc_column_text] Breve descripci\u00f3n En lugar de una presentaci\u00f3n en Power Point dada por el investigador, el taller se desarrollar\u00e1 en base a un v\u00eddeo en donde se explican tanto los conceptos te\u00f3ricos como pr\u00e1cticos del experimento. En este caso se trabajar\u00e1n con un total de 5 muestras de suelos distintos, cada...\" \/>\n<meta property=\"og:url\" content=\"https:\/\/www.ull.es\/portal\/cienciaull\/laboratorio-virtual-conecta-cienciull\/energia-biodiversidad-y-medioambiente\/taller-3-y-tu-que-suelo-prefieres\/\" \/>\n<meta property=\"article:publisher\" content=\"https:\/\/www.facebook.com\/CienciaULL\/\" \/>\n<meta property=\"article:modified_time\" content=\"2025-07-28T10:15:21+00:00\" \/>\n<meta name=\"twitter:card\" content=\"summary_large_image\" \/>\n<meta name=\"twitter:site\" content=\"@CienciaULL\" \/>\n<meta name=\"twitter:label1\" content=\"Tiempo de lectura\" \/>\n\t<meta name=\"twitter:data1\" content=\"2 minutos\" \/>\n<script type=\"application\/ld+json\" class=\"yoast-schema-graph\">{\"@context\":\"https:\/\/schema.org\",\"@graph\":[{\"@type\":\"WebPage\",\"@id\":\"https:\/\/www.ull.es\/portal\/cienciaull\/laboratorio-virtual-conecta-cienciull\/energia-biodiversidad-y-medioambiente\/taller-3-y-tu-que-suelo-prefieres\/\",\"url\":\"https:\/\/www.ull.es\/portal\/cienciaull\/laboratorio-virtual-conecta-cienciull\/energia-biodiversidad-y-medioambiente\/taller-3-y-tu-que-suelo-prefieres\/\",\"name\":\"Taller 3. \u00abY t\u00fa, \u00bfQu\u00e9 suelo prefieres?\u00bb -\",\"isPartOf\":{\"@id\":\"https:\/\/www.ull.es\/portal\/cienciaull\/#website\"},\"datePublished\":\"2020-10-20T09:44:18+00:00\",\"dateModified\":\"2025-07-28T10:15:21+00:00\",\"breadcrumb\":{\"@id\":\"https:\/\/www.ull.es\/portal\/cienciaull\/laboratorio-virtual-conecta-cienciull\/energia-biodiversidad-y-medioambiente\/taller-3-y-tu-que-suelo-prefieres\/#breadcrumb\"},\"inLanguage\":\"es\",\"potentialAction\":[{\"@type\":\"ReadAction\",\"target\":[\"https:\/\/www.ull.es\/portal\/cienciaull\/laboratorio-virtual-conecta-cienciull\/energia-biodiversidad-y-medioambiente\/taller-3-y-tu-que-suelo-prefieres\/\"]}]},{\"@type\":\"BreadcrumbList\",\"@id\":\"https:\/\/www.ull.es\/portal\/cienciaull\/laboratorio-virtual-conecta-cienciull\/energia-biodiversidad-y-medioambiente\/taller-3-y-tu-que-suelo-prefieres\/#breadcrumb\",\"itemListElement\":[{\"@type\":\"ListItem\",\"position\":1,\"name\":\"Portada\",\"item\":\"https:\/\/www.ull.es\/portal\/cienciaull\/\"},{\"@type\":\"ListItem\",\"position\":2,\"name\":\"Laboratorio Virtual Conecta Cienci@ULL\",\"item\":\"https:\/\/www.ull.es\/portal\/cienciaull\/laboratorio-virtual-conecta-cienciull\/\"},{\"@type\":\"ListItem\",\"position\":3,\"name\":\"Energ\u00eda, Biodiversidad y Medioambiente\",\"item\":\"https:\/\/www.ull.es\/portal\/cienciaull\/laboratorio-virtual-conecta-cienciull\/energia-biodiversidad-y-medioambiente\/\"},{\"@type\":\"ListItem\",\"position\":4,\"name\":\"Taller 3. \u00abY t\u00fa, \u00bfQu\u00e9 suelo prefieres?\u00bb\"}]},{\"@type\":\"WebSite\",\"@id\":\"https:\/\/www.ull.es\/portal\/cienciaull\/#website\",\"url\":\"https:\/\/www.ull.es\/portal\/cienciaull\/\",\"name\":\"\",\"description\":\"Unidad de Cultura Cient\u00edfica y de la Innovaci\u00f3n de la Universidad de La Laguna\",\"potentialAction\":[{\"@type\":\"SearchAction\",\"target\":{\"@type\":\"EntryPoint\",\"urlTemplate\":\"https:\/\/www.ull.es\/portal\/cienciaull\/?s={search_term_string}\"},\"query-input\":\"required name=search_term_string\"}],\"inLanguage\":\"es\"}]}<\/script>\n<!-- \/ Yoast SEO plugin. -->","yoast_head_json":{"title":"Taller 3. \u00abY t\u00fa, \u00bfQu\u00e9 suelo prefieres?\u00bb -","robots":{"index":"index","follow":"follow","max-snippet":"max-snippet:-1","max-image-preview":"max-image-preview:large","max-video-preview":"max-video-preview:-1"},"canonical":"https:\/\/www.ull.es\/portal\/cienciaull\/laboratorio-virtual-conecta-cienciull\/energia-biodiversidad-y-medioambiente\/taller-3-y-tu-que-suelo-prefieres\/","og_locale":"es_ES","og_type":"article","og_title":"Taller 3. \u00abY t\u00fa, \u00bfQu\u00e9 suelo prefieres?\u00bb -","og_description":"[vc_row][vc_column][vc_custom_heading source=\u00bbpost_title\u00bb font_container=\u00bbtag:h2|text_align:left|color:%236aaa3a\u00bb google_fonts=\u00bbfont_family:Roboto%20Slab%3A100%2C300%2Cregular%2C700|font_style:700%20bold%20regular%3A700%3Anormal\u00bb][\/vc_column][\/vc_row][vc_row][vc_column][vc_video link=\u00bbhttps:\/\/youtu.be\/yCET2WqgPYQ\u00bb][vc_empty_space][vc_column_text] Breve descripci\u00f3n En lugar de una presentaci\u00f3n en Power Point dada por el investigador, el taller se desarrollar\u00e1 en base a un v\u00eddeo en donde se explican tanto los conceptos te\u00f3ricos como pr\u00e1cticos del experimento. En este caso se trabajar\u00e1n con un total de 5 muestras de suelos distintos, cada...","og_url":"https:\/\/www.ull.es\/portal\/cienciaull\/laboratorio-virtual-conecta-cienciull\/energia-biodiversidad-y-medioambiente\/taller-3-y-tu-que-suelo-prefieres\/","article_publisher":"https:\/\/www.facebook.com\/CienciaULL\/","article_modified_time":"2025-07-28T10:15:21+00:00","twitter_card":"summary_large_image","twitter_site":"@CienciaULL","twitter_misc":{"Tiempo de lectura":"2 minutos"},"schema":{"@context":"https:\/\/schema.org","@graph":[{"@type":"WebPage","@id":"https:\/\/www.ull.es\/portal\/cienciaull\/laboratorio-virtual-conecta-cienciull\/energia-biodiversidad-y-medioambiente\/taller-3-y-tu-que-suelo-prefieres\/","url":"https:\/\/www.ull.es\/portal\/cienciaull\/laboratorio-virtual-conecta-cienciull\/energia-biodiversidad-y-medioambiente\/taller-3-y-tu-que-suelo-prefieres\/","name":"Taller 3. \u00abY t\u00fa, \u00bfQu\u00e9 suelo prefieres?\u00bb -","isPartOf":{"@id":"https:\/\/www.ull.es\/portal\/cienciaull\/#website"},"datePublished":"2020-10-20T09:44:18+00:00","dateModified":"2025-07-28T10:15:21+00:00","breadcrumb":{"@id":"https:\/\/www.ull.es\/portal\/cienciaull\/laboratorio-virtual-conecta-cienciull\/energia-biodiversidad-y-medioambiente\/taller-3-y-tu-que-suelo-prefieres\/#breadcrumb"},"inLanguage":"es","potentialAction":[{"@type":"ReadAction","target":["https:\/\/www.ull.es\/portal\/cienciaull\/laboratorio-virtual-conecta-cienciull\/energia-biodiversidad-y-medioambiente\/taller-3-y-tu-que-suelo-prefieres\/"]}]},{"@type":"BreadcrumbList","@id":"https:\/\/www.ull.es\/portal\/cienciaull\/laboratorio-virtual-conecta-cienciull\/energia-biodiversidad-y-medioambiente\/taller-3-y-tu-que-suelo-prefieres\/#breadcrumb","itemListElement":[{"@type":"ListItem","position":1,"name":"Portada","item":"https:\/\/www.ull.es\/portal\/cienciaull\/"},{"@type":"ListItem","position":2,"name":"Laboratorio Virtual Conecta Cienci@ULL","item":"https:\/\/www.ull.es\/portal\/cienciaull\/laboratorio-virtual-conecta-cienciull\/"},{"@type":"ListItem","position":3,"name":"Energ\u00eda, Biodiversidad y Medioambiente","item":"https:\/\/www.ull.es\/portal\/cienciaull\/laboratorio-virtual-conecta-cienciull\/energia-biodiversidad-y-medioambiente\/"},{"@type":"ListItem","position":4,"name":"Taller 3. \u00abY t\u00fa, \u00bfQu\u00e9 suelo prefieres?\u00bb"}]},{"@type":"WebSite","@id":"https:\/\/www.ull.es\/portal\/cienciaull\/#website","url":"https:\/\/www.ull.es\/portal\/cienciaull\/","name":"","description":"Unidad de Cultura Cient\u00edfica y de la Innovaci\u00f3n de la Universidad de La Laguna","potentialAction":[{"@type":"SearchAction","target":{"@type":"EntryPoint","urlTemplate":"https:\/\/www.ull.es\/portal\/cienciaull\/?s={search_term_string}"},"query-input":"required name=search_term_string"}],"inLanguage":"es"}]}},"_links":{"self":[{"href":"https:\/\/www.ull.es\/portal\/cienciaull\/wp-json\/wp\/v2\/pages\/9619"}],"collection":[{"href":"https:\/\/www.ull.es\/portal\/cienciaull\/wp-json\/wp\/v2\/pages"}],"about":[{"href":"https:\/\/www.ull.es\/portal\/cienciaull\/wp-json\/wp\/v2\/types\/page"}],"author":[{"embeddable":true,"href":"https:\/\/www.ull.es\/portal\/cienciaull\/wp-json\/wp\/v2\/users\/56"}],"replies":[{"embeddable":true,"href":"https:\/\/www.ull.es\/portal\/cienciaull\/wp-json\/wp\/v2\/comments?post=9619"}],"version-history":[{"count":15,"href":"https:\/\/www.ull.es\/portal\/cienciaull\/wp-json\/wp\/v2\/pages\/9619\/revisions"}],"predecessor-version":[{"id":34976,"href":"https:\/\/www.ull.es\/portal\/cienciaull\/wp-json\/wp\/v2\/pages\/9619\/revisions\/34976"}],"up":[{"embeddable":true,"href":"https:\/\/www.ull.es\/portal\/cienciaull\/wp-json\/wp\/v2\/pages\/26989"}],"wp:attachment":[{"href":"https:\/\/www.ull.es\/portal\/cienciaull\/wp-json\/wp\/v2\/media?parent=9619"}],"curies":[{"name":"wp","href":"https:\/\/api.w.org\/{rel}","templated":true}]}}