{"version":"1.0","provider_name":"Convocatorias","provider_url":"https:\/\/www.ull.es\/portal\/convocatorias","author_name":"admin_wp","author_url":"https:\/\/www.ull.es\/portal\/convocatorias\/author\/admin_wp\/","title":"Resoluci\u00f3n de Rector de la Universidad de La Laguna por la que se convoca la sexta edici\u00f3n de los Premios de Innovaci\u00f3n Educativa de la Universidad de La Laguna - Convocatorias","type":"rich","width":600,"height":338,"html":"<blockquote class=\"wp-embedded-content\" data-secret=\"19avPgVylU\"><a href=\"https:\/\/www.ull.es\/portal\/convocatorias\/convocatoria\/premios-innovacion-educativa-2017\/\">Resoluci\u00f3n de Rector de la Universidad de La Laguna por la que se convoca la sexta edici\u00f3n de los Premios de Innovaci\u00f3n Educativa de la Universidad de La Laguna<\/a><\/blockquote><iframe sandbox=\"allow-scripts\" security=\"restricted\" src=\"https:\/\/www.ull.es\/portal\/convocatorias\/convocatoria\/premios-innovacion-educativa-2017\/embed\/#?secret=19avPgVylU\" width=\"600\" height=\"338\" title=\"\u00abResoluci\u00f3n de Rector de la Universidad de La Laguna por la que se convoca la sexta edici\u00f3n de los Premios de Innovaci\u00f3n Educativa de la Universidad de La Laguna\u00bb \u2014 Convocatorias\" data-secret=\"19avPgVylU\" frameborder=\"0\" marginwidth=\"0\" marginheight=\"0\" scrolling=\"no\" class=\"wp-embedded-content\"><\/iframe><script type=\"text\/javascript\">\n\/*! This file is auto-generated *\/\n!function(c,d){\"use strict\";var e=!1,o=!1;if(d.querySelector)if(c.addEventListener)e=!0;if(c.wp=c.wp||{},c.wp.receiveEmbedMessage);else if(c.wp.receiveEmbedMessage=function(e){var t=e.data;if(!t);else if(!(t.secret||t.message||t.value));else if(\/[^a-zA-Z0-9]\/.test(t.secret));else{for(var r,s,a,i=d.querySelectorAll('iframe[data-secret=\"'+t.secret+'\"]'),n=d.querySelectorAll('blockquote[data-secret=\"'+t.secret+'\"]'),o=new RegExp(\"^https?:$\",\"i\"),l=0;l<n.length;l++)n[l].style.display=\"none\";for(l=0;l<i.length;l++)if(r=i[l],e.source!==r.contentWindow);else{if(r.removeAttribute(\"style\"),\"height\"===t.message){if(1e3<(s=parseInt(t.value,10)))s=1e3;else if(~~s<200)s=200;r.height=s}if(\"link\"===t.message)if(s=d.createElement(\"a\"),a=d.createElement(\"a\"),s.href=r.getAttribute(\"src\"),a.href=t.value,!o.test(a.protocol));else if(a.host===s.host)if(d.activeElement===r)c.top.location.href=t.value}}},e)c.addEventListener(\"message\",c.wp.receiveEmbedMessage,!1),d.addEventListener(\"DOMContentLoaded\",t,!1),c.addEventListener(\"load\",t,!1);function t(){if(o);else{o=!0;for(var e,t,r,s=-1!==navigator.appVersion.indexOf(\"MSIE 10\"),a=!!navigator.userAgent.match(\/Trident.*rv:11\\.\/),i=d.querySelectorAll(\"iframe.wp-embedded-content\"),n=0;n<i.length;n++){if(!(r=(t=i[n]).getAttribute(\"data-secret\")))r=Math.random().toString(36).substr(2,10),t.src+=\"#?secret=\"+r,t.setAttribute(\"data-secret\",r);if(s||a)(e=t.cloneNode(!0)).removeAttribute(\"security\"),t.parentNode.replaceChild(e,t);t.contentWindow.postMessage({message:\"ready\",secret:r},\"*\")}}}}(window,document);\n<\/script>\n","description":"Resoluci\u00f3n del Vicerrectorado de Docencia de la ULL por la que se declara aprobada la relaci\u00f3n provisional de admitidos y excluidos al procedimiento de participaci\u00f3n en la convocatoria de la sexta edici\u00f3n de los Premios de Innovaci\u00f3n Educativa de la Universidad de La Laguna (fecha de publicaci\u00f3n: 23 de marzo de 2017) Anexo I &#8211;..."}

Resolución de Rector de la Universidad de La Laguna por la que se convoca la sexta edición de los Premios de Innovación Educativa de la Universidad de La Laguna - Convocatorias

<blockquote class="wp-embedded-content" data-secret="19avPgVylU"><a href="https://www.ull.es/portal/convocatorias/convocatoria/premios-innovacion-educativa-2017/">Resolución de Rector de la Universidad de La Laguna por la que se convoca la sexta edición de los Premios de Innovación Educativa de la Universidad de La Laguna</a></blockquote><iframe sandbox="allow-scripts" security="restricted" src="https://www.ull.es/portal/convocatorias/convocatoria/premios-innovacion-educativa-2017/embed/#?secret=19avPgVylU" width="600" height="338" title="«Resolución de Rector de la Universidad de La Laguna por la que se convoca la sexta edición de los Premios de Innovación Educativa de la Universidad de La Laguna» — Convocatorias" data-secret="19avPgVylU" frameborder="0" marginwidth="0" marginheight="0" scrolling="no" class="wp-embedded-content"></iframe><script type="text/javascript">
/*! This file is auto-generated */
!function(c,d){"use strict";var e=!1,o=!1;if(d.querySelector)if(c.addEventListener)e=!0;if(c.wp=c.wp||{},c.wp.receiveEmbedMessage);else if(c.wp.receiveEmbedMessage=function(e){var t=e.data;if(!t);else if(!(t.secret||t.message||t.value));else if(/[^a-zA-Z0-9]/.test(t.secret));else{for(var r,s,a,i=d.querySelectorAll('iframe[data-secret="'+t.secret+'"]'),n=d.querySelectorAll('blockquote[data-secret="'+t.secret+'"]'),o=new RegExp("^https?:$","i"),l=0;l<n.length;l++)n[l].style.display="none";for(l=0;l<i.length;l++)if(r=i[l],e.source!==r.contentWindow);else{if(r.removeAttribute("style"),"height"===t.message){if(1e3<(s=parseInt(t.value,10)))s=1e3;else if(~~s<200)s=200;r.height=s}if("link"===t.message)if(s=d.createElement("a"),a=d.createElement("a"),s.href=r.getAttribute("src"),a.href=t.value,!o.test(a.protocol));else if(a.host===s.host)if(d.activeElement===r)c.top.location.href=t.value}}},e)c.addEventListener("message",c.wp.receiveEmbedMessage,!1),d.addEventListener("DOMContentLoaded",t,!1),c.addEventListener("load",t,!1);function t(){if(o);else{o=!0;for(var e,t,r,s=-1!==navigator.appVersion.indexOf("MSIE 10"),a=!!navigator.userAgent.match(/Trident.*rv:11\./),i=d.querySelectorAll("iframe.wp-embedded-content"),n=0;n<i.length;n++){if(!(r=(t=i[n]).getAttribute("data-secret")))r=Math.random().toString(36).substr(2,10),t.src+="#?secret="+r,t.setAttribute("data-secret",r);if(s||a)(e=t.cloneNode(!0)).removeAttribute("security"),t.parentNode.replaceChild(e,t);t.contentWindow.postMessage({message:"ready",secret:r},"*")}}}}(window,document);
</script>

Resolución del Vicerrectorado de Docencia de la ULL por la que se declara aprobada la relación provisional de admitidos y excluidos al procedimiento de participación en la convocatoria de la sexta edición de los Premios de Innovación Educativa de la Universidad de La Laguna (fecha de publicación: 23 de marzo de 2017) Anexo I &#8211;...
