{"id":26511,"date":"2026-09-01T11:12:20","date_gmt":"2026-09-01T11:12:20","guid":{"rendered":"https:\/\/www.ull.es\/portal\/convocatorias\/?post_type=convocatorias&#038;p=26511"},"modified":"2026-09-01T11:19:53","modified_gmt":"2026-09-01T11:19:53","slug":"resolucion-del-vicerrectorado-de-personal-docente-e-investigador-por-la-que-se-aprueba-la-convocatoria-para-el-nombramiento-de-profesores-honorarios-de-la-universidad-de-la-laguna-del-curso-academic-6","status":"publish","type":"convocatorias","link":"https:\/\/www.ull.es\/portal\/convocatorias\/convocatoria\/resolucion-del-vicerrectorado-de-personal-docente-e-investigador-por-la-que-se-aprueba-la-convocatoria-para-el-nombramiento-de-profesores-honorarios-de-la-universidad-de-la-laguna-del-curso-academic-6\/","title":{"rendered":"Resoluci\u00f3n del Vicerrectorado de Personal Docente e Investigador, por la que se aprueba la convocatoria para el nombramiento de profesores honorarios de la Universidad de la Laguna del curso acad\u00e9mico 2025\/2026."},"content":{"rendered":"<p>Plazo de presentaci\u00f3n de solicitudes: desde el 2 de septiembre al 29 de septiembre de 2026.<\/p>\n<p>Anexo I:<\/p>\n<p><a href=\"https:\/\/drive.google.com\/file\/d\/1YDa8MFEImN4sUpUx3ces6lwIeUj9C0Eu\/view\" target=\"_blank\" rel=\"noopener\" target=\"_blank\" rel=\"noopener\">Solicitud de nombramiento Profesor Honorario de la Universidad de La Laguna.<\/a><br \/>\n<a href=\"https:\/\/drive.google.com\/file\/d\/1vJSuERrKtBYV61By90DpD7sHFXHavwO6\/view\" target=\"_blank\" rel=\"noopener\" target=\"_blank\" rel=\"noopener\">Solicitud de pr\u00f3rroga de nombramiento Profesor Honorario de la Universidad de La Laguna.<\/a><\/p>\n<p>Anexo II:<\/p>\n<p><a href=\"https:\/\/drive.google.com\/file\/d\/1nal_bYcUtSaZ8HJfxn9_WwnqWDkQtnxz\/view\" target=\"_blank\" rel=\"noopener\" target=\"_blank\" rel=\"noopener\">Relaci\u00f3n de m\u00e9ritos suscritos por el solicitante<\/a><\/p>\n","protected":false},"featured_media":0,"parent":0,"menu_order":0,"template":"","taxonomia_convocatorias":[5,82,8,69],"acf":[],"yoast_head":"<!-- This site is optimized with the Yoast SEO plugin v21.3 - https:\/\/yoast.com\/wordpress\/plugins\/seo\/ -->\n<title>Resoluci\u00f3n del Vicerrectorado de Personal Docente e Investigador, por la que se aprueba la convocatoria para el nombramiento de profesores honorarios de la Universidad de la Laguna del curso acad\u00e9mico 2025\/2026. - Convocatorias<\/title>\n<meta name=\"robots\" content=\"index, follow, max-snippet:-1, max-image-preview:large, max-video-preview:-1\" \/>\n<link rel=\"canonical\" href=\"https:\/\/www.ull.es\/portal\/convocatorias\/convocatoria\/resolucion-del-vicerrectorado-de-personal-docente-e-investigador-por-la-que-se-aprueba-la-convocatoria-para-el-nombramiento-de-profesores-honorarios-de-la-universidad-de-la-laguna-del-curso-academic-6\/\" \/>\n<meta property=\"og:locale\" content=\"es_ES\" \/>\n<meta property=\"og:type\" content=\"article\" \/>\n<meta property=\"og:title\" content=\"Resoluci\u00f3n del Vicerrectorado de Personal Docente e Investigador, por la que se aprueba la convocatoria para el nombramiento de profesores honorarios de la Universidad de la Laguna del curso acad\u00e9mico 2025\/2026. - Convocatorias\" \/>\n<meta property=\"og:description\" content=\"Plazo de presentaci\u00f3n de solicitudes: desde el 2 de septiembre al 29 de septiembre de 2026. Anexo I: Solicitud de nombramiento Profesor Honorario de la Universidad de La Laguna. Solicitud de pr\u00f3rroga de nombramiento Profesor Honorario de la Universidad de La Laguna. Anexo II: Relaci\u00f3n de m\u00e9ritos suscritos por el solicitante\" \/>\n<meta property=\"og:url\" content=\"https:\/\/www.ull.es\/portal\/convocatorias\/convocatoria\/resolucion-del-vicerrectorado-de-personal-docente-e-investigador-por-la-que-se-aprueba-la-convocatoria-para-el-nombramiento-de-profesores-honorarios-de-la-universidad-de-la-laguna-del-curso-academic-6\/\" \/>\n<meta property=\"og:site_name\" content=\"Convocatorias\" \/>\n<meta property=\"article:modified_time\" content=\"2026-09-01T11:19:53+00:00\" \/>\n<meta name=\"twitter:card\" content=\"summary_large_image\" \/>\n<meta name=\"twitter:label1\" content=\"Tiempo de lectura\" \/>\n\t<meta name=\"twitter:data1\" content=\"1 minuto\" \/>\n<script type=\"application\/ld+json\" class=\"yoast-schema-graph\">{\"@context\":\"https:\/\/schema.org\",\"@graph\":[{\"@type\":\"WebPage\",\"@id\":\"https:\/\/www.ull.es\/portal\/convocatorias\/convocatoria\/resolucion-del-vicerrectorado-de-personal-docente-e-investigador-por-la-que-se-aprueba-la-convocatoria-para-el-nombramiento-de-profesores-honorarios-de-la-universidad-de-la-laguna-del-curso-academic-6\/\",\"url\":\"https:\/\/www.ull.es\/portal\/convocatorias\/convocatoria\/resolucion-del-vicerrectorado-de-personal-docente-e-investigador-por-la-que-se-aprueba-la-convocatoria-para-el-nombramiento-de-profesores-honorarios-de-la-universidad-de-la-laguna-del-curso-academic-6\/\",\"name\":\"Resoluci\u00f3n del Vicerrectorado de Personal Docente e Investigador, por la que se aprueba la convocatoria para el nombramiento de profesores honorarios de la Universidad de la Laguna del curso acad\u00e9mico 2025\/2026. - Convocatorias\",\"isPartOf\":{\"@id\":\"https:\/\/www.ull.es\/portal\/convocatorias\/#website\"},\"datePublished\":\"2026-09-01T11:12:20+00:00\",\"dateModified\":\"2026-09-01T11:19:53+00:00\",\"breadcrumb\":{\"@id\":\"https:\/\/www.ull.es\/portal\/convocatorias\/convocatoria\/resolucion-del-vicerrectorado-de-personal-docente-e-investigador-por-la-que-se-aprueba-la-convocatoria-para-el-nombramiento-de-profesores-honorarios-de-la-universidad-de-la-laguna-del-curso-academic-6\/#breadcrumb\"},\"inLanguage\":\"es\",\"potentialAction\":[{\"@type\":\"ReadAction\",\"target\":[\"https:\/\/www.ull.es\/portal\/convocatorias\/convocatoria\/resolucion-del-vicerrectorado-de-personal-docente-e-investigador-por-la-que-se-aprueba-la-convocatoria-para-el-nombramiento-de-profesores-honorarios-de-la-universidad-de-la-laguna-del-curso-academic-6\/\"]}]},{\"@type\":\"BreadcrumbList\",\"@id\":\"https:\/\/www.ull.es\/portal\/convocatorias\/convocatoria\/resolucion-del-vicerrectorado-de-personal-docente-e-investigador-por-la-que-se-aprueba-la-convocatoria-para-el-nombramiento-de-profesores-honorarios-de-la-universidad-de-la-laguna-del-curso-academic-6\/#breadcrumb\",\"itemListElement\":[{\"@type\":\"ListItem\",\"position\":1,\"name\":\"Portada\",\"item\":\"https:\/\/www.ull.es\/portal\/convocatorias\/\"},{\"@type\":\"ListItem\",\"position\":2,\"name\":\"Resoluci\u00f3n del Vicerrectorado de Personal Docente e Investigador, por la que se aprueba la convocatoria para el nombramiento de profesores honorarios de la Universidad de la Laguna del curso acad\u00e9mico 2025\/2026.\"}]},{\"@type\":\"WebSite\",\"@id\":\"https:\/\/www.ull.es\/portal\/convocatorias\/#website\",\"url\":\"https:\/\/www.ull.es\/portal\/convocatorias\/\",\"name\":\"Convocatorias\",\"description\":\"\",\"potentialAction\":[{\"@type\":\"SearchAction\",\"target\":{\"@type\":\"EntryPoint\",\"urlTemplate\":\"https:\/\/www.ull.es\/portal\/convocatorias\/?s={search_term_string}\"},\"query-input\":\"required name=search_term_string\"}],\"inLanguage\":\"es\"}]}<\/script>\n<!-- \/ Yoast SEO plugin. -->","yoast_head_json":{"title":"Resoluci\u00f3n del Vicerrectorado de Personal Docente e Investigador, por la que se aprueba la convocatoria para el nombramiento de profesores honorarios de la Universidad de la Laguna del curso acad\u00e9mico 2025\/2026. - Convocatorias","robots":{"index":"index","follow":"follow","max-snippet":"max-snippet:-1","max-image-preview":"max-image-preview:large","max-video-preview":"max-video-preview:-1"},"canonical":"https:\/\/www.ull.es\/portal\/convocatorias\/convocatoria\/resolucion-del-vicerrectorado-de-personal-docente-e-investigador-por-la-que-se-aprueba-la-convocatoria-para-el-nombramiento-de-profesores-honorarios-de-la-universidad-de-la-laguna-del-curso-academic-6\/","og_locale":"es_ES","og_type":"article","og_title":"Resoluci\u00f3n del Vicerrectorado de Personal Docente e Investigador, por la que se aprueba la convocatoria para el nombramiento de profesores honorarios de la Universidad de la Laguna del curso acad\u00e9mico 2025\/2026. - Convocatorias","og_description":"Plazo de presentaci\u00f3n de solicitudes: desde el 2 de septiembre al 29 de septiembre de 2026. Anexo I: Solicitud de nombramiento Profesor Honorario de la Universidad de La Laguna. Solicitud de pr\u00f3rroga de nombramiento Profesor Honorario de la Universidad de La Laguna. Anexo II: Relaci\u00f3n de m\u00e9ritos suscritos por el solicitante","og_url":"https:\/\/www.ull.es\/portal\/convocatorias\/convocatoria\/resolucion-del-vicerrectorado-de-personal-docente-e-investigador-por-la-que-se-aprueba-la-convocatoria-para-el-nombramiento-de-profesores-honorarios-de-la-universidad-de-la-laguna-del-curso-academic-6\/","og_site_name":"Convocatorias","article_modified_time":"2026-09-01T11:19:53+00:00","twitter_card":"summary_large_image","twitter_misc":{"Tiempo de lectura":"1 minuto"},"schema":{"@context":"https:\/\/schema.org","@graph":[{"@type":"WebPage","@id":"https:\/\/www.ull.es\/portal\/convocatorias\/convocatoria\/resolucion-del-vicerrectorado-de-personal-docente-e-investigador-por-la-que-se-aprueba-la-convocatoria-para-el-nombramiento-de-profesores-honorarios-de-la-universidad-de-la-laguna-del-curso-academic-6\/","url":"https:\/\/www.ull.es\/portal\/convocatorias\/convocatoria\/resolucion-del-vicerrectorado-de-personal-docente-e-investigador-por-la-que-se-aprueba-la-convocatoria-para-el-nombramiento-de-profesores-honorarios-de-la-universidad-de-la-laguna-del-curso-academic-6\/","name":"Resoluci\u00f3n del Vicerrectorado de Personal Docente e Investigador, por la que se aprueba la convocatoria para el nombramiento de profesores honorarios de la Universidad de la Laguna del curso acad\u00e9mico 2025\/2026. - Convocatorias","isPartOf":{"@id":"https:\/\/www.ull.es\/portal\/convocatorias\/#website"},"datePublished":"2026-09-01T11:12:20+00:00","dateModified":"2026-09-01T11:19:53+00:00","breadcrumb":{"@id":"https:\/\/www.ull.es\/portal\/convocatorias\/convocatoria\/resolucion-del-vicerrectorado-de-personal-docente-e-investigador-por-la-que-se-aprueba-la-convocatoria-para-el-nombramiento-de-profesores-honorarios-de-la-universidad-de-la-laguna-del-curso-academic-6\/#breadcrumb"},"inLanguage":"es","potentialAction":[{"@type":"ReadAction","target":["https:\/\/www.ull.es\/portal\/convocatorias\/convocatoria\/resolucion-del-vicerrectorado-de-personal-docente-e-investigador-por-la-que-se-aprueba-la-convocatoria-para-el-nombramiento-de-profesores-honorarios-de-la-universidad-de-la-laguna-del-curso-academic-6\/"]}]},{"@type":"BreadcrumbList","@id":"https:\/\/www.ull.es\/portal\/convocatorias\/convocatoria\/resolucion-del-vicerrectorado-de-personal-docente-e-investigador-por-la-que-se-aprueba-la-convocatoria-para-el-nombramiento-de-profesores-honorarios-de-la-universidad-de-la-laguna-del-curso-academic-6\/#breadcrumb","itemListElement":[{"@type":"ListItem","position":1,"name":"Portada","item":"https:\/\/www.ull.es\/portal\/convocatorias\/"},{"@type":"ListItem","position":2,"name":"Resoluci\u00f3n del Vicerrectorado de Personal Docente e Investigador, por la que se aprueba la convocatoria para el nombramiento de profesores honorarios de la Universidad de la Laguna del curso acad\u00e9mico 2025\/2026."}]},{"@type":"WebSite","@id":"https:\/\/www.ull.es\/portal\/convocatorias\/#website","url":"https:\/\/www.ull.es\/portal\/convocatorias\/","name":"Convocatorias","description":"","potentialAction":[{"@type":"SearchAction","target":{"@type":"EntryPoint","urlTemplate":"https:\/\/www.ull.es\/portal\/convocatorias\/?s={search_term_string}"},"query-input":"required name=search_term_string"}],"inLanguage":"es"}]}},"featured_image_thumbnail_url":null,"_links":{"self":[{"href":"https:\/\/www.ull.es\/portal\/convocatorias\/wp-json\/wp\/v2\/convocatorias\/26511"}],"collection":[{"href":"https:\/\/www.ull.es\/portal\/convocatorias\/wp-json\/wp\/v2\/convocatorias"}],"about":[{"href":"https:\/\/www.ull.es\/portal\/convocatorias\/wp-json\/wp\/v2\/types\/convocatorias"}],"version-history":[{"count":2,"href":"https:\/\/www.ull.es\/portal\/convocatorias\/wp-json\/wp\/v2\/convocatorias\/26511\/revisions"}],"predecessor-version":[{"id":26527,"href":"https:\/\/www.ull.es\/portal\/convocatorias\/wp-json\/wp\/v2\/convocatorias\/26511\/revisions\/26527"}],"wp:attachment":[{"href":"https:\/\/www.ull.es\/portal\/convocatorias\/wp-json\/wp\/v2\/media?parent=26511"}],"wp:term":[{"taxonomy":"taxonomia_convocatorias","embeddable":true,"href":"https:\/\/www.ull.es\/portal\/convocatorias\/wp-json\/wp\/v2\/taxonomia_convocatorias?post=26511"}],"curies":[{"name":"wp","href":"https:\/\/api.w.org\/{rel}","templated":true}]}}

Resolución del Vicerrectorado de Personal Docente e Investigador, por la que se aprueba la convocatoria para el nombramiento de profesores honorarios de la Universidad de la Laguna del curso académico 2025/2026.

<p>Plazo de presentación de solicitudes: desde el 2 de septiembre al 29 de septiembre de 2026.</p>
<p>Anexo I:</p>
<p><a href="https://drive.google.com/file/d/1YDa8MFEImN4sUpUx3ces6lwIeUj9C0Eu/view" target="_blank" rel="noopener" target="_blank" rel="noopener">Solicitud de nombramiento Profesor Honorario de la Universidad de La Laguna.</a><br />
<a href="https://drive.google.com/file/d/1vJSuERrKtBYV61By90DpD7sHFXHavwO6/view" target="_blank" rel="noopener" target="_blank" rel="noopener">Solicitud de prórroga de nombramiento Profesor Honorario de la Universidad de La Laguna.</a></p>
<p>Anexo II:</p>
<p><a href="https://drive.google.com/file/d/1nal_bYcUtSaZ8HJfxn9_WwnqWDkQtnxz/view" target="_blank" rel="noopener" target="_blank" rel="noopener">Relación de méritos suscritos por el solicitante</a></p>

<!-- This site is optimized with the Yoast SEO plugin v21.3 - https://yoast.com/wordpress/plugins/seo/ -->
<title>Resolución del Vicerrectorado de Personal Docente e Investigador, por la que se aprueba la convocatoria para el nombramiento de profesores honorarios de la Universidad de la Laguna del curso académico 2025/2026. - Convocatorias</title>
<meta name="robots" content="index, follow, max-snippet:-1, max-image-preview:large, max-video-preview:-1" />
<link rel="canonical" href="https://www.ull.es/portal/convocatorias/convocatoria/resolucion-del-vicerrectorado-de-personal-docente-e-investigador-por-la-que-se-aprueba-la-convocatoria-para-el-nombramiento-de-profesores-honorarios-de-la-universidad-de-la-laguna-del-curso-academic-6/" />
<meta property="og:locale" content="es_ES" />
<meta property="og:type" content="article" />
<meta property="og:title" content="Resolución del Vicerrectorado de Personal Docente e Investigador, por la que se aprueba la convocatoria para el nombramiento de profesores honorarios de la Universidad de la Laguna del curso académico 2025/2026. - Convocatorias" />
<meta property="og:description" content="Plazo de presentación de solicitudes: desde el 2 de septiembre al 29 de septiembre de 2026. Anexo I: Solicitud de nombramiento Profesor Honorario de la Universidad de La Laguna. Solicitud de prórroga de nombramiento Profesor Honorario de la Universidad de La Laguna. Anexo II: Relación de méritos suscritos por el solicitante" />
<meta property="og:url" content="https://www.ull.es/portal/convocatorias/convocatoria/resolucion-del-vicerrectorado-de-personal-docente-e-investigador-por-la-que-se-aprueba-la-convocatoria-para-el-nombramiento-de-profesores-honorarios-de-la-universidad-de-la-laguna-del-curso-academic-6/" />
<meta property="og:site_name" content="Convocatorias" />
<meta property="article:modified_time" content="2026-09-01T11:19:53+00:00" />
<meta name="twitter:card" content="summary_large_image" />
<meta name="twitter:label1" content="Tiempo de lectura" />
	<meta name="twitter:data1" content="1 minuto" />
<script type="application/ld+json" class="yoast-schema-graph">{"@context":"https://schema.org","@graph":[{"@type":"WebPage","@id":"https://www.ull.es/portal/convocatorias/convocatoria/resolucion-del-vicerrectorado-de-personal-docente-e-investigador-por-la-que-se-aprueba-la-convocatoria-para-el-nombramiento-de-profesores-honorarios-de-la-universidad-de-la-laguna-del-curso-academic-6/","url":"https://www.ull.es/portal/convocatorias/convocatoria/resolucion-del-vicerrectorado-de-personal-docente-e-investigador-por-la-que-se-aprueba-la-convocatoria-para-el-nombramiento-de-profesores-honorarios-de-la-universidad-de-la-laguna-del-curso-academic-6/","name":"Resolución del Vicerrectorado de Personal Docente e Investigador, por la que se aprueba la convocatoria para el nombramiento de profesores honorarios de la Universidad de la Laguna del curso académico 2025/2026. - Convocatorias","isPartOf":{"@id":"https://www.ull.es/portal/convocatorias/#website"},"datePublished":"2026-09-01T11:12:20+00:00","dateModified":"2026-09-01T11:19:53+00:00","breadcrumb":{"@id":"https://www.ull.es/portal/convocatorias/convocatoria/resolucion-del-vicerrectorado-de-personal-docente-e-investigador-por-la-que-se-aprueba-la-convocatoria-para-el-nombramiento-de-profesores-honorarios-de-la-universidad-de-la-laguna-del-curso-academic-6/#breadcrumb"},"inLanguage":"es","potentialAction":[{"@type":"ReadAction","target":["https://www.ull.es/portal/convocatorias/convocatoria/resolucion-del-vicerrectorado-de-personal-docente-e-investigador-por-la-que-se-aprueba-la-convocatoria-para-el-nombramiento-de-profesores-honorarios-de-la-universidad-de-la-laguna-del-curso-academic-6/"]}]},{"@type":"BreadcrumbList","@id":"https://www.ull.es/portal/convocatorias/convocatoria/resolucion-del-vicerrectorado-de-personal-docente-e-investigador-por-la-que-se-aprueba-la-convocatoria-para-el-nombramiento-de-profesores-honorarios-de-la-universidad-de-la-laguna-del-curso-academic-6/#breadcrumb","itemListElement":[{"@type":"ListItem","position":1,"name":"Portada","item":"https://www.ull.es/portal/convocatorias/"},{"@type":"ListItem","position":2,"name":"Resolución del Vicerrectorado de Personal Docente e Investigador, por la que se aprueba la convocatoria para el nombramiento de profesores honorarios de la Universidad de la Laguna del curso académico 2025/2026."}]},{"@type":"WebSite","@id":"https://www.ull.es/portal/convocatorias/#website","url":"https://www.ull.es/portal/convocatorias/","name":"Convocatorias","description":"","potentialAction":[{"@type":"SearchAction","target":{"@type":"EntryPoint","urlTemplate":"https://www.ull.es/portal/convocatorias/?s={search_term_string}"},"query-input":"required name=search_term_string"}],"inLanguage":"es"}]}</script>
<!-- / Yoast SEO plugin. -->

Resolución del Vicerrectorado de Personal Docente e Investigador, por la que se aprueba la convocatoria para el nombramiento de profesores honorarios de la Universidad de la Laguna del curso académico 2025/2026. - Convocatorias

Plazo de presentación de solicitudes: desde el 2 de septiembre al 29 de septiembre de 2026. Anexo I: Solicitud de nombramiento Profesor Honorario de la Universidad de La Laguna. Solicitud de prórroga de nombramiento Profesor Honorario de la Universidad de La Laguna. Anexo II: Relación de méritos suscritos por el solicitante
