{"id":6172,"date":"2019-06-03T08:13:52","date_gmt":"2019-06-03T08:13:52","guid":{"rendered":"https:\/\/www.ull.es\/portal\/convocatorias\/?post_type=convocatorias&#038;p=6172"},"modified":"2019-11-19T09:35:41","modified_gmt":"2019-11-19T09:35:41","slug":"extracto-de-la-resolucion-de-17-de-mayo-de-2019-por-la-que-se-convocan-becas-de-formacion-para-realizar-tareas-relacionadas-con-la-promocion-y-calidad-de-las-titulaciones-de-la-universidad-de-la-lagu","status":"publish","type":"convocatorias","link":"https:\/\/www.ull.es\/portal\/convocatorias\/convocatoria\/extracto-de-la-resolucion-de-17-de-mayo-de-2019-por-la-que-se-convocan-becas-de-formacion-para-realizar-tareas-relacionadas-con-la-promocion-y-calidad-de-las-titulaciones-de-la-universidad-de-la-lagu\/","title":{"rendered":"EXTRACTO de la Resoluci\u00f3n de 17 de mayo de 2019, por la que se convocan becas de formaci\u00f3n para realizar tareas relacionadas con la promoci\u00f3n y calidad de las titulaciones de la Universidad de La Laguna en el Vicerrectorado de Docencia, curso 2018-2019."},"content":{"rendered":"<p><strong>Plazo de la convocatoria corregido por error.<\/strong><\/p>\n<ul>\n<li><a href=\"https:\/\/drive.google.com\/file\/d\/1u7LZuvCTbh4dHjv_GCfH3kYhbZZHaILT\/view?usp=sharing\" target=\"_blank\" rel=\"noopener\">Lista definitiva de adjudicaci\u00f3n y lista de suplentes a la convocatoria de becas de formaci\u00f3n para realizar tareas relacionadas con la promoci\u00f3n y calidad de las titulaciones de la ULL.<\/a><\/li>\n<li><a href=\"https:\/\/drive.google.com\/open?id=1Ppe7fhX-18e_8TOb1qwp6yTpkbBYE31P\" target=\"_blank\" rel=\"noopener\">Lista provisional de adjudicaci\u00f3n y lista de suplentes a la convocatoria de becas de formaci\u00f3n para realizar tareas relacionadas con la promoci\u00f3n y calidad de las titulaciones ULL.\u00a0<\/a><\/li>\n<li><a href=\"https:\/\/drive.google.com\/file\/d\/1A4m5X77J9zW_uyHijmHTlONOV1j0vsdu\/view?usp=sharing\" target=\"_blank\" rel=\"noopener\">Lista definitiva de admitidos y excluidos al procedimiento de becas de formaci\u00f3n para realizar tareas relacionadas con la promoci\u00f3n y calidad de las titulaciones ULL.\u00a0<\/a><\/li>\n<li><a href=\"https:\/\/drive.google.com\/file\/d\/19d1U3HHCrmhkB_jtYeQKP9vrdzLlqwlk\/view?usp=sharing\" target=\"_blank\" rel=\"noopener\">Lista provisional de admitidos y excluidos al procedimiento de becas de formaci\u00f3n para realizar tareas relacionadas con la promoci\u00f3n y calidad de las titulaciones ULL.\u00a0<\/a><\/li>\n<li><a href=\"https:\/\/drive.google.com\/file\/d\/1ox6YxxhugTnMs-9k6B0TSRgqCZGZ1wqZ\/view?usp=sharing\" target=\"_blank\" rel=\"noopener\">Convocatoria de becas de formaci\u00f3n para realizar tareas relacionadas con la promoci\u00f3n y calidad de las titulaciones de la Universidad de La Laguna en el <\/a><a href=\"https:\/\/drive.google.com\/file\/d\/1ox6YxxhugTnMs-9k6B0TSRgqCZGZ1wqZ\/view?usp=sharing\" target=\"_blank\" rel=\"noopener\">Vicerrectorado de Docencia<\/a><\/li>\n<li><a href=\"https:\/\/docs.google.com\/document\/d\/e\/2PACX-1vRKKT1kcxGtdEZbBRRppxf9NnWFLFs3of0jSSiIEqoYS2JSFH5p4cKYMIXI2mVOrUhkLjArD4PoQzeH\/pub\" target=\"_blank\" rel=\"noopener\">Anexo I<\/a><\/li>\n<\/ul>\n","protected":false},"featured_media":0,"parent":0,"menu_order":0,"template":"","taxonomia_convocatorias":[6,12],"acf":[],"yoast_head":"<!-- This site is optimized with the Yoast SEO plugin v21.3 - https:\/\/yoast.com\/wordpress\/plugins\/seo\/ -->\n<title>EXTRACTO de la Resoluci\u00f3n de 17 de mayo de 2019, por la que se convocan becas de formaci\u00f3n para realizar tareas relacionadas con la promoci\u00f3n y calidad de las titulaciones de la Universidad de La Laguna en el Vicerrectorado de Docencia, curso 2018-2019. - Convocatorias<\/title>\n<meta name=\"robots\" content=\"index, follow, max-snippet:-1, max-image-preview:large, max-video-preview:-1\" \/>\n<link rel=\"canonical\" href=\"https:\/\/www.ull.es\/portal\/convocatorias\/convocatoria\/extracto-de-la-resolucion-de-17-de-mayo-de-2019-por-la-que-se-convocan-becas-de-formacion-para-realizar-tareas-relacionadas-con-la-promocion-y-calidad-de-las-titulaciones-de-la-universidad-de-la-lagu\/\" \/>\n<meta property=\"og:locale\" content=\"es_ES\" \/>\n<meta property=\"og:type\" content=\"article\" \/>\n<meta property=\"og:title\" content=\"EXTRACTO de la Resoluci\u00f3n de 17 de mayo de 2019, por la que se convocan becas de formaci\u00f3n para realizar tareas relacionadas con la promoci\u00f3n y calidad de las titulaciones de la Universidad de La Laguna en el Vicerrectorado de Docencia, curso 2018-2019. - Convocatorias\" \/>\n<meta property=\"og:description\" content=\"Plazo de la convocatoria corregido por error. Lista definitiva de adjudicaci\u00f3n y lista de suplentes a la convocatoria de becas de formaci\u00f3n para realizar tareas relacionadas con la promoci\u00f3n y calidad de las titulaciones de la ULL. Lista provisional de adjudicaci\u00f3n y lista de suplentes a la convocatoria de becas de formaci\u00f3n para realizar tareas...\" \/>\n<meta property=\"og:url\" content=\"https:\/\/www.ull.es\/portal\/convocatorias\/convocatoria\/extracto-de-la-resolucion-de-17-de-mayo-de-2019-por-la-que-se-convocan-becas-de-formacion-para-realizar-tareas-relacionadas-con-la-promocion-y-calidad-de-las-titulaciones-de-la-universidad-de-la-lagu\/\" \/>\n<meta property=\"og:site_name\" content=\"Convocatorias\" \/>\n<meta property=\"article:modified_time\" content=\"2019-11-19T09:35:41+00:00\" \/>\n<meta name=\"twitter:card\" content=\"summary_large_image\" \/>\n<meta name=\"twitter:label1\" content=\"Tiempo de lectura\" \/>\n\t<meta name=\"twitter:data1\" content=\"1 minuto\" \/>\n<script type=\"application\/ld+json\" class=\"yoast-schema-graph\">{\"@context\":\"https:\/\/schema.org\",\"@graph\":[{\"@type\":\"WebPage\",\"@id\":\"https:\/\/www.ull.es\/portal\/convocatorias\/convocatoria\/extracto-de-la-resolucion-de-17-de-mayo-de-2019-por-la-que-se-convocan-becas-de-formacion-para-realizar-tareas-relacionadas-con-la-promocion-y-calidad-de-las-titulaciones-de-la-universidad-de-la-lagu\/\",\"url\":\"https:\/\/www.ull.es\/portal\/convocatorias\/convocatoria\/extracto-de-la-resolucion-de-17-de-mayo-de-2019-por-la-que-se-convocan-becas-de-formacion-para-realizar-tareas-relacionadas-con-la-promocion-y-calidad-de-las-titulaciones-de-la-universidad-de-la-lagu\/\",\"name\":\"EXTRACTO de la Resoluci\u00f3n de 17 de mayo de 2019, por la que se convocan becas de formaci\u00f3n para realizar tareas relacionadas con la promoci\u00f3n y calidad de las titulaciones de la Universidad de La Laguna en el Vicerrectorado de Docencia, curso 2018-2019. - Convocatorias\",\"isPartOf\":{\"@id\":\"https:\/\/www.ull.es\/portal\/convocatorias\/#website\"},\"datePublished\":\"2019-06-03T08:13:52+00:00\",\"dateModified\":\"2019-11-19T09:35:41+00:00\",\"breadcrumb\":{\"@id\":\"https:\/\/www.ull.es\/portal\/convocatorias\/convocatoria\/extracto-de-la-resolucion-de-17-de-mayo-de-2019-por-la-que-se-convocan-becas-de-formacion-para-realizar-tareas-relacionadas-con-la-promocion-y-calidad-de-las-titulaciones-de-la-universidad-de-la-lagu\/#breadcrumb\"},\"inLanguage\":\"es\",\"potentialAction\":[{\"@type\":\"ReadAction\",\"target\":[\"https:\/\/www.ull.es\/portal\/convocatorias\/convocatoria\/extracto-de-la-resolucion-de-17-de-mayo-de-2019-por-la-que-se-convocan-becas-de-formacion-para-realizar-tareas-relacionadas-con-la-promocion-y-calidad-de-las-titulaciones-de-la-universidad-de-la-lagu\/\"]}]},{\"@type\":\"BreadcrumbList\",\"@id\":\"https:\/\/www.ull.es\/portal\/convocatorias\/convocatoria\/extracto-de-la-resolucion-de-17-de-mayo-de-2019-por-la-que-se-convocan-becas-de-formacion-para-realizar-tareas-relacionadas-con-la-promocion-y-calidad-de-las-titulaciones-de-la-universidad-de-la-lagu\/#breadcrumb\",\"itemListElement\":[{\"@type\":\"ListItem\",\"position\":1,\"name\":\"Portada\",\"item\":\"https:\/\/www.ull.es\/portal\/convocatorias\/\"},{\"@type\":\"ListItem\",\"position\":2,\"name\":\"EXTRACTO de la Resoluci\u00f3n de 17 de mayo de 2019, por la que se convocan becas de formaci\u00f3n para realizar tareas relacionadas con la promoci\u00f3n y calidad de las titulaciones de la Universidad de La Laguna en el Vicerrectorado de Docencia, curso 2018-2019.\"}]},{\"@type\":\"WebSite\",\"@id\":\"https:\/\/www.ull.es\/portal\/convocatorias\/#website\",\"url\":\"https:\/\/www.ull.es\/portal\/convocatorias\/\",\"name\":\"Convocatorias\",\"description\":\"\",\"potentialAction\":[{\"@type\":\"SearchAction\",\"target\":{\"@type\":\"EntryPoint\",\"urlTemplate\":\"https:\/\/www.ull.es\/portal\/convocatorias\/?s={search_term_string}\"},\"query-input\":\"required name=search_term_string\"}],\"inLanguage\":\"es\"}]}<\/script>\n<!-- \/ Yoast SEO plugin. -->","yoast_head_json":{"title":"EXTRACTO de la Resoluci\u00f3n de 17 de mayo de 2019, por la que se convocan becas de formaci\u00f3n para realizar tareas relacionadas con la promoci\u00f3n y calidad de las titulaciones de la Universidad de La Laguna en el Vicerrectorado de Docencia, curso 2018-2019. - Convocatorias","robots":{"index":"index","follow":"follow","max-snippet":"max-snippet:-1","max-image-preview":"max-image-preview:large","max-video-preview":"max-video-preview:-1"},"canonical":"https:\/\/www.ull.es\/portal\/convocatorias\/convocatoria\/extracto-de-la-resolucion-de-17-de-mayo-de-2019-por-la-que-se-convocan-becas-de-formacion-para-realizar-tareas-relacionadas-con-la-promocion-y-calidad-de-las-titulaciones-de-la-universidad-de-la-lagu\/","og_locale":"es_ES","og_type":"article","og_title":"EXTRACTO de la Resoluci\u00f3n de 17 de mayo de 2019, por la que se convocan becas de formaci\u00f3n para realizar tareas relacionadas con la promoci\u00f3n y calidad de las titulaciones de la Universidad de La Laguna en el Vicerrectorado de Docencia, curso 2018-2019. - Convocatorias","og_description":"Plazo de la convocatoria corregido por error. Lista definitiva de adjudicaci\u00f3n y lista de suplentes a la convocatoria de becas de formaci\u00f3n para realizar tareas relacionadas con la promoci\u00f3n y calidad de las titulaciones de la ULL. Lista provisional de adjudicaci\u00f3n y lista de suplentes a la convocatoria de becas de formaci\u00f3n para realizar tareas...","og_url":"https:\/\/www.ull.es\/portal\/convocatorias\/convocatoria\/extracto-de-la-resolucion-de-17-de-mayo-de-2019-por-la-que-se-convocan-becas-de-formacion-para-realizar-tareas-relacionadas-con-la-promocion-y-calidad-de-las-titulaciones-de-la-universidad-de-la-lagu\/","og_site_name":"Convocatorias","article_modified_time":"2019-11-19T09:35:41+00:00","twitter_card":"summary_large_image","twitter_misc":{"Tiempo de lectura":"1 minuto"},"schema":{"@context":"https:\/\/schema.org","@graph":[{"@type":"WebPage","@id":"https:\/\/www.ull.es\/portal\/convocatorias\/convocatoria\/extracto-de-la-resolucion-de-17-de-mayo-de-2019-por-la-que-se-convocan-becas-de-formacion-para-realizar-tareas-relacionadas-con-la-promocion-y-calidad-de-las-titulaciones-de-la-universidad-de-la-lagu\/","url":"https:\/\/www.ull.es\/portal\/convocatorias\/convocatoria\/extracto-de-la-resolucion-de-17-de-mayo-de-2019-por-la-que-se-convocan-becas-de-formacion-para-realizar-tareas-relacionadas-con-la-promocion-y-calidad-de-las-titulaciones-de-la-universidad-de-la-lagu\/","name":"EXTRACTO de la Resoluci\u00f3n de 17 de mayo de 2019, por la que se convocan becas de formaci\u00f3n para realizar tareas relacionadas con la promoci\u00f3n y calidad de las titulaciones de la Universidad de La Laguna en el Vicerrectorado de Docencia, curso 2018-2019. - Convocatorias","isPartOf":{"@id":"https:\/\/www.ull.es\/portal\/convocatorias\/#website"},"datePublished":"2019-06-03T08:13:52+00:00","dateModified":"2019-11-19T09:35:41+00:00","breadcrumb":{"@id":"https:\/\/www.ull.es\/portal\/convocatorias\/convocatoria\/extracto-de-la-resolucion-de-17-de-mayo-de-2019-por-la-que-se-convocan-becas-de-formacion-para-realizar-tareas-relacionadas-con-la-promocion-y-calidad-de-las-titulaciones-de-la-universidad-de-la-lagu\/#breadcrumb"},"inLanguage":"es","potentialAction":[{"@type":"ReadAction","target":["https:\/\/www.ull.es\/portal\/convocatorias\/convocatoria\/extracto-de-la-resolucion-de-17-de-mayo-de-2019-por-la-que-se-convocan-becas-de-formacion-para-realizar-tareas-relacionadas-con-la-promocion-y-calidad-de-las-titulaciones-de-la-universidad-de-la-lagu\/"]}]},{"@type":"BreadcrumbList","@id":"https:\/\/www.ull.es\/portal\/convocatorias\/convocatoria\/extracto-de-la-resolucion-de-17-de-mayo-de-2019-por-la-que-se-convocan-becas-de-formacion-para-realizar-tareas-relacionadas-con-la-promocion-y-calidad-de-las-titulaciones-de-la-universidad-de-la-lagu\/#breadcrumb","itemListElement":[{"@type":"ListItem","position":1,"name":"Portada","item":"https:\/\/www.ull.es\/portal\/convocatorias\/"},{"@type":"ListItem","position":2,"name":"EXTRACTO de la Resoluci\u00f3n de 17 de mayo de 2019, por la que se convocan becas de formaci\u00f3n para realizar tareas relacionadas con la promoci\u00f3n y calidad de las titulaciones de la Universidad de La Laguna en el Vicerrectorado de Docencia, curso 2018-2019."}]},{"@type":"WebSite","@id":"https:\/\/www.ull.es\/portal\/convocatorias\/#website","url":"https:\/\/www.ull.es\/portal\/convocatorias\/","name":"Convocatorias","description":"","potentialAction":[{"@type":"SearchAction","target":{"@type":"EntryPoint","urlTemplate":"https:\/\/www.ull.es\/portal\/convocatorias\/?s={search_term_string}"},"query-input":"required name=search_term_string"}],"inLanguage":"es"}]}},"featured_image_thumbnail_url":null,"_links":{"self":[{"href":"https:\/\/www.ull.es\/portal\/convocatorias\/wp-json\/wp\/v2\/convocatorias\/6172"}],"collection":[{"href":"https:\/\/www.ull.es\/portal\/convocatorias\/wp-json\/wp\/v2\/convocatorias"}],"about":[{"href":"https:\/\/www.ull.es\/portal\/convocatorias\/wp-json\/wp\/v2\/types\/convocatorias"}],"version-history":[{"count":8,"href":"https:\/\/www.ull.es\/portal\/convocatorias\/wp-json\/wp\/v2\/convocatorias\/6172\/revisions"}],"predecessor-version":[{"id":7576,"href":"https:\/\/www.ull.es\/portal\/convocatorias\/wp-json\/wp\/v2\/convocatorias\/6172\/revisions\/7576"}],"wp:attachment":[{"href":"https:\/\/www.ull.es\/portal\/convocatorias\/wp-json\/wp\/v2\/media?parent=6172"}],"wp:term":[{"taxonomy":"taxonomia_convocatorias","embeddable":true,"href":"https:\/\/www.ull.es\/portal\/convocatorias\/wp-json\/wp\/v2\/taxonomia_convocatorias?post=6172"}],"curies":[{"name":"wp","href":"https:\/\/api.w.org\/{rel}","templated":true}]}}

EXTRACTO de la Resolución de 17 de mayo de 2019, por la que se convocan becas de formación para realizar tareas relacionadas con la promoción y calidad de las titulaciones de la Universidad de La Laguna en el Vicerrectorado de Docencia, curso 2018-2019.

<p><strong>Plazo de la convocatoria corregido por error.</strong></p>
<ul>
<li><a href="https://drive.google.com/file/d/1u7LZuvCTbh4dHjv_GCfH3kYhbZZHaILT/view?usp=sharing" target="_blank" rel="noopener">Lista definitiva de adjudicación y lista de suplentes a la convocatoria de becas de formación para realizar tareas relacionadas con la promoción y calidad de las titulaciones de la ULL.</a></li>
<li><a href="https://drive.google.com/open?id=1Ppe7fhX-18e_8TOb1qwp6yTpkbBYE31P" target="_blank" rel="noopener">Lista provisional de adjudicación y lista de suplentes a la convocatoria de becas de formación para realizar tareas relacionadas con la promoción y calidad de las titulaciones ULL. </a></li>
<li><a href="https://drive.google.com/file/d/1A4m5X77J9zW_uyHijmHTlONOV1j0vsdu/view?usp=sharing" target="_blank" rel="noopener">Lista definitiva de admitidos y excluidos al procedimiento de becas de formación para realizar tareas relacionadas con la promoción y calidad de las titulaciones ULL. </a></li>
<li><a href="https://drive.google.com/file/d/19d1U3HHCrmhkB_jtYeQKP9vrdzLlqwlk/view?usp=sharing" target="_blank" rel="noopener">Lista provisional de admitidos y excluidos al procedimiento de becas de formación para realizar tareas relacionadas con la promoción y calidad de las titulaciones ULL. </a></li>
<li><a href="https://drive.google.com/file/d/1ox6YxxhugTnMs-9k6B0TSRgqCZGZ1wqZ/view?usp=sharing" target="_blank" rel="noopener">Convocatoria de becas de formación para realizar tareas relacionadas con la promoción y calidad de las titulaciones de la Universidad de La Laguna en el </a><a href="https://drive.google.com/file/d/1ox6YxxhugTnMs-9k6B0TSRgqCZGZ1wqZ/view?usp=sharing" target="_blank" rel="noopener">Vicerrectorado de Docencia</a></li>
<li><a href="https://docs.google.com/document/d/e/2PACX-1vRKKT1kcxGtdEZbBRRppxf9NnWFLFs3of0jSSiIEqoYS2JSFH5p4cKYMIXI2mVOrUhkLjArD4PoQzeH/pub" target="_blank" rel="noopener">Anexo I</a></li>
</ul>

<!-- This site is optimized with the Yoast SEO plugin v21.3 - https://yoast.com/wordpress/plugins/seo/ -->
<title>EXTRACTO de la Resolución de 17 de mayo de 2019, por la que se convocan becas de formación para realizar tareas relacionadas con la promoción y calidad de las titulaciones de la Universidad de La Laguna en el Vicerrectorado de Docencia, curso 2018-2019. - Convocatorias</title>
<meta name="robots" content="index, follow, max-snippet:-1, max-image-preview:large, max-video-preview:-1" />
<link rel="canonical" href="https://www.ull.es/portal/convocatorias/convocatoria/extracto-de-la-resolucion-de-17-de-mayo-de-2019-por-la-que-se-convocan-becas-de-formacion-para-realizar-tareas-relacionadas-con-la-promocion-y-calidad-de-las-titulaciones-de-la-universidad-de-la-lagu/" />
<meta property="og:locale" content="es_ES" />
<meta property="og:type" content="article" />
<meta property="og:title" content="EXTRACTO de la Resolución de 17 de mayo de 2019, por la que se convocan becas de formación para realizar tareas relacionadas con la promoción y calidad de las titulaciones de la Universidad de La Laguna en el Vicerrectorado de Docencia, curso 2018-2019. - Convocatorias" />
<meta property="og:description" content="Plazo de la convocatoria corregido por error. Lista definitiva de adjudicación y lista de suplentes a la convocatoria de becas de formación para realizar tareas relacionadas con la promoción y calidad de las titulaciones de la ULL. Lista provisional de adjudicación y lista de suplentes a la convocatoria de becas de formación para realizar tareas..." />
<meta property="og:url" content="https://www.ull.es/portal/convocatorias/convocatoria/extracto-de-la-resolucion-de-17-de-mayo-de-2019-por-la-que-se-convocan-becas-de-formacion-para-realizar-tareas-relacionadas-con-la-promocion-y-calidad-de-las-titulaciones-de-la-universidad-de-la-lagu/" />
<meta property="og:site_name" content="Convocatorias" />
<meta property="article:modified_time" content="2019-11-19T09:35:41+00:00" />
<meta name="twitter:card" content="summary_large_image" />
<meta name="twitter:label1" content="Tiempo de lectura" />
	<meta name="twitter:data1" content="1 minuto" />
<script type="application/ld+json" class="yoast-schema-graph">{"@context":"https://schema.org","@graph":[{"@type":"WebPage","@id":"https://www.ull.es/portal/convocatorias/convocatoria/extracto-de-la-resolucion-de-17-de-mayo-de-2019-por-la-que-se-convocan-becas-de-formacion-para-realizar-tareas-relacionadas-con-la-promocion-y-calidad-de-las-titulaciones-de-la-universidad-de-la-lagu/","url":"https://www.ull.es/portal/convocatorias/convocatoria/extracto-de-la-resolucion-de-17-de-mayo-de-2019-por-la-que-se-convocan-becas-de-formacion-para-realizar-tareas-relacionadas-con-la-promocion-y-calidad-de-las-titulaciones-de-la-universidad-de-la-lagu/","name":"EXTRACTO de la Resolución de 17 de mayo de 2019, por la que se convocan becas de formación para realizar tareas relacionadas con la promoción y calidad de las titulaciones de la Universidad de La Laguna en el Vicerrectorado de Docencia, curso 2018-2019. - Convocatorias","isPartOf":{"@id":"https://www.ull.es/portal/convocatorias/#website"},"datePublished":"2019-06-03T08:13:52+00:00","dateModified":"2019-11-19T09:35:41+00:00","breadcrumb":{"@id":"https://www.ull.es/portal/convocatorias/convocatoria/extracto-de-la-resolucion-de-17-de-mayo-de-2019-por-la-que-se-convocan-becas-de-formacion-para-realizar-tareas-relacionadas-con-la-promocion-y-calidad-de-las-titulaciones-de-la-universidad-de-la-lagu/#breadcrumb"},"inLanguage":"es","potentialAction":[{"@type":"ReadAction","target":["https://www.ull.es/portal/convocatorias/convocatoria/extracto-de-la-resolucion-de-17-de-mayo-de-2019-por-la-que-se-convocan-becas-de-formacion-para-realizar-tareas-relacionadas-con-la-promocion-y-calidad-de-las-titulaciones-de-la-universidad-de-la-lagu/"]}]},{"@type":"BreadcrumbList","@id":"https://www.ull.es/portal/convocatorias/convocatoria/extracto-de-la-resolucion-de-17-de-mayo-de-2019-por-la-que-se-convocan-becas-de-formacion-para-realizar-tareas-relacionadas-con-la-promocion-y-calidad-de-las-titulaciones-de-la-universidad-de-la-lagu/#breadcrumb","itemListElement":[{"@type":"ListItem","position":1,"name":"Portada","item":"https://www.ull.es/portal/convocatorias/"},{"@type":"ListItem","position":2,"name":"EXTRACTO de la Resolución de 17 de mayo de 2019, por la que se convocan becas de formación para realizar tareas relacionadas con la promoción y calidad de las titulaciones de la Universidad de La Laguna en el Vicerrectorado de Docencia, curso 2018-2019."}]},{"@type":"WebSite","@id":"https://www.ull.es/portal/convocatorias/#website","url":"https://www.ull.es/portal/convocatorias/","name":"Convocatorias","description":"","potentialAction":[{"@type":"SearchAction","target":{"@type":"EntryPoint","urlTemplate":"https://www.ull.es/portal/convocatorias/?s={search_term_string}"},"query-input":"required name=search_term_string"}],"inLanguage":"es"}]}</script>
<!-- / Yoast SEO plugin. -->

EXTRACTO de la Resolución de 17 de mayo de 2019, por la que se convocan becas de formación para realizar tareas relacionadas con la promoción y calidad de las titulaciones de la Universidad de La Laguna en el Vicerrectorado de Docencia, curso 2018-2019. - Convocatorias

Plazo de la convocatoria corregido por error. Lista definitiva de adjudicación y lista de suplentes a la convocatoria de becas de formación para realizar tareas relacionadas con la promoción y calidad de las titulaciones de la ULL. Lista provisional de adjudicación y lista de suplentes a la convocatoria de becas de formación para realizar tareas...
