{"id":890,"date":"2024-10-16T06:37:07","date_gmt":"2024-10-16T06:37:07","guid":{"rendered":"https:\/\/www.ull.es\/portal\/forcompdig\/?page_id=890"},"modified":"2025-05-05T12:01:28","modified_gmt":"2025-05-05T12:01:28","slug":"forcompdig","status":"publish","type":"page","link":"https:\/\/www.ull.es\/portal\/forcompdig\/","title":{"rendered":"Programa de formaci\u00f3n en Competencias Digitales (FORCOMPDIG)"},"content":{"rendered":"\t\t<div data-elementor-type=\"wp-page\" data-elementor-id=\"890\" class=\"elementor elementor-890\">\n\t\t\t\t\t\t\t\t\t<section class=\"elementor-section elementor-top-section elementor-element elementor-element-33d840e elementor-section-full_width elementor-section-height-default elementor-section-height-default\" data-id=\"33d840e\" data-element_type=\"section\" data-settings=\"{&quot;background_background&quot;:&quot;classic&quot;}\">\n\t\t\t\t\t\t\t<div class=\"elementor-background-overlay\"><\/div>\n\t\t\t\t\t\t\t<div class=\"elementor-container elementor-column-gap-default\">\n\t\t\t\t\t<div class=\"elementor-column elementor-col-100 elementor-top-column elementor-element elementor-element-72528b9\" data-id=\"72528b9\" data-element_type=\"column\">\n\t\t\t<div class=\"elementor-widget-wrap elementor-element-populated\">\n\t\t\t\t\t\t\t\t\t<\/div>\n\t\t<\/div>\n\t\t\t\t\t\t\t<\/div>\n\t\t<\/section>\n\t\t\t\t<section class=\"elementor-section elementor-top-section elementor-element elementor-element-12d2df0 elementor-section-boxed elementor-section-height-default elementor-section-height-default\" data-id=\"12d2df0\" data-element_type=\"section\">\n\t\t\t\t\t\t<div class=\"elementor-container elementor-column-gap-default\">\n\t\t\t\t\t<div class=\"elementor-column elementor-col-50 elementor-top-column elementor-element elementor-element-07b3f86\" data-id=\"07b3f86\" data-element_type=\"column\">\n\t\t\t<div class=\"elementor-widget-wrap elementor-element-populated\">\n\t\t\t\t\t\t\t\t<div class=\"elementor-element elementor-element-68f1471 elementor-widget elementor-widget-text-editor\" data-id=\"68f1471\" data-element_type=\"widget\" data-widget_type=\"text-editor.default\">\n\t\t\t\t<div class=\"elementor-widget-container\">\n\t\t\t<style>\/*! elementor - v3.9.2 - 21-12-2022 *\/\n.elementor-widget-text-editor.elementor-drop-cap-view-stacked .elementor-drop-cap{background-color:#818a91;color:#fff}.elementor-widget-text-editor.elementor-drop-cap-view-framed .elementor-drop-cap{color:#818a91;border:3px solid;background-color:transparent}.elementor-widget-text-editor:not(.elementor-drop-cap-view-default) .elementor-drop-cap{margin-top:8px}.elementor-widget-text-editor:not(.elementor-drop-cap-view-default) .elementor-drop-cap-letter{width:1em;height:1em}.elementor-widget-text-editor .elementor-drop-cap{float:left;text-align:center;line-height:1;font-size:50px}.elementor-widget-text-editor .elementor-drop-cap-letter{display:inline-block}<\/style>\t\t\t\t<h3>Introducci\u00f3n<\/h3><p style=\"text-align: justify\">La necesidad de asegurar una docencia de alta calidad se ha convertido en uno de los objetivos prioritarios del \u00abMarco estrat\u00e9gico europeo de Educaci\u00f3n y Formaci\u00f3n\u00bb (ET 2020). El Marco Com\u00fan de Competencia Digital Docente es un marco que nos sirve como referencia para apoyar el desarrollo de las competencias digitales del profesorado, con el objetivo de mejorar su pr\u00e1ctica docente y para su formaci\u00f3n permanente. La Estrategia Digital Europea en su agenda 2030 \u201creconoce la necesidad de fomentar la implantaci\u00f3n de tecnolog\u00edas digitales para promover una econom\u00eda justa y competitiva, una sociedad abierta, democr\u00e1tica y sostenible, y en definitiva una mejor calidad de vida para la ciudadan\u00eda europea\u201d. Tambi\u00e9n el Plan Nacional de Competencias Digitales, en su objetivo tercero, se\u00f1ala la necesidad de \u201cGarantizar la digitalizaci\u00f3n de la educaci\u00f3n y la adquisici\u00f3n de competencias digitales para la educaci\u00f3n a docentes y estudiantes en todos los niveles del sistema educativo\u201d.<\/p>\t\t\t\t\t\t<\/div>\n\t\t\t\t<\/div>\n\t\t\t\t\t<\/div>\n\t\t<\/div>\n\t\t\t\t<div class=\"elementor-column elementor-col-50 elementor-top-column elementor-element elementor-element-59a100a\" data-id=\"59a100a\" data-element_type=\"column\">\n\t\t\t<div class=\"elementor-widget-wrap elementor-element-populated\">\n\t\t\t\t\t\t\t\t<div class=\"elementor-element elementor-element-2717ae7 elementor-widget elementor-widget-image\" data-id=\"2717ae7\" data-element_type=\"widget\" data-widget_type=\"image.default\">\n\t\t\t\t<div class=\"elementor-widget-container\">\n\t\t\t<style>\/*! elementor - v3.9.2 - 21-12-2022 *\/\n.elementor-widget-image{text-align:center}.elementor-widget-image a{display:inline-block}.elementor-widget-image a img[src$=\".svg\"]{width:48px}.elementor-widget-image img{vertical-align:middle;display:inline-block}<\/style>\t\t\t\t\t\t\t\t\t\t\t\t<img decoding=\"async\" loading=\"lazy\" width=\"1024\" height=\"683\" src=\"https:\/\/www.ull.es\/portal\/forcompdig\/wp-content\/uploads\/sites\/68\/2024\/10\/rodion-kutsaiev-0VGG7cqTwCo-unsplash-2-1024x683.jpg\" class=\"attachment-large size-large wp-image-1038\" alt=\"\" srcset=\"https:\/\/www.ull.es\/portal\/forcompdig\/wp-content\/uploads\/sites\/68\/2024\/10\/rodion-kutsaiev-0VGG7cqTwCo-unsplash-2-1024x683.jpg 1024w, https:\/\/www.ull.es\/portal\/forcompdig\/wp-content\/uploads\/sites\/68\/2024\/10\/rodion-kutsaiev-0VGG7cqTwCo-unsplash-2-300x200.jpg 300w, https:\/\/www.ull.es\/portal\/forcompdig\/wp-content\/uploads\/sites\/68\/2024\/10\/rodion-kutsaiev-0VGG7cqTwCo-unsplash-2-768x512.jpg 768w, https:\/\/www.ull.es\/portal\/forcompdig\/wp-content\/uploads\/sites\/68\/2024\/10\/rodion-kutsaiev-0VGG7cqTwCo-unsplash-2-1536x1024.jpg 1536w, https:\/\/www.ull.es\/portal\/forcompdig\/wp-content\/uploads\/sites\/68\/2024\/10\/rodion-kutsaiev-0VGG7cqTwCo-unsplash-2-375x250.jpg 375w, https:\/\/www.ull.es\/portal\/forcompdig\/wp-content\/uploads\/sites\/68\/2024\/10\/rodion-kutsaiev-0VGG7cqTwCo-unsplash-2-750x500.jpg 750w, https:\/\/www.ull.es\/portal\/forcompdig\/wp-content\/uploads\/sites\/68\/2024\/10\/rodion-kutsaiev-0VGG7cqTwCo-unsplash-2-1140x760.jpg 1140w, https:\/\/www.ull.es\/portal\/forcompdig\/wp-content\/uploads\/sites\/68\/2024\/10\/rodion-kutsaiev-0VGG7cqTwCo-unsplash-2.jpg 1600w\" sizes=\"(max-width: 1024px) 100vw, 1024px\" \/>\t\t\t\t\t\t\t\t\t\t\t\t\t\t\t<\/div>\n\t\t\t\t<\/div>\n\t\t\t\t\t<\/div>\n\t\t<\/div>\n\t\t\t\t\t\t\t<\/div>\n\t\t<\/section>\n\t\t\t\t<section class=\"elementor-section elementor-top-section elementor-element elementor-element-ab144e8 elementor-section-boxed elementor-section-height-default elementor-section-height-default\" data-id=\"ab144e8\" data-element_type=\"section\">\n\t\t\t\t\t\t<div class=\"elementor-container elementor-column-gap-default\">\n\t\t\t\t\t<div class=\"elementor-column elementor-col-100 elementor-top-column elementor-element elementor-element-37d3c93\" data-id=\"37d3c93\" data-element_type=\"column\">\n\t\t\t<div class=\"elementor-widget-wrap elementor-element-populated\">\n\t\t\t\t\t\t\t\t<div class=\"elementor-element elementor-element-63c1131 elementor-aspect-ratio-169 elementor-widget elementor-widget-video\" data-id=\"63c1131\" data-element_type=\"widget\" data-settings=\"{&quot;youtube_url&quot;:&quot;https:\\\/\\\/youtu.be\\\/tB6VQRGtVKg?feature=shared&quot;,&quot;video_type&quot;:&quot;youtube&quot;,&quot;controls&quot;:&quot;yes&quot;,&quot;aspect_ratio&quot;:&quot;169&quot;}\" data-widget_type=\"video.default\">\n\t\t\t\t<div class=\"elementor-widget-container\">\n\t\t\t<style>\/*! elementor - v3.9.2 - 21-12-2022 *\/\n.elementor-widget-video .elementor-widget-container{overflow:hidden;transform:translateZ(0)}.elementor-widget-video .elementor-open-inline .elementor-custom-embed-image-overlay{position:absolute;top:0;left:0;width:100%;height:100%;background-size:cover;background-position:50%}.elementor-widget-video .elementor-custom-embed-image-overlay{cursor:pointer;text-align:center}.elementor-widget-video .elementor-custom-embed-image-overlay:hover .elementor-custom-embed-play i{opacity:1}.elementor-widget-video .elementor-custom-embed-image-overlay img{display:block;width:100%}.elementor-widget-video .e-hosted-video .elementor-video{-o-object-fit:cover;object-fit:cover}.e-con-inner>.elementor-widget-video,.e-con>.elementor-widget-video{width:var(--container-widget-width);--flex-grow:var(--container-widget-flex-grow)}<\/style>\t\t<div class=\"elementor-wrapper elementor-fit-aspect-ratio elementor-open-inline\">\n\t\t\t<div class=\"elementor-video\"><\/div>\t\t<\/div>\n\t\t\t\t<\/div>\n\t\t\t\t<\/div>\n\t\t\t\t\t<\/div>\n\t\t<\/div>\n\t\t\t\t\t\t\t<\/div>\n\t\t<\/section>\n\t\t\t\t<section class=\"elementor-section elementor-top-section elementor-element elementor-element-5dee550 elementor-section-boxed elementor-section-height-default elementor-section-height-default\" data-id=\"5dee550\" data-element_type=\"section\">\n\t\t\t\t\t\t<div class=\"elementor-container elementor-column-gap-default\">\n\t\t\t\t\t<div class=\"elementor-column elementor-col-100 elementor-top-column elementor-element elementor-element-a154782\" data-id=\"a154782\" data-element_type=\"column\">\n\t\t\t<div class=\"elementor-widget-wrap elementor-element-populated\">\n\t\t\t\t\t\t\t\t<div class=\"elementor-element elementor-element-47c6f70 elementor-widget elementor-widget-text-editor\" data-id=\"47c6f70\" data-element_type=\"widget\" data-widget_type=\"text-editor.default\">\n\t\t\t\t<div class=\"elementor-widget-container\">\n\t\t\t\t\t\t\t\t\t\t\t\t\t<\/div>\n\t\t\t\t<\/div>\n\t\t\t\t\t<\/div>\n\t\t<\/div>\n\t\t\t\t\t\t\t<\/div>\n\t\t<\/section>\n\t\t\t\t<section class=\"elementor-section elementor-top-section elementor-element elementor-element-4d42e3c elementor-section-boxed elementor-section-height-default elementor-section-height-default\" data-id=\"4d42e3c\" data-element_type=\"section\">\n\t\t\t\t\t\t<div class=\"elementor-container elementor-column-gap-default\">\n\t\t\t\t\t<div class=\"elementor-column elementor-col-50 elementor-top-column elementor-element elementor-element-a31deba\" data-id=\"a31deba\" data-element_type=\"column\">\n\t\t\t<div class=\"elementor-widget-wrap elementor-element-populated\">\n\t\t\t\t\t\t\t\t<div class=\"elementor-element elementor-element-b382bb3 elementor-widget elementor-widget-image\" data-id=\"b382bb3\" data-element_type=\"widget\" data-widget_type=\"image.default\">\n\t\t\t\t<div class=\"elementor-widget-container\">\n\t\t\t\t\t\t\t\t\t\t\t\t\t\t\t<img decoding=\"async\" loading=\"lazy\" width=\"1024\" height=\"683\" src=\"https:\/\/www.ull.es\/portal\/forcompdig\/wp-content\/uploads\/sites\/68\/2024\/10\/thomas-lefebvre-gp8BLyaTaA0-unsplash-1024x683.jpg\" class=\"attachment-large size-large wp-image-1039\" alt=\"\" srcset=\"https:\/\/www.ull.es\/portal\/forcompdig\/wp-content\/uploads\/sites\/68\/2024\/10\/thomas-lefebvre-gp8BLyaTaA0-unsplash-1024x683.jpg 1024w, https:\/\/www.ull.es\/portal\/forcompdig\/wp-content\/uploads\/sites\/68\/2024\/10\/thomas-lefebvre-gp8BLyaTaA0-unsplash-300x200.jpg 300w, https:\/\/www.ull.es\/portal\/forcompdig\/wp-content\/uploads\/sites\/68\/2024\/10\/thomas-lefebvre-gp8BLyaTaA0-unsplash-768x512.jpg 768w, https:\/\/www.ull.es\/portal\/forcompdig\/wp-content\/uploads\/sites\/68\/2024\/10\/thomas-lefebvre-gp8BLyaTaA0-unsplash-1536x1024.jpg 1536w, https:\/\/www.ull.es\/portal\/forcompdig\/wp-content\/uploads\/sites\/68\/2024\/10\/thomas-lefebvre-gp8BLyaTaA0-unsplash-375x250.jpg 375w, https:\/\/www.ull.es\/portal\/forcompdig\/wp-content\/uploads\/sites\/68\/2024\/10\/thomas-lefebvre-gp8BLyaTaA0-unsplash-750x500.jpg 750w, https:\/\/www.ull.es\/portal\/forcompdig\/wp-content\/uploads\/sites\/68\/2024\/10\/thomas-lefebvre-gp8BLyaTaA0-unsplash-1140x760.jpg 1140w, https:\/\/www.ull.es\/portal\/forcompdig\/wp-content\/uploads\/sites\/68\/2024\/10\/thomas-lefebvre-gp8BLyaTaA0-unsplash.jpg 1600w\" sizes=\"(max-width: 1024px) 100vw, 1024px\" \/>\t\t\t\t\t\t\t\t\t\t\t\t\t\t\t<\/div>\n\t\t\t\t<\/div>\n\t\t\t\t\t<\/div>\n\t\t<\/div>\n\t\t\t\t<div class=\"elementor-column elementor-col-50 elementor-top-column elementor-element elementor-element-3bb0a63\" data-id=\"3bb0a63\" data-element_type=\"column\">\n\t\t\t<div class=\"elementor-widget-wrap elementor-element-populated\">\n\t\t\t\t\t\t\t\t<div class=\"elementor-element elementor-element-644c2b1 elementor-widget elementor-widget-text-editor\" data-id=\"644c2b1\" data-element_type=\"widget\" data-widget_type=\"text-editor.default\">\n\t\t\t\t<div class=\"elementor-widget-container\">\n\t\t\t\t\t\t\t<h3>Objetivos<\/h3><p style=\"text-align: justify\">El <span style=\"color: #808080\"><strong>objetivo general<\/strong><\/span> que se persigue es elaborar diferentes programas de formaci\u00f3n en competencias digitales para el profesorado universitario, atendiendo a su propio nivel de competencia digital, favoreciendo as\u00ed un aprendizaje personalizado.<\/p><p style=\"text-align: justify\">Los <span style=\"color: #808080\"><strong>objetivos espec\u00edficos<\/strong><\/span> del proyecto son:<\/p><ul><li style=\"text-align: justify\"><p>Identificar los par\u00e1metros que definen a la competencia digital.<\/p><\/li><li style=\"text-align: justify\"><p>Crear un instrumento para evaluar el nivel de competencia digital del profesorado.<\/p><\/li><li style=\"text-align: justify\"><p>Identificar en qu\u00e9 nivel de competencia digital se sit\u00faa el profesorado.<\/p><\/li><li style=\"text-align: justify\"><p>Analizar las necesidades formativas del profesorado y establecer los niveles de competencia digital.<\/p><\/li><li><p style=\"text-align: justify\">Dise\u00f1ar modelos formativos personalizados, para adecuar la oferta formativa a las necesidades espec\u00edficas de cada usuario.<\/p><\/li><\/ul>\t\t\t\t\t\t<\/div>\n\t\t\t\t<\/div>\n\t\t\t\t\t<\/div>\n\t\t<\/div>\n\t\t\t\t\t\t\t<\/div>\n\t\t<\/section>\n\t\t\t\t<section class=\"elementor-section elementor-top-section elementor-element elementor-element-1763166 elementor-section-height-min-height elementor-section-boxed elementor-section-height-default elementor-section-items-middle\" data-id=\"1763166\" data-element_type=\"section\">\n\t\t\t\t\t\t<div class=\"elementor-container elementor-column-gap-default\">\n\t\t\t\t\t<div class=\"elementor-column elementor-col-100 elementor-top-column elementor-element elementor-element-5bc6770\" data-id=\"5bc6770\" data-element_type=\"column\">\n\t\t\t<div class=\"elementor-widget-wrap elementor-element-populated\">\n\t\t\t\t\t\t\t\t<div class=\"elementor-element elementor-element-1d77d4a elementor-align-center elementor-widget elementor-widget-button\" data-id=\"1d77d4a\" data-element_type=\"widget\" data-widget_type=\"button.default\">\n\t\t\t\t<div class=\"elementor-widget-container\">\n\t\t\t\t\t<div class=\"elementor-button-wrapper\">\n\t\t\t<a href=\"https:\/\/encuestas.ull.es\/index.php?r=survey\/index&#038;sid=546592&#038;lang=es\" class=\"elementor-button-link elementor-button elementor-size-md\" role=\"button\" target=\"_blank\" rel=\"noopener\">\n\t\t\t\t\t\t<span class=\"elementor-button-content-wrapper\">\n\t\t\t\t\t\t<span class=\"elementor-button-text\">Cuestionario de Formaci\u00f3n en Competencias Digitales ULL<\/span>\n\t\t<\/span>\n\t\t\t\t\t<\/a>\n\t\t<\/div>\n\t\t\t\t<\/div>\n\t\t\t\t<\/div>\n\t\t\t\t\t<\/div>\n\t\t<\/div>\n\t\t\t\t\t\t\t<\/div>\n\t\t<\/section>\n\t\t\t\t<section class=\"elementor-section elementor-top-section elementor-element elementor-element-dd8eb42 elementor-section-height-min-height elementor-section-boxed elementor-section-height-default elementor-section-items-middle\" data-id=\"dd8eb42\" data-element_type=\"section\">\n\t\t\t\t\t\t<div class=\"elementor-container elementor-column-gap-default\">\n\t\t\t\t\t<div class=\"elementor-column elementor-col-100 elementor-top-column elementor-element elementor-element-552254e\" data-id=\"552254e\" data-element_type=\"column\">\n\t\t\t<div class=\"elementor-widget-wrap elementor-element-populated\">\n\t\t\t\t\t\t\t\t<div class=\"elementor-element elementor-element-16d90d1 elementor-widget elementor-widget-image\" data-id=\"16d90d1\" data-element_type=\"widget\" data-widget_type=\"image.default\">\n\t\t\t\t<div class=\"elementor-widget-container\">\n\t\t\t\t\t\t\t\t\t\t\t\t\t\t\t<img decoding=\"async\" loading=\"lazy\" width=\"1024\" height=\"170\" src=\"https:\/\/www.ull.es\/portal\/forcompdig\/wp-content\/uploads\/sites\/68\/2025\/05\/LOGOS-UNIDIGITAL-1024x170.png\" class=\"attachment-large size-large wp-image-1046\" alt=\"\" srcset=\"https:\/\/www.ull.es\/portal\/forcompdig\/wp-content\/uploads\/sites\/68\/2025\/05\/LOGOS-UNIDIGITAL-1024x170.png 1024w, https:\/\/www.ull.es\/portal\/forcompdig\/wp-content\/uploads\/sites\/68\/2025\/05\/LOGOS-UNIDIGITAL-300x50.png 300w, https:\/\/www.ull.es\/portal\/forcompdig\/wp-content\/uploads\/sites\/68\/2025\/05\/LOGOS-UNIDIGITAL-768x128.png 768w, https:\/\/www.ull.es\/portal\/forcompdig\/wp-content\/uploads\/sites\/68\/2025\/05\/LOGOS-UNIDIGITAL-1536x255.png 1536w, https:\/\/www.ull.es\/portal\/forcompdig\/wp-content\/uploads\/sites\/68\/2025\/05\/LOGOS-UNIDIGITAL-375x62.png 375w, https:\/\/www.ull.es\/portal\/forcompdig\/wp-content\/uploads\/sites\/68\/2025\/05\/LOGOS-UNIDIGITAL-750x125.png 750w, https:\/\/www.ull.es\/portal\/forcompdig\/wp-content\/uploads\/sites\/68\/2025\/05\/LOGOS-UNIDIGITAL-1140x190.png 1140w, https:\/\/www.ull.es\/portal\/forcompdig\/wp-content\/uploads\/sites\/68\/2025\/05\/LOGOS-UNIDIGITAL.png 1600w\" sizes=\"(max-width: 1024px) 100vw, 1024px\" \/>\t\t\t\t\t\t\t\t\t\t\t\t\t\t\t<\/div>\n\t\t\t\t<\/div>\n\t\t\t\t\t<\/div>\n\t\t<\/div>\n\t\t\t\t\t\t\t<\/div>\n\t\t<\/section>\n\t\t\t\t\t\t\t<\/div>\n\t\t","protected":false},"excerpt":{"rendered":"<p>Introducci\u00f3n La necesidad de asegurar una docencia de alta calidad se ha convertido en uno de los objetivos prioritarios del \u00abMarco estrat\u00e9gico europeo de Educaci\u00f3n y Formaci\u00f3n\u00bb (ET 2020). El Marco Com\u00fan de Competencia Digital Docente es un marco que nos sirve como referencia para apoyar el desarrollo de las competencias digitales del profesorado, con&#8230;<\/p>\n","protected":false},"author":102,"featured_media":1015,"parent":0,"menu_order":0,"comment_status":"closed","ping_status":"closed","template":"elementor_header_footer","meta":{"inline_featured_image":false,"footnotes":""},"acf":[],"yoast_head":"<!-- This site is optimized with the Yoast SEO plugin v21.3 - https:\/\/yoast.com\/wordpress\/plugins\/seo\/ -->\n<title>Programa de formaci\u00f3n en Competencias Digitales (FORCOMPDIG) - Forcompdig -<\/title>\n<meta name=\"description\" content=\"FORCOMPDIG tiene como finalidad elaborar diferentes programas de formaci\u00f3n para el profesorado universitario desde su propio nivel de competencia digital\" \/>\n<meta name=\"robots\" content=\"index, follow, max-snippet:-1, max-image-preview:large, max-video-preview:-1\" \/>\n<link rel=\"canonical\" href=\"https:\/\/www.ull.es\/portal\/forcompdig\/\" \/>\n<meta property=\"og:locale\" content=\"es_ES\" \/>\n<meta property=\"og:type\" content=\"article\" \/>\n<meta property=\"og:title\" content=\"Programa de formaci\u00f3n en Competencias Digitales (FORCOMPDIG) - Forcompdig -\" \/>\n<meta property=\"og:description\" content=\"FORCOMPDIG tiene como finalidad elaborar diferentes programas de formaci\u00f3n para el profesorado universitario desde su propio nivel de competencia digital\" \/>\n<meta property=\"og:url\" content=\"https:\/\/www.ull.es\/portal\/forcompdig\/\" \/>\n<meta property=\"og:site_name\" content=\"Forcompdig\" \/>\n<meta property=\"article:modified_time\" content=\"2025-05-05T12:01:28+00:00\" \/>\n<meta property=\"og:image\" content=\"https:\/\/www.ull.es\/portal\/forcompdig\/wp-content\/uploads\/sites\/68\/2024\/10\/Diseno-Forcomdig.jpg\" \/>\n\t<meta property=\"og:image:width\" content=\"1600\" \/>\n\t<meta property=\"og:image:height\" content=\"1600\" \/>\n\t<meta property=\"og:image:type\" content=\"image\/jpeg\" \/>\n<meta name=\"twitter:card\" content=\"summary_large_image\" \/>\n<meta name=\"twitter:label1\" content=\"Tiempo de lectura\" \/>\n\t<meta name=\"twitter:data1\" content=\"2 minutos\" \/>\n<script type=\"application\/ld+json\" class=\"yoast-schema-graph\">{\"@context\":\"https:\/\/schema.org\",\"@graph\":[{\"@type\":\"WebPage\",\"@id\":\"https:\/\/www.ull.es\/portal\/forcompdig\/\",\"url\":\"https:\/\/www.ull.es\/portal\/forcompdig\/\",\"name\":\"Programa de formaci\u00f3n en Competencias Digitales (FORCOMPDIG) - Forcompdig -\",\"isPartOf\":{\"@id\":\"https:\/\/www.ull.es\/portal\/forcompdig\/#website\"},\"datePublished\":\"2024-10-16T06:37:07+00:00\",\"dateModified\":\"2025-05-05T12:01:28+00:00\",\"description\":\"FORCOMPDIG tiene como finalidad elaborar diferentes programas de formaci\u00f3n para el profesorado universitario desde su propio nivel de competencia digital\",\"breadcrumb\":{\"@id\":\"https:\/\/www.ull.es\/portal\/forcompdig\/#breadcrumb\"},\"inLanguage\":\"es\",\"potentialAction\":[{\"@type\":\"ReadAction\",\"target\":[\"https:\/\/www.ull.es\/portal\/forcompdig\/\"]}]},{\"@type\":\"BreadcrumbList\",\"@id\":\"https:\/\/www.ull.es\/portal\/forcompdig\/#breadcrumb\",\"itemListElement\":[{\"@type\":\"ListItem\",\"position\":1,\"name\":\"Portada\",\"item\":\"https:\/\/www.ull.es\/portal\/forcompdig\/\"},{\"@type\":\"ListItem\",\"position\":2,\"name\":\"Programa de formaci\u00f3n en Competencias Digitales (FORCOMPDIG)\"}]},{\"@type\":\"WebSite\",\"@id\":\"https:\/\/www.ull.es\/portal\/forcompdig\/#website\",\"url\":\"https:\/\/www.ull.es\/portal\/forcompdig\/\",\"name\":\"Forcompdig\",\"description\":\"\",\"potentialAction\":[{\"@type\":\"SearchAction\",\"target\":{\"@type\":\"EntryPoint\",\"urlTemplate\":\"https:\/\/www.ull.es\/portal\/forcompdig\/?s={search_term_string}\"},\"query-input\":\"required name=search_term_string\"}],\"inLanguage\":\"es\"}]}<\/script>\n<!-- \/ Yoast SEO plugin. -->","yoast_head_json":{"title":"Programa de formaci\u00f3n en Competencias Digitales (FORCOMPDIG) - Forcompdig -","description":"FORCOMPDIG tiene como finalidad elaborar diferentes programas de formaci\u00f3n para el profesorado universitario desde su propio nivel de competencia digital","robots":{"index":"index","follow":"follow","max-snippet":"max-snippet:-1","max-image-preview":"max-image-preview:large","max-video-preview":"max-video-preview:-1"},"canonical":"https:\/\/www.ull.es\/portal\/forcompdig\/","og_locale":"es_ES","og_type":"article","og_title":"Programa de formaci\u00f3n en Competencias Digitales (FORCOMPDIG) - Forcompdig -","og_description":"FORCOMPDIG tiene como finalidad elaborar diferentes programas de formaci\u00f3n para el profesorado universitario desde su propio nivel de competencia digital","og_url":"https:\/\/www.ull.es\/portal\/forcompdig\/","og_site_name":"Forcompdig","article_modified_time":"2025-05-05T12:01:28+00:00","og_image":[{"width":1600,"height":1600,"url":"https:\/\/www.ull.es\/portal\/forcompdig\/wp-content\/uploads\/sites\/68\/2024\/10\/Diseno-Forcomdig.jpg","type":"image\/jpeg"}],"twitter_card":"summary_large_image","twitter_misc":{"Tiempo de lectura":"2 minutos"},"schema":{"@context":"https:\/\/schema.org","@graph":[{"@type":"WebPage","@id":"https:\/\/www.ull.es\/portal\/forcompdig\/","url":"https:\/\/www.ull.es\/portal\/forcompdig\/","name":"Programa de formaci\u00f3n en Competencias Digitales (FORCOMPDIG) - Forcompdig -","isPartOf":{"@id":"https:\/\/www.ull.es\/portal\/forcompdig\/#website"},"datePublished":"2024-10-16T06:37:07+00:00","dateModified":"2025-05-05T12:01:28+00:00","description":"FORCOMPDIG tiene como finalidad elaborar diferentes programas de formaci\u00f3n para el profesorado universitario desde su propio nivel de competencia digital","breadcrumb":{"@id":"https:\/\/www.ull.es\/portal\/forcompdig\/#breadcrumb"},"inLanguage":"es","potentialAction":[{"@type":"ReadAction","target":["https:\/\/www.ull.es\/portal\/forcompdig\/"]}]},{"@type":"BreadcrumbList","@id":"https:\/\/www.ull.es\/portal\/forcompdig\/#breadcrumb","itemListElement":[{"@type":"ListItem","position":1,"name":"Portada","item":"https:\/\/www.ull.es\/portal\/forcompdig\/"},{"@type":"ListItem","position":2,"name":"Programa de formaci\u00f3n en Competencias Digitales (FORCOMPDIG)"}]},{"@type":"WebSite","@id":"https:\/\/www.ull.es\/portal\/forcompdig\/#website","url":"https:\/\/www.ull.es\/portal\/forcompdig\/","name":"Forcompdig","description":"","potentialAction":[{"@type":"SearchAction","target":{"@type":"EntryPoint","urlTemplate":"https:\/\/www.ull.es\/portal\/forcompdig\/?s={search_term_string}"},"query-input":"required name=search_term_string"}],"inLanguage":"es"}]}},"_links":{"self":[{"href":"https:\/\/www.ull.es\/portal\/forcompdig\/wp-json\/wp\/v2\/pages\/890"}],"collection":[{"href":"https:\/\/www.ull.es\/portal\/forcompdig\/wp-json\/wp\/v2\/pages"}],"about":[{"href":"https:\/\/www.ull.es\/portal\/forcompdig\/wp-json\/wp\/v2\/types\/page"}],"author":[{"embeddable":true,"href":"https:\/\/www.ull.es\/portal\/forcompdig\/wp-json\/wp\/v2\/users\/102"}],"replies":[{"embeddable":true,"href":"https:\/\/www.ull.es\/portal\/forcompdig\/wp-json\/wp\/v2\/comments?post=890"}],"version-history":[{"count":53,"href":"https:\/\/www.ull.es\/portal\/forcompdig\/wp-json\/wp\/v2\/pages\/890\/revisions"}],"predecessor-version":[{"id":1049,"href":"https:\/\/www.ull.es\/portal\/forcompdig\/wp-json\/wp\/v2\/pages\/890\/revisions\/1049"}],"wp:featuredmedia":[{"embeddable":true,"href":"https:\/\/www.ull.es\/portal\/forcompdig\/wp-json\/wp\/v2\/media\/1015"}],"wp:attachment":[{"href":"https:\/\/www.ull.es\/portal\/forcompdig\/wp-json\/wp\/v2\/media?parent=890"}],"curies":[{"name":"wp","href":"https:\/\/api.w.org\/{rel}","templated":true}]}}