{"id":2515,"date":"2016-09-08T07:57:26","date_gmt":"2016-09-08T07:57:26","guid":{"rendered":"https:\/\/www.ull.es\/guiadelingresoalegreso\/?page_id=2515"},"modified":"2016-09-08T07:57:26","modified_gmt":"2016-09-08T07:57:26","slug":"que-asignaturas-puedo-anular","status":"publish","type":"page","link":"https:\/\/www.ull.es\/portal\/guiadelingresoalegreso\/que-asignaturas-puedo-anular\/","title":{"rendered":"Qu\u00e9 asignaturas puedo anular"},"content":{"rendered":"<p>Si te has\u00a0matriculado de asignaturas de primero y segundo y quieres anular alguna, ten en cuenta que, solo\u00a0podr\u00e1s anular las de car\u00e1cter b\u00e1sico de primero\u00a0si anulas todas las de segundo. Es decir no podr\u00e1s anular b\u00e1sicas de primero\u00a0mientras tengas matriculadas asignaturas de segundo.<\/p>\n","protected":false},"excerpt":{"rendered":"<p>Si te has\u00a0matriculado de asignaturas de primero y segundo y quieres anular alguna, ten en cuenta que, solo\u00a0podr\u00e1s anular las de car\u00e1cter b\u00e1sico de primero\u00a0si anulas todas las de segundo. Es decir no podr\u00e1s anular b\u00e1sicas de primero\u00a0mientras tengas matriculadas asignaturas de segundo.<\/p>\n","protected":false},"author":1,"featured_media":0,"parent":0,"menu_order":0,"comment_status":"closed","ping_status":"closed","template":"home.php","meta":{"inline_featured_image":false,"footnotes":""},"acf":[],"yoast_head":"<!-- This site is optimized with the Yoast SEO plugin v21.3 - https:\/\/yoast.com\/wordpress\/plugins\/seo\/ -->\n<title>Qu\u00e9 asignaturas puedo anular - Gu\u00eda del ingreso al egreso<\/title>\n<meta name=\"robots\" content=\"index, follow, max-snippet:-1, max-image-preview:large, max-video-preview:-1\" \/>\n<link rel=\"canonical\" href=\"https:\/\/www.ull.es\/portal\/guiadelingresoalegreso\/que-asignaturas-puedo-anular\/\" \/>\n<meta property=\"og:locale\" content=\"es_ES\" \/>\n<meta property=\"og:type\" content=\"article\" \/>\n<meta property=\"og:title\" content=\"Qu\u00e9 asignaturas puedo anular - Gu\u00eda del ingreso al egreso\" \/>\n<meta property=\"og:description\" content=\"Si te has\u00a0matriculado de asignaturas de primero y segundo y quieres anular alguna, ten en cuenta que, solo\u00a0podr\u00e1s anular las de car\u00e1cter b\u00e1sico de primero\u00a0si anulas todas las de segundo. Es decir no podr\u00e1s anular b\u00e1sicas de primero\u00a0mientras tengas matriculadas asignaturas de segundo.\" \/>\n<meta property=\"og:url\" content=\"https:\/\/www.ull.es\/portal\/guiadelingresoalegreso\/que-asignaturas-puedo-anular\/\" \/>\n<meta property=\"og:site_name\" content=\"Gu\u00eda del ingreso al egreso\" \/>\n<meta name=\"twitter:card\" content=\"summary_large_image\" \/>\n<script type=\"application\/ld+json\" class=\"yoast-schema-graph\">{\"@context\":\"https:\/\/schema.org\",\"@graph\":[{\"@type\":\"WebPage\",\"@id\":\"https:\/\/www.ull.es\/portal\/guiadelingresoalegreso\/que-asignaturas-puedo-anular\/\",\"url\":\"https:\/\/www.ull.es\/portal\/guiadelingresoalegreso\/que-asignaturas-puedo-anular\/\",\"name\":\"Qu\u00e9 asignaturas puedo anular - Gu\u00eda del ingreso al egreso\",\"isPartOf\":{\"@id\":\"https:\/\/www.ull.es\/portal\/guiadelingresoalegreso\/#website\"},\"datePublished\":\"2016-09-08T07:57:26+00:00\",\"dateModified\":\"2016-09-08T07:57:26+00:00\",\"breadcrumb\":{\"@id\":\"https:\/\/www.ull.es\/portal\/guiadelingresoalegreso\/que-asignaturas-puedo-anular\/#breadcrumb\"},\"inLanguage\":\"es\",\"potentialAction\":[{\"@type\":\"ReadAction\",\"target\":[\"https:\/\/www.ull.es\/portal\/guiadelingresoalegreso\/que-asignaturas-puedo-anular\/\"]}]},{\"@type\":\"BreadcrumbList\",\"@id\":\"https:\/\/www.ull.es\/portal\/guiadelingresoalegreso\/que-asignaturas-puedo-anular\/#breadcrumb\",\"itemListElement\":[{\"@type\":\"ListItem\",\"position\":1,\"name\":\"Portada\",\"item\":\"https:\/\/www.ull.es\/portal\/guiadelingresoalegreso\/\"},{\"@type\":\"ListItem\",\"position\":2,\"name\":\"Qu\u00e9 asignaturas puedo anular\"}]},{\"@type\":\"WebSite\",\"@id\":\"https:\/\/www.ull.es\/portal\/guiadelingresoalegreso\/#website\",\"url\":\"https:\/\/www.ull.es\/portal\/guiadelingresoalegreso\/\",\"name\":\"Gu\u00eda del ingreso al egreso\",\"description\":\"Otro sitio m\u00e1s de Sitios Web ULL\",\"potentialAction\":[{\"@type\":\"SearchAction\",\"target\":{\"@type\":\"EntryPoint\",\"urlTemplate\":\"https:\/\/www.ull.es\/portal\/guiadelingresoalegreso\/?s={search_term_string}\"},\"query-input\":\"required name=search_term_string\"}],\"inLanguage\":\"es\"}]}<\/script>\n<!-- \/ Yoast SEO plugin. -->","yoast_head_json":{"title":"Qu\u00e9 asignaturas puedo anular - Gu\u00eda del ingreso al egreso","robots":{"index":"index","follow":"follow","max-snippet":"max-snippet:-1","max-image-preview":"max-image-preview:large","max-video-preview":"max-video-preview:-1"},"canonical":"https:\/\/www.ull.es\/portal\/guiadelingresoalegreso\/que-asignaturas-puedo-anular\/","og_locale":"es_ES","og_type":"article","og_title":"Qu\u00e9 asignaturas puedo anular - Gu\u00eda del ingreso al egreso","og_description":"Si te has\u00a0matriculado de asignaturas de primero y segundo y quieres anular alguna, ten en cuenta que, solo\u00a0podr\u00e1s anular las de car\u00e1cter b\u00e1sico de primero\u00a0si anulas todas las de segundo. Es decir no podr\u00e1s anular b\u00e1sicas de primero\u00a0mientras tengas matriculadas asignaturas de segundo.","og_url":"https:\/\/www.ull.es\/portal\/guiadelingresoalegreso\/que-asignaturas-puedo-anular\/","og_site_name":"Gu\u00eda del ingreso al egreso","twitter_card":"summary_large_image","schema":{"@context":"https:\/\/schema.org","@graph":[{"@type":"WebPage","@id":"https:\/\/www.ull.es\/portal\/guiadelingresoalegreso\/que-asignaturas-puedo-anular\/","url":"https:\/\/www.ull.es\/portal\/guiadelingresoalegreso\/que-asignaturas-puedo-anular\/","name":"Qu\u00e9 asignaturas puedo anular - Gu\u00eda del ingreso al egreso","isPartOf":{"@id":"https:\/\/www.ull.es\/portal\/guiadelingresoalegreso\/#website"},"datePublished":"2016-09-08T07:57:26+00:00","dateModified":"2016-09-08T07:57:26+00:00","breadcrumb":{"@id":"https:\/\/www.ull.es\/portal\/guiadelingresoalegreso\/que-asignaturas-puedo-anular\/#breadcrumb"},"inLanguage":"es","potentialAction":[{"@type":"ReadAction","target":["https:\/\/www.ull.es\/portal\/guiadelingresoalegreso\/que-asignaturas-puedo-anular\/"]}]},{"@type":"BreadcrumbList","@id":"https:\/\/www.ull.es\/portal\/guiadelingresoalegreso\/que-asignaturas-puedo-anular\/#breadcrumb","itemListElement":[{"@type":"ListItem","position":1,"name":"Portada","item":"https:\/\/www.ull.es\/portal\/guiadelingresoalegreso\/"},{"@type":"ListItem","position":2,"name":"Qu\u00e9 asignaturas puedo anular"}]},{"@type":"WebSite","@id":"https:\/\/www.ull.es\/portal\/guiadelingresoalegreso\/#website","url":"https:\/\/www.ull.es\/portal\/guiadelingresoalegreso\/","name":"Gu\u00eda del ingreso al egreso","description":"Otro sitio m\u00e1s de Sitios Web ULL","potentialAction":[{"@type":"SearchAction","target":{"@type":"EntryPoint","urlTemplate":"https:\/\/www.ull.es\/portal\/guiadelingresoalegreso\/?s={search_term_string}"},"query-input":"required name=search_term_string"}],"inLanguage":"es"}]}},"_links":{"self":[{"href":"https:\/\/www.ull.es\/portal\/guiadelingresoalegreso\/wp-json\/wp\/v2\/pages\/2515"}],"collection":[{"href":"https:\/\/www.ull.es\/portal\/guiadelingresoalegreso\/wp-json\/wp\/v2\/pages"}],"about":[{"href":"https:\/\/www.ull.es\/portal\/guiadelingresoalegreso\/wp-json\/wp\/v2\/types\/page"}],"author":[{"embeddable":true,"href":"https:\/\/www.ull.es\/portal\/guiadelingresoalegreso\/wp-json\/wp\/v2\/users\/1"}],"replies":[{"embeddable":true,"href":"https:\/\/www.ull.es\/portal\/guiadelingresoalegreso\/wp-json\/wp\/v2\/comments?post=2515"}],"version-history":[{"count":0,"href":"https:\/\/www.ull.es\/portal\/guiadelingresoalegreso\/wp-json\/wp\/v2\/pages\/2515\/revisions"}],"wp:attachment":[{"href":"https:\/\/www.ull.es\/portal\/guiadelingresoalegreso\/wp-json\/wp\/v2\/media?parent=2515"}],"curies":[{"name":"wp","href":"https:\/\/api.w.org\/{rel}","templated":true}]}}