{"id":16019,"date":"2022-03-29T14:17:05","date_gmt":"2022-03-29T14:17:05","guid":{"rendered":"https:\/\/www.ull.es\/portal\/hipotesis\/?page_id=16019"},"modified":"2023-05-31T11:52:36","modified_gmt":"2023-05-31T11:52:36","slug":"taller-12-determinacion-cualitativa-de-vitamina-c","status":"publish","type":"page","link":"https:\/\/www.ull.es\/portal\/hipotesis\/laboratorio-virtual\/energia-biodiversidad-y-medioambiente\/taller-12-determinacion-cualitativa-de-vitamina-c\/","title":{"rendered":"Taller 12. \u00abDeterminaci\u00f3n cualitativa de vitamina C\u00bb"},"content":{"rendered":"<p>[vc_row][vc_column][vc_custom_heading source=\u00bbpost_title\u00bb font_container=\u00bbtag:h2|text_align:left|color:%236aaa3a\u00bb google_fonts=\u00bbfont_family:Roboto%20Slab%3A100%2C300%2Cregular%2C700|font_style:700%20bold%20regular%3A700%3Anormal\u00bb][\/vc_column][\/vc_row][vc_row][vc_column][vc_video link=\u00bbhttps:\/\/youtu.be\/NT3TZKNP20E\u00bb][vc_empty_space][\/vc_column][\/vc_row][vc_row][vc_column][vc_column_text]<\/p>\n<table style=\"height: 146px\" width=\"1029\">\n<tbody>\n<tr>\n<td width=\"118\"><strong>Breve descripci\u00f3n<\/strong><\/td>\n<\/tr>\n<tr>\n<td style=\"text-align: justify\">Este taller se centra en la preparaci\u00f3n de una disoluci\u00f3n indicadora reducci\u00f3n-oxidaci\u00f3n (redox) de yodo-amilosa, con la que se observa un cambio de color, debido a la reacci\u00f3n entre el indicador y la vitamina C. La vitamina C se oxida y el yodo presente en el compuesto yodo-amilosa se reduce a yoduro haciendo que la disoluci\u00f3n pierda la coloraci\u00f3n azul intensa.<\/td>\n<\/tr>\n<\/tbody>\n<\/table>\n<p>[\/vc_column_text][\/vc_column][\/vc_row][vc_row][vc_column][vc_column_text]<\/p>\n<table style=\"height: 48px\" width=\"708\">\n<tbody>\n<tr>\n<td width=\"152\"><strong>P\u00fablico al que se dirige<\/strong><\/td>\n<td width=\"80\"><strong>Duraci\u00f3n\u00a0<\/strong><\/td>\n<\/tr>\n<tr>\n<td>Alumnado de ESO y Bachillerato<\/td>\n<td>7:56<\/td>\n<\/tr>\n<\/tbody>\n<\/table>\n<p>[\/vc_column_text][\/vc_column][\/vc_row][vc_row][vc_column][vc_column_text]<\/p>\n<table style=\"height: 230px\" width=\"584\">\n<tbody>\n<tr>\n<td colspan=\"2\" width=\"566\"><strong>Materiales y recursos<\/strong><\/td>\n<\/tr>\n<tr>\n<td width=\"283\">\n<ul>\n<li>Betadine o tinta de yodo<\/li>\n<li>Maicena<\/li>\n<li>Agua<\/li>\n<li>Jugos de frutas (naranja, lim\u00f3n, pomelo\u2026)<\/li>\n<li>Comprimido de vitamina C<\/li>\n<\/ul>\n<\/td>\n<td width=\"283\">\n<ul>\n<li>Cazo para calentar agua<\/li>\n<li>Varilla<\/li>\n<li>Placa calefactora<\/li>\n<li>Vasos<\/li>\n<li>Cuenta gotas<\/li>\n<\/ul>\n<\/td>\n<\/tr>\n<\/tbody>\n<\/table>\n<p>[\/vc_column_text][vc_column_text]<\/p>\n<table style=\"height: 62px\" width=\"656\">\n<tbody>\n<tr>\n<td width=\"97\"><strong>Investigador<\/strong><\/td>\n<td width=\"80\">Adri\u00e1n Guti\u00e9rrez Serpa<\/td>\n<\/tr>\n<tr>\n<td><strong>Departamento<\/strong><\/td>\n<td>Departamento de Qu\u00edmica<\/td>\n<\/tr>\n<\/tbody>\n<\/table>\n<p>[\/vc_column_text][vc_empty_space][vc_btn title=\u00bbDescargar ficha del taller\u00bb color=\u00bbgreen\u00bb align=\u00bbcenter\u00bb link=\u00bburl:https%3A%2F%2Fdrive.google.com%2Ffile%2Fd%2F1Eaom2nZbRYhntO0cAD0gmdJApLkOa5Mp%2Fview%3Fusp%3Dsharing\u00bb][\/vc_column][\/vc_row]<\/p>\n","protected":false},"excerpt":{"rendered":"<p>[vc_row][vc_column][vc_custom_heading source=\u00bbpost_title\u00bb font_container=\u00bbtag:h2|text_align:left|color:%236aaa3a\u00bb google_fonts=\u00bbfont_family:Roboto%20Slab%3A100%2C300%2Cregular%2C700|font_style:700%20bold%20regular%3A700%3Anormal\u00bb][\/vc_column][\/vc_row][vc_row][vc_column][vc_video link=\u00bbhttps:\/\/youtu.be\/NT3TZKNP20E\u00bb][vc_empty_space][\/vc_column][\/vc_row][vc_row][vc_column][vc_column_text] Breve descripci\u00f3n Este taller se centra en la preparaci\u00f3n de una disoluci\u00f3n indicadora reducci\u00f3n-oxidaci\u00f3n (redox) de yodo-amilosa, con la que se observa un cambio de color, debido a la reacci\u00f3n entre el indicador y la vitamina C. La vitamina C se oxida y el yodo presente en el compuesto yodo-amilosa&#8230;<\/p>\n","protected":false},"author":56,"featured_media":0,"parent":9426,"menu_order":12,"comment_status":"closed","ping_status":"closed","template":"","meta":{"inline_featured_image":false,"footnotes":""},"acf":[],"yoast_head":"<!-- This site is optimized with the Yoast SEO plugin v21.3 - https:\/\/yoast.com\/wordpress\/plugins\/seo\/ -->\n<title>Taller 12. \u00abDeterminaci\u00f3n cualitativa de vitamina C\u00bb - Hipotesis<\/title>\n<meta name=\"robots\" content=\"index, follow, max-snippet:-1, max-image-preview:large, max-video-preview:-1\" \/>\n<link rel=\"canonical\" href=\"https:\/\/www.ull.es\/portal\/hipotesis\/laboratorio-virtual\/energia-biodiversidad-y-medioambiente\/taller-12-determinacion-cualitativa-de-vitamina-c\/\" \/>\n<meta property=\"og:locale\" content=\"es_ES\" \/>\n<meta property=\"og:type\" content=\"article\" \/>\n<meta property=\"og:title\" content=\"Taller 12. \u00abDeterminaci\u00f3n cualitativa de vitamina C\u00bb - Hipotesis\" \/>\n<meta property=\"og:description\" content=\"[vc_row][vc_column][vc_custom_heading source=\u00bbpost_title\u00bb font_container=\u00bbtag:h2|text_align:left|color:%236aaa3a\u00bb google_fonts=\u00bbfont_family:Roboto%20Slab%3A100%2C300%2Cregular%2C700|font_style:700%20bold%20regular%3A700%3Anormal\u00bb][\/vc_column][\/vc_row][vc_row][vc_column][vc_video link=\u00bbhttps:\/\/youtu.be\/NT3TZKNP20E\u00bb][vc_empty_space][\/vc_column][\/vc_row][vc_row][vc_column][vc_column_text] Breve descripci\u00f3n Este taller se centra en la preparaci\u00f3n de una disoluci\u00f3n indicadora reducci\u00f3n-oxidaci\u00f3n (redox) de yodo-amilosa, con la que se observa un cambio de color, debido a la reacci\u00f3n entre el indicador y la vitamina C. La vitamina C se oxida y el yodo presente en el compuesto yodo-amilosa...\" \/>\n<meta property=\"og:url\" content=\"https:\/\/www.ull.es\/portal\/hipotesis\/laboratorio-virtual\/energia-biodiversidad-y-medioambiente\/taller-12-determinacion-cualitativa-de-vitamina-c\/\" \/>\n<meta property=\"og:site_name\" content=\"Hipotesis\" \/>\n<meta property=\"article:publisher\" content=\"https:\/\/www.facebook.com\/CienciaULL\/\" \/>\n<meta property=\"article:modified_time\" content=\"2023-05-31T11:52:36+00:00\" \/>\n<meta name=\"twitter:card\" content=\"summary_large_image\" \/>\n<meta name=\"twitter:site\" content=\"@CienciaULL\" \/>\n<meta name=\"twitter:label1\" content=\"Tiempo de lectura\" \/>\n\t<meta name=\"twitter:data1\" content=\"1 minuto\" \/>\n<script type=\"application\/ld+json\" class=\"yoast-schema-graph\">{\"@context\":\"https:\/\/schema.org\",\"@graph\":[{\"@type\":\"WebPage\",\"@id\":\"https:\/\/www.ull.es\/portal\/hipotesis\/laboratorio-virtual\/energia-biodiversidad-y-medioambiente\/taller-12-determinacion-cualitativa-de-vitamina-c\/\",\"url\":\"https:\/\/www.ull.es\/portal\/hipotesis\/laboratorio-virtual\/energia-biodiversidad-y-medioambiente\/taller-12-determinacion-cualitativa-de-vitamina-c\/\",\"name\":\"Taller 12. \u00abDeterminaci\u00f3n cualitativa de vitamina C\u00bb - Hipotesis\",\"isPartOf\":{\"@id\":\"https:\/\/www.ull.es\/portal\/hipotesis\/#website\"},\"datePublished\":\"2022-03-29T14:17:05+00:00\",\"dateModified\":\"2023-05-31T11:52:36+00:00\",\"breadcrumb\":{\"@id\":\"https:\/\/www.ull.es\/portal\/hipotesis\/laboratorio-virtual\/energia-biodiversidad-y-medioambiente\/taller-12-determinacion-cualitativa-de-vitamina-c\/#breadcrumb\"},\"inLanguage\":\"es\",\"potentialAction\":[{\"@type\":\"ReadAction\",\"target\":[\"https:\/\/www.ull.es\/portal\/hipotesis\/laboratorio-virtual\/energia-biodiversidad-y-medioambiente\/taller-12-determinacion-cualitativa-de-vitamina-c\/\"]}]},{\"@type\":\"BreadcrumbList\",\"@id\":\"https:\/\/www.ull.es\/portal\/hipotesis\/laboratorio-virtual\/energia-biodiversidad-y-medioambiente\/taller-12-determinacion-cualitativa-de-vitamina-c\/#breadcrumb\",\"itemListElement\":[{\"@type\":\"ListItem\",\"position\":1,\"name\":\"Portada\",\"item\":\"https:\/\/www.ull.es\/portal\/hipotesis\/\"},{\"@type\":\"ListItem\",\"position\":2,\"name\":\"Laboratorio Virtual\",\"item\":\"https:\/\/www.ull.es\/portal\/hipotesis\/laboratorio-virtual\/\"},{\"@type\":\"ListItem\",\"position\":3,\"name\":\"Energ\u00eda, Biodiversidad y Medioambiente\",\"item\":\"https:\/\/www.ull.es\/portal\/hipotesis\/laboratorio-virtual\/energia-biodiversidad-y-medioambiente\/\"},{\"@type\":\"ListItem\",\"position\":4,\"name\":\"Taller 12. \u00abDeterminaci\u00f3n cualitativa de vitamina C\u00bb\"}]},{\"@type\":\"WebSite\",\"@id\":\"https:\/\/www.ull.es\/portal\/hipotesis\/#website\",\"url\":\"https:\/\/www.ull.es\/portal\/hipotesis\/\",\"name\":\"Hipotesis\",\"description\":\"Unidad de Cultura Cient\u00edfica y de la Innovaci\u00f3n de la Universidad de La Laguna\",\"potentialAction\":[{\"@type\":\"SearchAction\",\"target\":{\"@type\":\"EntryPoint\",\"urlTemplate\":\"https:\/\/www.ull.es\/portal\/hipotesis\/?s={search_term_string}\"},\"query-input\":\"required name=search_term_string\"}],\"inLanguage\":\"es\"}]}<\/script>\n<!-- \/ Yoast SEO plugin. -->","yoast_head_json":{"title":"Taller 12. \u00abDeterminaci\u00f3n cualitativa de vitamina C\u00bb - Hipotesis","robots":{"index":"index","follow":"follow","max-snippet":"max-snippet:-1","max-image-preview":"max-image-preview:large","max-video-preview":"max-video-preview:-1"},"canonical":"https:\/\/www.ull.es\/portal\/hipotesis\/laboratorio-virtual\/energia-biodiversidad-y-medioambiente\/taller-12-determinacion-cualitativa-de-vitamina-c\/","og_locale":"es_ES","og_type":"article","og_title":"Taller 12. \u00abDeterminaci\u00f3n cualitativa de vitamina C\u00bb - Hipotesis","og_description":"[vc_row][vc_column][vc_custom_heading source=\u00bbpost_title\u00bb font_container=\u00bbtag:h2|text_align:left|color:%236aaa3a\u00bb google_fonts=\u00bbfont_family:Roboto%20Slab%3A100%2C300%2Cregular%2C700|font_style:700%20bold%20regular%3A700%3Anormal\u00bb][\/vc_column][\/vc_row][vc_row][vc_column][vc_video link=\u00bbhttps:\/\/youtu.be\/NT3TZKNP20E\u00bb][vc_empty_space][\/vc_column][\/vc_row][vc_row][vc_column][vc_column_text] Breve descripci\u00f3n Este taller se centra en la preparaci\u00f3n de una disoluci\u00f3n indicadora reducci\u00f3n-oxidaci\u00f3n (redox) de yodo-amilosa, con la que se observa un cambio de color, debido a la reacci\u00f3n entre el indicador y la vitamina C. La vitamina C se oxida y el yodo presente en el compuesto yodo-amilosa...","og_url":"https:\/\/www.ull.es\/portal\/hipotesis\/laboratorio-virtual\/energia-biodiversidad-y-medioambiente\/taller-12-determinacion-cualitativa-de-vitamina-c\/","og_site_name":"Hipotesis","article_publisher":"https:\/\/www.facebook.com\/CienciaULL\/","article_modified_time":"2023-05-31T11:52:36+00:00","twitter_card":"summary_large_image","twitter_site":"@CienciaULL","twitter_misc":{"Tiempo de lectura":"1 minuto"},"schema":{"@context":"https:\/\/schema.org","@graph":[{"@type":"WebPage","@id":"https:\/\/www.ull.es\/portal\/hipotesis\/laboratorio-virtual\/energia-biodiversidad-y-medioambiente\/taller-12-determinacion-cualitativa-de-vitamina-c\/","url":"https:\/\/www.ull.es\/portal\/hipotesis\/laboratorio-virtual\/energia-biodiversidad-y-medioambiente\/taller-12-determinacion-cualitativa-de-vitamina-c\/","name":"Taller 12. \u00abDeterminaci\u00f3n cualitativa de vitamina C\u00bb - Hipotesis","isPartOf":{"@id":"https:\/\/www.ull.es\/portal\/hipotesis\/#website"},"datePublished":"2022-03-29T14:17:05+00:00","dateModified":"2023-05-31T11:52:36+00:00","breadcrumb":{"@id":"https:\/\/www.ull.es\/portal\/hipotesis\/laboratorio-virtual\/energia-biodiversidad-y-medioambiente\/taller-12-determinacion-cualitativa-de-vitamina-c\/#breadcrumb"},"inLanguage":"es","potentialAction":[{"@type":"ReadAction","target":["https:\/\/www.ull.es\/portal\/hipotesis\/laboratorio-virtual\/energia-biodiversidad-y-medioambiente\/taller-12-determinacion-cualitativa-de-vitamina-c\/"]}]},{"@type":"BreadcrumbList","@id":"https:\/\/www.ull.es\/portal\/hipotesis\/laboratorio-virtual\/energia-biodiversidad-y-medioambiente\/taller-12-determinacion-cualitativa-de-vitamina-c\/#breadcrumb","itemListElement":[{"@type":"ListItem","position":1,"name":"Portada","item":"https:\/\/www.ull.es\/portal\/hipotesis\/"},{"@type":"ListItem","position":2,"name":"Laboratorio Virtual","item":"https:\/\/www.ull.es\/portal\/hipotesis\/laboratorio-virtual\/"},{"@type":"ListItem","position":3,"name":"Energ\u00eda, Biodiversidad y Medioambiente","item":"https:\/\/www.ull.es\/portal\/hipotesis\/laboratorio-virtual\/energia-biodiversidad-y-medioambiente\/"},{"@type":"ListItem","position":4,"name":"Taller 12. \u00abDeterminaci\u00f3n cualitativa de vitamina C\u00bb"}]},{"@type":"WebSite","@id":"https:\/\/www.ull.es\/portal\/hipotesis\/#website","url":"https:\/\/www.ull.es\/portal\/hipotesis\/","name":"Hipotesis","description":"Unidad de Cultura Cient\u00edfica y de la Innovaci\u00f3n de la Universidad de La Laguna","potentialAction":[{"@type":"SearchAction","target":{"@type":"EntryPoint","urlTemplate":"https:\/\/www.ull.es\/portal\/hipotesis\/?s={search_term_string}"},"query-input":"required name=search_term_string"}],"inLanguage":"es"}]}},"_links":{"self":[{"href":"https:\/\/www.ull.es\/portal\/hipotesis\/wp-json\/wp\/v2\/pages\/16019"}],"collection":[{"href":"https:\/\/www.ull.es\/portal\/hipotesis\/wp-json\/wp\/v2\/pages"}],"about":[{"href":"https:\/\/www.ull.es\/portal\/hipotesis\/wp-json\/wp\/v2\/types\/page"}],"author":[{"embeddable":true,"href":"https:\/\/www.ull.es\/portal\/hipotesis\/wp-json\/wp\/v2\/users\/56"}],"replies":[{"embeddable":true,"href":"https:\/\/www.ull.es\/portal\/hipotesis\/wp-json\/wp\/v2\/comments?post=16019"}],"version-history":[{"count":9,"href":"https:\/\/www.ull.es\/portal\/hipotesis\/wp-json\/wp\/v2\/pages\/16019\/revisions"}],"predecessor-version":[{"id":16280,"href":"https:\/\/www.ull.es\/portal\/hipotesis\/wp-json\/wp\/v2\/pages\/16019\/revisions\/16280"}],"up":[{"embeddable":true,"href":"https:\/\/www.ull.es\/portal\/hipotesis\/wp-json\/wp\/v2\/pages\/9426"}],"wp:attachment":[{"href":"https:\/\/www.ull.es\/portal\/hipotesis\/wp-json\/wp\/v2\/media?parent=16019"}],"curies":[{"name":"wp","href":"https:\/\/api.w.org\/{rel}","templated":true}]}}