{"id":24274,"date":"2023-07-24T09:51:11","date_gmt":"2023-07-24T09:51:11","guid":{"rendered":"https:\/\/www.ull.es\/portal\/hipotesis\/?page_id=24274"},"modified":"2024-02-16T13:29:18","modified_gmt":"2024-02-16T13:29:18","slug":"arianna-di-cintio","status":"publish","type":"page","link":"https:\/\/www.ull.es\/portal\/hipotesis\/arianna-di-cintio\/","title":{"rendered":"Arianna Di Cintio &#8211; Astrof\u00edsica te\u00f3rica"},"content":{"rendered":"<p>[vc_row][vc_column][vc_empty_space]\n<div id=\"rev_slider_252_1_wrapper\" class=\"rev_slider_wrapper fullwidthbanner-container\" data-source=\"gallery\" style=\"margin:0px auto;background:transparent;padding:0px;margin-top:0px;margin-bottom:0px;\">\n<!-- START REVOLUTION SLIDER 5.4.7.3 fullwidth mode -->\n\t<div id=\"rev_slider_252_1\" class=\"rev_slider fullwidthabanner\" style=\"display:none;\" data-version=\"5.4.7.3\">\n<ul>\t<!-- SLIDE  -->\n\t<li data-index=\"rs-287\" data-transition=\"fade\" data-slotamount=\"default\" data-hideafterloop=\"0\" data-hideslideonmobile=\"off\"  data-easein=\"default\" data-easeout=\"default\" data-masterspeed=\"300\"  data-rotate=\"0\"  data-saveperformance=\"off\"  data-title=\"Slide\" data-param1=\"\" data-param2=\"\" data-param3=\"\" data-param4=\"\" data-param5=\"\" data-param6=\"\" data-param7=\"\" data-param8=\"\" data-param9=\"\" data-param10=\"\" data-description=\"\">\n\t\t<!-- MAIN IMAGE -->\n\t\t<img src=\"https:\/\/www.ull.es\/portal\/hipotesis\/wp-content\/uploads\/sites\/62\/2023\/11\/Banner-Web-Chicas-con-Cienci@ULL-Arianna-Di-Cintio.jpg\"  alt=\"\" title=\"Banner Web Chicas con Cienci@ULL Arianna Di Cintio\"  width=\"1500\" height=\"500\" data-bgposition=\"center center\" data-bgfit=\"cover\" data-bgrepeat=\"no-repeat\" class=\"rev-slidebg\" data-no-retina>\n\t\t<!-- LAYERS -->\n\t<\/li>\n<\/ul>\n<div class=\"tp-bannertimer tp-bottom\" style=\"visibility: hidden !important;\"><\/div>\t<\/div>\n<script>var htmlDiv = document.getElementById(\"rs-plugin-settings-inline-css\"); var htmlDivCss=\"\";\r\n\t\t\t\tif(htmlDiv) {\r\n\t\t\t\t\thtmlDiv.innerHTML = htmlDiv.innerHTML + htmlDivCss;\r\n\t\t\t\t}else{\r\n\t\t\t\t\tvar htmlDiv = document.createElement(\"div\");\r\n\t\t\t\t\thtmlDiv.innerHTML = \"<style>\" + htmlDivCss + \"<\/style>\";\r\n\t\t\t\t\tdocument.getElementsByTagName(\"head\")[0].appendChild(htmlDiv.childNodes[0]);\r\n\t\t\t\t}\r\n\t\t\t<\/script>\n\t\t<script type=\"text\/javascript\">\r\nif (setREVStartSize!==undefined) setREVStartSize(\r\n\t{c: '#rev_slider_252_1', gridwidth: [1500], gridheight: [500], sliderLayout: 'auto'});\r\n\t\t\t\r\nvar revapi252,\r\n\ttpj;\t\r\n(function() {\t\t\t\r\n\tif (!\/loaded|interactive|complete\/.test(document.readyState)) document.addEventListener(\"DOMContentLoaded\",onLoad); else onLoad();\t\r\n\tfunction onLoad() {\t\t\t\t\r\n\t\tif (tpj===undefined) { tpj = jQuery; if(\"off\" == \"on\") tpj.noConflict();}\r\n\tif(tpj(\"#rev_slider_252_1\").revolution == undefined){\n\t\trevslider_showDoubleJqueryError(\"#rev_slider_252_1\");\n\t}else{\n\t\trevapi252 = tpj(\"#rev_slider_252_1\").show().revolution({\n\t\t\tsliderType:\"hero\",\n\t\t\tjsFileLocation:\"\/\/www.ull.es\/portal\/hipotesis\/wp-content\/plugins\/revslider\/public\/assets\/js\/\",\n\t\t\tsliderLayout:\"auto\",\n\t\t\tdottedOverlay:\"none\",\n\t\t\tdelay:9000,\n\t\t\tvisibilityLevels:[1240,1024,778,480],\n\t\t\tgridwidth:1500,\n\t\t\tgridheight:500,\n\t\t\tlazyType:\"none\",\n\t\t\tshadow:0,\n\t\t\tspinner:\"spinner0\",\n\t\t\tautoHeight:\"off\",\n\t\t\tdisableProgressBar:\"on\",\n\t\t\thideThumbsOnMobile:\"off\",\n\t\t\thideSliderAtLimit:0,\n\t\t\thideCaptionAtLimit:0,\n\t\t\thideAllCaptionAtLilmit:0,\n\t\t\tdebugMode:false,\n\t\t\tfallbacks: {\n\t\t\t\tsimplifyAll:\"off\",\n\t\t\t\tdisableFocusListener:false,\n\t\t\t}\n\t\t});\n\t}; \/* END OF revapi call *\/\n\t\n }; \/* END OF ON LOAD FUNCTION *\/\r\n}()); \/* END OF WRAPPING FUNCTION *\/\r\n<\/script>\r\n\t\t<\/div><!-- END REVOLUTION SLIDER -->[\/vc_column][\/vc_row][vc_row][vc_column width=\u00bb2\/3&#8243;][vc_empty_space][vc_custom_heading text=\u00bb\u00c1rea Ciencia y Tecnolog\u00eda\u00bb font_container=\u00bbtag:h2|text_align:left|color:%23ff8034&#8243; google_fonts=\u00bbfont_family:Roboto%20Slab%3A100%2C300%2Cregular%2C700|font_style:700%20bold%20regular%3A700%3Anormal\u00bb][vc_custom_heading text=\u00bbCap\u00edtulo 13. Arianna Di Cintio &#8211; Astrof\u00edsica te\u00f3rica\u00bb font_container=\u00bbtag:h3|text_align:left|color:%23ff8034&#8243; google_fonts=\u00bbfont_family:Roboto%20Slab%3A100%2C300%2Cregular%2C700|font_style:700%20bold%20regular%3A700%3Anormal\u00bb][vc_custom_heading text=\u00bb<strong>Biograf\u00eda<\/strong>\u00bb font_container=\u00bbtag:h4|text_align:left|color:%23535968&#8243; google_fonts=\u00bbfont_family:Roboto%20Slab%3A100%2C300%2Cregular%2C700|font_style:700%20bold%20regular%3A700%3Anormal\u00bb][vc_column_text]<\/p>\n<p style=\"text-align: justify\">Arianna Di Cintio es una astrof\u00edsica te\u00f3rica italiana, especializada en correr y analizar complejas simulaciones de galaxias, para entender c\u00f3mo se forman y evolucionan. Obtuvo su licenciatura y m\u00e1ster en Astrof\u00edsica en la Universidad Sapienza de Roma, y comenz\u00f3 su carrera como astrof\u00edsica experimental trabajando con los interfer\u00f3metros de ondas gravitacionales LIGO y VIRGO. Realiz\u00f3 su proyecto de m\u00e1ster en CALTECH en EE.UU que fue galardonado con el premio &amp;quot;Mejor tesis en astrof\u00edsica experimental 2010\u201d por la Accademia dei Lincei Italiana. A continuaci\u00f3n, decidi\u00f3 pasar al campo de la astrof\u00edsica te\u00f3rica y se uni\u00f3 al grupo de investigaci\u00f3n de cosmolog\u00eda computacional de la Universidad Aut\u00f3noma de Madrid (UAM) en octubre de 2010. Su doctorado se dedic\u00f3 al an\u00e1lisis de simulaciones de galaxias, centr\u00e1ndose en los aspectos problem\u00e1ticos del modelo cosmol\u00f3gico actual a escalas gal\u00e1cticas. Finaliz\u00f3 su doctorado en julio de 2014 en la UAM con el t\u00edtulo \u00abThe lcdm model at small scales<span class=\"documento-detalle__subtitulo\">Milky way satellites and cusp-core crisis\u00bb<\/span>, calificaci\u00f3n <em>cum laude<\/em>, y Premio Extraordinario de Doctorado UAM 2015. Desde su doctorado, ha trabajado como postdoc independiente en varios institutos de todo el mundo, incluyendo el centro de cosmolog\u00eda DARK en Copenhague y el Leibniz Institute fur Astrophysics en Potsdam. En 2018, se traslad\u00f3 al Instituto de Astrof\u00edsica de Canarias (IAC) con un contrato Marie Curie Individual Fellowship, para trabajar en aspectos te\u00f3ricos de galaxias de bajo brillo superficial. En el 2020 obtuvo las prestigiosas becas Ram\u00f3n y Cajal, Viera y Clavijo, y \u201cJunior Leader Fundaci\u00f3n La Caixa\u201d, con la cual se incorpor\u00f3 a la Universidad de La Laguna en Junio 2020. En la actualidad es investigadora distinguida \u201cJunior Leader Fundacion La Caixa\u201d en el departamento de astrof\u00edsica de la ULL, donde imparte docencia a nivel de grado y m\u00e1ster, a la vez que desarrolla su investigaci\u00f3n. Es la IP del proyecto &amp;quot;A novel Local Group simulation&amp;quot; y dirige un grupo compuesto por un postdoc, tres estudiantes de doctorado y varios estudiantes de m\u00e1ster y grado. Es coordinadora de la asignatura de \u201cF\u00edsica Extragal\u00e1ctica\u201d del M\u00e1ster de Astrof\u00edsica y miembro de la comisi\u00f3n del m\u00e1ster. A la vez, es coordinadora del grupo de investigaci\u00f3n ULL \u201cACT-Astrof\u00edsica y cosmolog\u00eda te\u00f3rica\u201d. Tiene a fecha de hoy 50 art\u00edculos publicados en revistas Q1 de alto impacto, con 2706 citas .<\/p>\n<p style=\"text-align: justify\">Ha impartido m\u00e1s de 400 horas de docencia en Universidades espa\u00f1olas hasta la fecha. Es invitada regularmente como ponente en congresos internacionales y c\u00f3mo docente en escuelas de doctorado. Trabaja como \u00e1rbitro en varios comit\u00e9 nacionales\/internacionales (RES\/ESO\/CAT etc) y como scientific referee para 7 revistas de alto impacto (Nature Astronomy, APJL, MNRAS, JCAP, A&amp;amp;A, PRD, Scientific Bulletin). Ha sido organizadora de 10 congresos cient\u00edficos internacionales. Arianna esta muy implicada en actividades de divulgaci\u00f3n, tanto en la ULL como en otros institutos, habiendo impartido charlas a m\u00e1s de 300 ni\u00f1os y adolescentes en el 2023. Desde el 2019 colabora en la actividad \u201cHabla con ellas: mujeres en Astronom\u00eda\u201d del IAC. En 2023 particip\u00f3 al podcast Doble H\u00e9lice de RNE, episodio \u201cGalaxias\u201d. Su trabajo cient\u00edfico ha salido en varias ruedas de prensa nacionales e internacionales.<\/p>\n<p>[\/vc_column_text][vc_custom_heading text=\u00bb<strong>Departamento<\/strong>\u00bb font_container=\u00bbtag:h4|text_align:left|color:%23535968&#8243; google_fonts=\u00bbfont_family:Roboto%20Slab%3A100%2C300%2Cregular%2C700|font_style:700%20bold%20regular%3A700%3Anormal\u00bb][vc_column_text]<\/p>\n<ul>\n<li><a href=\"https:\/\/portalciencia.ull.es\/unidades\/2919\/detalle\" target=\"_blank\" rel=\"noopener\">Astrof\u00edsica<\/a><\/li>\n<\/ul>\n<p>[\/vc_column_text][vc_custom_heading text=\u00bb<strong>L\u00edneas de investigaci\u00f3n<\/strong>\u00bb font_container=\u00bbtag:h4|text_align:left|color:%23535968&#8243; google_fonts=\u00bbfont_family:Roboto%20Slab%3A100%2C300%2Cregular%2C700|font_style:700%20bold%20regular%3A700%3Anormal\u00bb][vc_column_text]<\/p>\n<ul>\n<li>Simulaciones de galaxias<\/li>\n<li>Galaxias enanas y ultra-difusas<\/li>\n<li>Modelos cosmologicos de formacion de galaxias<\/li>\n<li>El Grupo Local de Galaxias<\/li>\n<li>Materia Oscura<\/li>\n<li>Retroalimentacion de los bariones en galaxias<\/li>\n<\/ul>\n<p>[\/vc_column_text][vc_custom_heading text=\u00bb<strong>Grupos de investigaci\u00f3n<\/strong>\u00bb font_container=\u00bbtag:h4|text_align:left|color:%23535968&#8243; google_fonts=\u00bbfont_family:Roboto%20Slab%3A100%2C300%2Cregular%2C700|font_style:700%20bold%20regular%3A700%3Anormal\u00bb][vc_column_text]<\/p>\n<ul>\n<li><a href=\"https:\/\/portalciencia.ull.es\/grupos\/8191\/detalle\" target=\"_blank\" rel=\"noopener\">Astrof\u00edsica y Cosmolog\u00eda Te\u00f3rica<\/a><\/li>\n<\/ul>\n<p>[\/vc_column_text][\/vc_column][vc_column width=\u00bb1\/3&#8243;][vc_empty_space height=\u00bb135px\u00bb][vc_custom_heading text=\u00bb<strong>V\u00eddeo<\/strong>\u00bb font_container=\u00bbtag:h4|text_align:left|color:%23535968&#8243; google_fonts=\u00bbfont_family:Roboto%20Slab%3A100%2C300%2Cregular%2C700|font_style:700%20bold%20regular%3A700%3Anormal\u00bb css=\u00bb.vc_custom_1690192364046{margin-bottom: 5px !important;border-bottom-width: 5px !important;padding-bottom: 5px !important;}\u00bb][vc_video link=\u00bbhttps:\/\/youtu.be\/a0br-r8LVA4&#8243;][vc_empty_space css=\u00bb.vc_custom_1690192549293{margin-bottom: 3px !important;border-bottom-width: 3px !important;padding-bottom: 3px !important;}\u00bb][vc_btn title=\u00bbSerie Chicas con Cienci@ULL\u00bb color=\u00bbwarning\u00bb size=\u00bblg\u00bb align=\u00bbcenter\u00bb button_block=\u00bbtrue\u00bb link=\u00bburl:https%3A%2F%2Fwww.ull.es%2Fportal%2Fcienciaull%2F4a-temporada-chicas-con-cienciull%2F\u00bb css=\u00bb.vc_custom_1690192657680{margin-bottom: 3px !important;border-bottom-width: 3px !important;padding-bottom: 3px !important;}\u00bb][vc_btn title=\u00bbProducci\u00f3n cient\u00edfica\u00bb color=\u00bbdanger\u00bb size=\u00bblg\u00bb align=\u00bbcenter\u00bb button_block=\u00bbtrue\u00bb link=\u00bburl:https%3A%2F%2Fportalciencia.ull.es%2Finvestigadores%2F82452%2Fdetalle\u00bb css=\u00bb.vc_custom_1690192703717{margin-bottom: 3px !important;border-bottom-width: 3px !important;padding-bottom: 3px !important;}\u00bb][vc_btn title=\u00bbFiguras destacadas\u00bb color=\u00bbsky\u00bb size=\u00bblg\u00bb align=\u00bbcenter\u00bb button_block=\u00bbtrue\u00bb link=\u00bburl:https%3A%2F%2Fwww.ull.es%2Fportal%2Fcienciaull%2Fcalendario-investigaull%2Ffigurasdesta_investigaull%2F\u00bb css=\u00bb.vc_custom_1690192768772{margin-bottom: 3px !important;border-bottom-width: 3px !important;padding-bottom: 3px !important;}\u00bb][\/vc_column][\/vc_row][vc_row][vc_column][vc_empty_space][vc_single_image image=\u00bb25066&#8243; img_size=\u00bb1500&#215;250&#8243;][\/vc_column][\/vc_row]<\/p>\n","protected":false},"excerpt":{"rendered":"<p>[vc_row][vc_column][vc_empty_space][\/vc_column][\/vc_row][vc_row][vc_column width=\u00bb2\/3&#8243;][vc_empty_space][vc_custom_heading text=\u00bb\u00c1rea Ciencia y Tecnolog\u00eda\u00bb font_container=\u00bbtag:h2|text_align:left|color:%23ff8034&#8243; google_fonts=\u00bbfont_family:Roboto%20Slab%3A100%2C300%2Cregular%2C700|font_style:700%20bold%20regular%3A700%3Anormal\u00bb][vc_custom_heading text=\u00bbCap\u00edtulo 13. Arianna Di Cintio &#8211; Astrof\u00edsica te\u00f3rica\u00bb font_container=\u00bbtag:h3|text_align:left|color:%23ff8034&#8243; google_fonts=\u00bbfont_family:Roboto%20Slab%3A100%2C300%2Cregular%2C700|font_style:700%20bold%20regular%3A700%3Anormal\u00bb][vc_custom_heading text=\u00bbBiograf\u00eda\u00bb font_container=\u00bbtag:h4|text_align:left|color:%23535968&#8243; google_fonts=\u00bbfont_family:Roboto%20Slab%3A100%2C300%2Cregular%2C700|font_style:700%20bold%20regular%3A700%3Anormal\u00bb][vc_column_text] Arianna Di Cintio es una astrof\u00edsica te\u00f3rica italiana, especializada en correr y analizar complejas simulaciones de galaxias, para entender c\u00f3mo se forman y evolucionan. Obtuvo su licenciatura y m\u00e1ster en Astrof\u00edsica en la Universidad&#8230;<\/p>\n","protected":false},"author":56,"featured_media":0,"parent":0,"menu_order":0,"comment_status":"closed","ping_status":"closed","template":"templates\/cienciaull.php","meta":{"inline_featured_image":false,"footnotes":""},"acf":[],"yoast_head":"<!-- This site is optimized with the Yoast SEO plugin v21.3 - https:\/\/yoast.com\/wordpress\/plugins\/seo\/ -->\n<title>Arianna Di Cintio - Astrof\u00edsica te\u00f3rica - Hipotesis<\/title>\n<meta name=\"robots\" content=\"index, follow, max-snippet:-1, max-image-preview:large, max-video-preview:-1\" \/>\n<link rel=\"canonical\" href=\"https:\/\/www.ull.es\/portal\/hipotesis\/arianna-di-cintio\/\" \/>\n<meta property=\"og:locale\" content=\"es_ES\" \/>\n<meta property=\"og:type\" content=\"article\" \/>\n<meta property=\"og:title\" content=\"Arianna Di Cintio - Astrof\u00edsica te\u00f3rica - Hipotesis\" \/>\n<meta property=\"og:description\" content=\"[vc_row][vc_column][vc_empty_space][\/vc_column][\/vc_row][vc_row][vc_column width=\u00bb2\/3&#8243;][vc_empty_space][vc_custom_heading text=\u00bb\u00c1rea Ciencia y Tecnolog\u00eda\u00bb font_container=\u00bbtag:h2|text_align:left|color:%23ff8034&#8243; google_fonts=\u00bbfont_family:Roboto%20Slab%3A100%2C300%2Cregular%2C700|font_style:700%20bold%20regular%3A700%3Anormal\u00bb][vc_custom_heading text=\u00bbCap\u00edtulo 13. Arianna Di Cintio &#8211; Astrof\u00edsica te\u00f3rica\u00bb font_container=\u00bbtag:h3|text_align:left|color:%23ff8034&#8243; google_fonts=\u00bbfont_family:Roboto%20Slab%3A100%2C300%2Cregular%2C700|font_style:700%20bold%20regular%3A700%3Anormal\u00bb][vc_custom_heading text=\u00bbBiograf\u00eda\u00bb font_container=\u00bbtag:h4|text_align:left|color:%23535968&#8243; google_fonts=\u00bbfont_family:Roboto%20Slab%3A100%2C300%2Cregular%2C700|font_style:700%20bold%20regular%3A700%3Anormal\u00bb][vc_column_text] Arianna Di Cintio es una astrof\u00edsica te\u00f3rica italiana, especializada en correr y analizar complejas simulaciones de galaxias, para entender c\u00f3mo se forman y evolucionan. Obtuvo su licenciatura y m\u00e1ster en Astrof\u00edsica en la Universidad...\" \/>\n<meta property=\"og:url\" content=\"https:\/\/www.ull.es\/portal\/hipotesis\/arianna-di-cintio\/\" \/>\n<meta property=\"og:site_name\" content=\"Hipotesis\" \/>\n<meta property=\"article:publisher\" content=\"https:\/\/www.facebook.com\/CienciaULL\/\" \/>\n<meta property=\"article:modified_time\" content=\"2024-02-16T13:29:18+00:00\" \/>\n<meta name=\"twitter:card\" content=\"summary_large_image\" \/>\n<meta name=\"twitter:site\" content=\"@CienciaULL\" \/>\n<meta name=\"twitter:label1\" content=\"Tiempo de lectura\" \/>\n\t<meta name=\"twitter:data1\" content=\"3 minutos\" \/>\n<script type=\"application\/ld+json\" class=\"yoast-schema-graph\">{\"@context\":\"https:\/\/schema.org\",\"@graph\":[{\"@type\":\"WebPage\",\"@id\":\"https:\/\/www.ull.es\/portal\/hipotesis\/arianna-di-cintio\/\",\"url\":\"https:\/\/www.ull.es\/portal\/hipotesis\/arianna-di-cintio\/\",\"name\":\"Arianna Di Cintio - Astrof\u00edsica te\u00f3rica - Hipotesis\",\"isPartOf\":{\"@id\":\"https:\/\/www.ull.es\/portal\/hipotesis\/#website\"},\"datePublished\":\"2023-07-24T09:51:11+00:00\",\"dateModified\":\"2024-02-16T13:29:18+00:00\",\"breadcrumb\":{\"@id\":\"https:\/\/www.ull.es\/portal\/hipotesis\/arianna-di-cintio\/#breadcrumb\"},\"inLanguage\":\"es\",\"potentialAction\":[{\"@type\":\"ReadAction\",\"target\":[\"https:\/\/www.ull.es\/portal\/hipotesis\/arianna-di-cintio\/\"]}]},{\"@type\":\"BreadcrumbList\",\"@id\":\"https:\/\/www.ull.es\/portal\/hipotesis\/arianna-di-cintio\/#breadcrumb\",\"itemListElement\":[{\"@type\":\"ListItem\",\"position\":1,\"name\":\"Portada\",\"item\":\"https:\/\/www.ull.es\/portal\/hipotesis\/\"},{\"@type\":\"ListItem\",\"position\":2,\"name\":\"Arianna Di Cintio &#8211; Astrof\u00edsica te\u00f3rica\"}]},{\"@type\":\"WebSite\",\"@id\":\"https:\/\/www.ull.es\/portal\/hipotesis\/#website\",\"url\":\"https:\/\/www.ull.es\/portal\/hipotesis\/\",\"name\":\"Hipotesis\",\"description\":\"Unidad de Cultura Cient\u00edfica y de la Innovaci\u00f3n de la Universidad de La Laguna\",\"potentialAction\":[{\"@type\":\"SearchAction\",\"target\":{\"@type\":\"EntryPoint\",\"urlTemplate\":\"https:\/\/www.ull.es\/portal\/hipotesis\/?s={search_term_string}\"},\"query-input\":\"required name=search_term_string\"}],\"inLanguage\":\"es\"}]}<\/script>\n<!-- \/ Yoast SEO plugin. -->","yoast_head_json":{"title":"Arianna Di Cintio - Astrof\u00edsica te\u00f3rica - Hipotesis","robots":{"index":"index","follow":"follow","max-snippet":"max-snippet:-1","max-image-preview":"max-image-preview:large","max-video-preview":"max-video-preview:-1"},"canonical":"https:\/\/www.ull.es\/portal\/hipotesis\/arianna-di-cintio\/","og_locale":"es_ES","og_type":"article","og_title":"Arianna Di Cintio - Astrof\u00edsica te\u00f3rica - Hipotesis","og_description":"[vc_row][vc_column][vc_empty_space][\/vc_column][\/vc_row][vc_row][vc_column width=\u00bb2\/3&#8243;][vc_empty_space][vc_custom_heading text=\u00bb\u00c1rea Ciencia y Tecnolog\u00eda\u00bb font_container=\u00bbtag:h2|text_align:left|color:%23ff8034&#8243; google_fonts=\u00bbfont_family:Roboto%20Slab%3A100%2C300%2Cregular%2C700|font_style:700%20bold%20regular%3A700%3Anormal\u00bb][vc_custom_heading text=\u00bbCap\u00edtulo 13. Arianna Di Cintio &#8211; Astrof\u00edsica te\u00f3rica\u00bb font_container=\u00bbtag:h3|text_align:left|color:%23ff8034&#8243; google_fonts=\u00bbfont_family:Roboto%20Slab%3A100%2C300%2Cregular%2C700|font_style:700%20bold%20regular%3A700%3Anormal\u00bb][vc_custom_heading text=\u00bbBiograf\u00eda\u00bb font_container=\u00bbtag:h4|text_align:left|color:%23535968&#8243; google_fonts=\u00bbfont_family:Roboto%20Slab%3A100%2C300%2Cregular%2C700|font_style:700%20bold%20regular%3A700%3Anormal\u00bb][vc_column_text] Arianna Di Cintio es una astrof\u00edsica te\u00f3rica italiana, especializada en correr y analizar complejas simulaciones de galaxias, para entender c\u00f3mo se forman y evolucionan. Obtuvo su licenciatura y m\u00e1ster en Astrof\u00edsica en la Universidad...","og_url":"https:\/\/www.ull.es\/portal\/hipotesis\/arianna-di-cintio\/","og_site_name":"Hipotesis","article_publisher":"https:\/\/www.facebook.com\/CienciaULL\/","article_modified_time":"2024-02-16T13:29:18+00:00","twitter_card":"summary_large_image","twitter_site":"@CienciaULL","twitter_misc":{"Tiempo de lectura":"3 minutos"},"schema":{"@context":"https:\/\/schema.org","@graph":[{"@type":"WebPage","@id":"https:\/\/www.ull.es\/portal\/hipotesis\/arianna-di-cintio\/","url":"https:\/\/www.ull.es\/portal\/hipotesis\/arianna-di-cintio\/","name":"Arianna Di Cintio - Astrof\u00edsica te\u00f3rica - Hipotesis","isPartOf":{"@id":"https:\/\/www.ull.es\/portal\/hipotesis\/#website"},"datePublished":"2023-07-24T09:51:11+00:00","dateModified":"2024-02-16T13:29:18+00:00","breadcrumb":{"@id":"https:\/\/www.ull.es\/portal\/hipotesis\/arianna-di-cintio\/#breadcrumb"},"inLanguage":"es","potentialAction":[{"@type":"ReadAction","target":["https:\/\/www.ull.es\/portal\/hipotesis\/arianna-di-cintio\/"]}]},{"@type":"BreadcrumbList","@id":"https:\/\/www.ull.es\/portal\/hipotesis\/arianna-di-cintio\/#breadcrumb","itemListElement":[{"@type":"ListItem","position":1,"name":"Portada","item":"https:\/\/www.ull.es\/portal\/hipotesis\/"},{"@type":"ListItem","position":2,"name":"Arianna Di Cintio &#8211; Astrof\u00edsica te\u00f3rica"}]},{"@type":"WebSite","@id":"https:\/\/www.ull.es\/portal\/hipotesis\/#website","url":"https:\/\/www.ull.es\/portal\/hipotesis\/","name":"Hipotesis","description":"Unidad de Cultura Cient\u00edfica y de la Innovaci\u00f3n de la Universidad de La Laguna","potentialAction":[{"@type":"SearchAction","target":{"@type":"EntryPoint","urlTemplate":"https:\/\/www.ull.es\/portal\/hipotesis\/?s={search_term_string}"},"query-input":"required name=search_term_string"}],"inLanguage":"es"}]}},"_links":{"self":[{"href":"https:\/\/www.ull.es\/portal\/hipotesis\/wp-json\/wp\/v2\/pages\/24274"}],"collection":[{"href":"https:\/\/www.ull.es\/portal\/hipotesis\/wp-json\/wp\/v2\/pages"}],"about":[{"href":"https:\/\/www.ull.es\/portal\/hipotesis\/wp-json\/wp\/v2\/types\/page"}],"author":[{"embeddable":true,"href":"https:\/\/www.ull.es\/portal\/hipotesis\/wp-json\/wp\/v2\/users\/56"}],"replies":[{"embeddable":true,"href":"https:\/\/www.ull.es\/portal\/hipotesis\/wp-json\/wp\/v2\/comments?post=24274"}],"version-history":[{"count":19,"href":"https:\/\/www.ull.es\/portal\/hipotesis\/wp-json\/wp\/v2\/pages\/24274\/revisions"}],"predecessor-version":[{"id":26360,"href":"https:\/\/www.ull.es\/portal\/hipotesis\/wp-json\/wp\/v2\/pages\/24274\/revisions\/26360"}],"wp:attachment":[{"href":"https:\/\/www.ull.es\/portal\/hipotesis\/wp-json\/wp\/v2\/media?parent=24274"}],"curies":[{"name":"wp","href":"https:\/\/api.w.org\/{rel}","templated":true}]}}