{"id":3781,"date":"2020-04-21T01:02:15","date_gmt":"2020-04-21T01:02:15","guid":{"rendered":"https:\/\/www.ull.es\/portal\/hipotesis\/?page_id=3781"},"modified":"2020-04-30T21:17:55","modified_gmt":"2020-04-30T21:17:55","slug":"buzon-del-investigador","status":"publish","type":"page","link":"https:\/\/www.ull.es\/portal\/hipotesis\/inicio-3\/buzon-del-investigador\/","title":{"rendered":"Buz\u00f3n del Investigador"},"content":{"rendered":"<p>[vc_row][vc_column][vc_custom_heading source=\u00bbpost_title\u00bb font_container=\u00bbtag:h1|text_align:left\u00bb google_fonts=\u00bbfont_family:Roboto%20Slab%3A100%2C300%2Cregular%2C700|font_style:700%20bold%20regular%3A700%3Anormal\u00bb][vc_column_text][\/vc_column_text][vc_column_text]<\/p>\n<p style=\"text-align: justify\">Si eres personal docente y\/o investigador de la Universidad de La Laguna y quieres <strong>realizar una consulta o que te ayudemos con una actividad de divulgaci\u00f3n cient\u00edfica<\/strong>, puedes contactar con el equipo de Cienci@ULL a trav\u00e9s del siguiente formulario, te contestaremos con la m\u00e1xima brevedad posible a la direcci\u00f3n de correo electr\u00f3nico que nos indiques.<\/p>\n<p>[\/vc_column_text][vc_raw_html]JTNDaWZyYW1lJTIwc3JjJTNEJTIyaHR0cHMlM0ElMkYlMkZkb2NzLmdvb2dsZS5jb20lMkZmb3JtcyUyRmQlMkZlJTJGMUZBSXBRTFNlNGZSYkJpRWR6SVRtLWVyQWw2ODNPTzVVNE9Yek5BTWRaQUhQSzdlV1pRLVhEdEElMkZ2aWV3Zm9ybSUzRmVtYmVkZGVkJTNEdHJ1ZSUyMiUyMHdpZHRoJTNEJTIyNzQwJTIyJTIwaGVpZ2h0JTNEJTIyMTI0NyUyMiUyMGZyYW1lYm9yZGVyJTNEJTIyMCUyMiUyMG1hcmdpbmhlaWdodCUzRCUyMjAlMjIlMjBtYXJnaW53aWR0aCUzRCUyMjAlMjIlM0VDYXJnYW5kbyVFMiU4MCVBNiUzQyUyRmlmcmFtZSUzRQ==[\/vc_raw_html][\/vc_column][\/vc_row]<\/p>\n","protected":false},"excerpt":{"rendered":"<p>[vc_row][vc_column][vc_custom_heading source=\u00bbpost_title\u00bb font_container=\u00bbtag:h1|text_align:left\u00bb google_fonts=\u00bbfont_family:Roboto%20Slab%3A100%2C300%2Cregular%2C700|font_style:700%20bold%20regular%3A700%3Anormal\u00bb][vc_column_text][\/vc_column_text][vc_column_text] Si eres personal docente y\/o investigador de la Universidad de La Laguna y quieres realizar una consulta o que te ayudemos con una actividad de divulgaci\u00f3n cient\u00edfica, puedes contactar con el equipo de Cienci@ULL a trav\u00e9s del siguiente formulario, te contestaremos con la m\u00e1xima brevedad posible a la direcci\u00f3n de correo&#8230;<\/p>\n","protected":false},"author":56,"featured_media":0,"parent":415,"menu_order":4,"comment_status":"closed","ping_status":"closed","template":"","meta":{"inline_featured_image":false,"footnotes":""},"acf":[],"yoast_head":"<!-- This site is optimized with the Yoast SEO plugin v21.3 - https:\/\/yoast.com\/wordpress\/plugins\/seo\/ -->\n<title>Buz\u00f3n del Investigador - Hipotesis<\/title>\n<meta name=\"robots\" content=\"index, follow, max-snippet:-1, max-image-preview:large, max-video-preview:-1\" \/>\n<link rel=\"canonical\" href=\"https:\/\/www.ull.es\/portal\/hipotesis\/inicio\/buzon-del-investigador\/\" \/>\n<meta property=\"og:locale\" content=\"es_ES\" \/>\n<meta property=\"og:type\" content=\"article\" \/>\n<meta property=\"og:title\" content=\"Buz\u00f3n del Investigador - Hipotesis\" \/>\n<meta property=\"og:description\" content=\"[vc_row][vc_column][vc_custom_heading source=\u00bbpost_title\u00bb font_container=\u00bbtag:h1|text_align:left\u00bb google_fonts=\u00bbfont_family:Roboto%20Slab%3A100%2C300%2Cregular%2C700|font_style:700%20bold%20regular%3A700%3Anormal\u00bb][vc_column_text][\/vc_column_text][vc_column_text] Si eres personal docente y\/o investigador de la Universidad de La Laguna y quieres realizar una consulta o que te ayudemos con una actividad de divulgaci\u00f3n cient\u00edfica, puedes contactar con el equipo de Cienci@ULL a trav\u00e9s del siguiente formulario, te contestaremos con la m\u00e1xima brevedad posible a la direcci\u00f3n de correo...\" \/>\n<meta property=\"og:url\" content=\"https:\/\/www.ull.es\/portal\/hipotesis\/inicio\/buzon-del-investigador\/\" \/>\n<meta property=\"og:site_name\" content=\"Hipotesis\" \/>\n<meta property=\"article:publisher\" content=\"https:\/\/www.facebook.com\/CienciaULL\/\" \/>\n<meta property=\"article:modified_time\" content=\"2020-04-30T21:17:55+00:00\" \/>\n<meta name=\"twitter:card\" content=\"summary_large_image\" \/>\n<meta name=\"twitter:site\" content=\"@CienciaULL\" \/>\n<meta name=\"twitter:label1\" content=\"Tiempo de lectura\" \/>\n\t<meta name=\"twitter:data1\" content=\"1 minuto\" \/>\n<script type=\"application\/ld+json\" class=\"yoast-schema-graph\">{\"@context\":\"https:\/\/schema.org\",\"@graph\":[{\"@type\":\"WebPage\",\"@id\":\"https:\/\/www.ull.es\/portal\/hipotesis\/inicio\/buzon-del-investigador\/\",\"url\":\"https:\/\/www.ull.es\/portal\/hipotesis\/inicio\/buzon-del-investigador\/\",\"name\":\"Buz\u00f3n del Investigador - Hipotesis\",\"isPartOf\":{\"@id\":\"https:\/\/www.ull.es\/portal\/hipotesis\/#website\"},\"datePublished\":\"2020-04-21T01:02:15+00:00\",\"dateModified\":\"2020-04-30T21:17:55+00:00\",\"breadcrumb\":{\"@id\":\"https:\/\/www.ull.es\/portal\/hipotesis\/inicio\/buzon-del-investigador\/#breadcrumb\"},\"inLanguage\":\"es\",\"potentialAction\":[{\"@type\":\"ReadAction\",\"target\":[\"https:\/\/www.ull.es\/portal\/hipotesis\/inicio\/buzon-del-investigador\/\"]}]},{\"@type\":\"BreadcrumbList\",\"@id\":\"https:\/\/www.ull.es\/portal\/hipotesis\/inicio\/buzon-del-investigador\/#breadcrumb\",\"itemListElement\":[{\"@type\":\"ListItem\",\"position\":1,\"name\":\"Portada\",\"item\":\"https:\/\/www.ull.es\/portal\/hipotesis\/\"},{\"@type\":\"ListItem\",\"position\":2,\"name\":\"Inicio\",\"item\":\"https:\/\/www.ull.es\/portal\/hipotesis\/inicio-3\/\"},{\"@type\":\"ListItem\",\"position\":3,\"name\":\"Buz\u00f3n del Investigador\"}]},{\"@type\":\"WebSite\",\"@id\":\"https:\/\/www.ull.es\/portal\/hipotesis\/#website\",\"url\":\"https:\/\/www.ull.es\/portal\/hipotesis\/\",\"name\":\"Hipotesis\",\"description\":\"Unidad de Cultura Cient\u00edfica y de la Innovaci\u00f3n de la Universidad de La Laguna\",\"potentialAction\":[{\"@type\":\"SearchAction\",\"target\":{\"@type\":\"EntryPoint\",\"urlTemplate\":\"https:\/\/www.ull.es\/portal\/hipotesis\/?s={search_term_string}\"},\"query-input\":\"required name=search_term_string\"}],\"inLanguage\":\"es\"}]}<\/script>\n<!-- \/ Yoast SEO plugin. -->","yoast_head_json":{"title":"Buz\u00f3n del Investigador - Hipotesis","robots":{"index":"index","follow":"follow","max-snippet":"max-snippet:-1","max-image-preview":"max-image-preview:large","max-video-preview":"max-video-preview:-1"},"canonical":"https:\/\/www.ull.es\/portal\/hipotesis\/inicio\/buzon-del-investigador\/","og_locale":"es_ES","og_type":"article","og_title":"Buz\u00f3n del Investigador - Hipotesis","og_description":"[vc_row][vc_column][vc_custom_heading source=\u00bbpost_title\u00bb font_container=\u00bbtag:h1|text_align:left\u00bb google_fonts=\u00bbfont_family:Roboto%20Slab%3A100%2C300%2Cregular%2C700|font_style:700%20bold%20regular%3A700%3Anormal\u00bb][vc_column_text][\/vc_column_text][vc_column_text] Si eres personal docente y\/o investigador de la Universidad de La Laguna y quieres realizar una consulta o que te ayudemos con una actividad de divulgaci\u00f3n cient\u00edfica, puedes contactar con el equipo de Cienci@ULL a trav\u00e9s del siguiente formulario, te contestaremos con la m\u00e1xima brevedad posible a la direcci\u00f3n de correo...","og_url":"https:\/\/www.ull.es\/portal\/hipotesis\/inicio\/buzon-del-investigador\/","og_site_name":"Hipotesis","article_publisher":"https:\/\/www.facebook.com\/CienciaULL\/","article_modified_time":"2020-04-30T21:17:55+00:00","twitter_card":"summary_large_image","twitter_site":"@CienciaULL","twitter_misc":{"Tiempo de lectura":"1 minuto"},"schema":{"@context":"https:\/\/schema.org","@graph":[{"@type":"WebPage","@id":"https:\/\/www.ull.es\/portal\/hipotesis\/inicio\/buzon-del-investigador\/","url":"https:\/\/www.ull.es\/portal\/hipotesis\/inicio\/buzon-del-investigador\/","name":"Buz\u00f3n del Investigador - Hipotesis","isPartOf":{"@id":"https:\/\/www.ull.es\/portal\/hipotesis\/#website"},"datePublished":"2020-04-21T01:02:15+00:00","dateModified":"2020-04-30T21:17:55+00:00","breadcrumb":{"@id":"https:\/\/www.ull.es\/portal\/hipotesis\/inicio\/buzon-del-investigador\/#breadcrumb"},"inLanguage":"es","potentialAction":[{"@type":"ReadAction","target":["https:\/\/www.ull.es\/portal\/hipotesis\/inicio\/buzon-del-investigador\/"]}]},{"@type":"BreadcrumbList","@id":"https:\/\/www.ull.es\/portal\/hipotesis\/inicio\/buzon-del-investigador\/#breadcrumb","itemListElement":[{"@type":"ListItem","position":1,"name":"Portada","item":"https:\/\/www.ull.es\/portal\/hipotesis\/"},{"@type":"ListItem","position":2,"name":"Inicio","item":"https:\/\/www.ull.es\/portal\/hipotesis\/inicio-3\/"},{"@type":"ListItem","position":3,"name":"Buz\u00f3n del Investigador"}]},{"@type":"WebSite","@id":"https:\/\/www.ull.es\/portal\/hipotesis\/#website","url":"https:\/\/www.ull.es\/portal\/hipotesis\/","name":"Hipotesis","description":"Unidad de Cultura Cient\u00edfica y de la Innovaci\u00f3n de la Universidad de La Laguna","potentialAction":[{"@type":"SearchAction","target":{"@type":"EntryPoint","urlTemplate":"https:\/\/www.ull.es\/portal\/hipotesis\/?s={search_term_string}"},"query-input":"required name=search_term_string"}],"inLanguage":"es"}]}},"_links":{"self":[{"href":"https:\/\/www.ull.es\/portal\/hipotesis\/wp-json\/wp\/v2\/pages\/3781"}],"collection":[{"href":"https:\/\/www.ull.es\/portal\/hipotesis\/wp-json\/wp\/v2\/pages"}],"about":[{"href":"https:\/\/www.ull.es\/portal\/hipotesis\/wp-json\/wp\/v2\/types\/page"}],"author":[{"embeddable":true,"href":"https:\/\/www.ull.es\/portal\/hipotesis\/wp-json\/wp\/v2\/users\/56"}],"replies":[{"embeddable":true,"href":"https:\/\/www.ull.es\/portal\/hipotesis\/wp-json\/wp\/v2\/comments?post=3781"}],"version-history":[{"count":8,"href":"https:\/\/www.ull.es\/portal\/hipotesis\/wp-json\/wp\/v2\/pages\/3781\/revisions"}],"predecessor-version":[{"id":5458,"href":"https:\/\/www.ull.es\/portal\/hipotesis\/wp-json\/wp\/v2\/pages\/3781\/revisions\/5458"}],"up":[{"embeddable":true,"href":"https:\/\/www.ull.es\/portal\/hipotesis\/wp-json\/wp\/v2\/pages\/415"}],"wp:attachment":[{"href":"https:\/\/www.ull.es\/portal\/hipotesis\/wp-json\/wp\/v2\/media?parent=3781"}],"curies":[{"name":"wp","href":"https:\/\/api.w.org\/{rel}","templated":true}]}}