{"id":174,"date":"2023-11-13T16:10:50","date_gmt":"2023-11-13T15:10:50","guid":{"rendered":"https:\/\/www.ull.es\/portal\/laboratorio-del-futuro\/?page_id=174"},"modified":"2023-11-20T13:15:00","modified_gmt":"2023-11-20T12:15:00","slug":"pedro-alvarez-perez","status":"publish","type":"page","link":"https:\/\/www.ull.es\/portal\/laboratorio-del-futuro\/pedro-alvarez-perez\/","title":{"rendered":"Pedro \u00c1lvarez P\u00e9rez"},"content":{"rendered":"<p>[vc_row full_width=\u00bbstretch_row_content_no_spaces\u00bb css=\u00bb.vc_custom_1700477808587{margin-top: -50px !important;margin-bottom: 50px !important;}\u00bb][vc_column css=\u00bb.vc_custom_1700477771450{padding-top: 300px !important;padding-bottom: 300px !important;background-image: url(https:\/\/www.ull.es\/portal\/laboratorio-del-futuro\/wp-content\/uploads\/sites\/61\/2023\/11\/Imagen-header-pefil_Pedro-Alvarez.jpg?id=171) !important;background-position: center !important;background-repeat: no-repeat !important;background-size: cover !important;}\u00bb offset=\u00bbvc_hidden-xs\u00bb][\/vc_column][\/vc_row][vc_row full_width=\u00bbstretch_row_content\u00bb css=\u00bb.vc_custom_1699371686901{margin-bottom: 50px !important;}\u00bb][vc_column css=\u00bb.vc_custom_1699888230343{padding-top: 200px !important;padding-bottom: 200px !important;background-image: url(https:\/\/www.ull.es\/portal\/laboratorio-del-futuro\/wp-content\/uploads\/sites\/61\/2023\/11\/Slider-home-mobile_Pedro-Alvarez.jpg?id=61) !important;background-position: center !important;background-repeat: no-repeat !important;background-size: cover !important;}\u00bb offset=\u00bbvc_hidden-lg vc_hidden-md vc_hidden-sm\u00bb][\/vc_column][\/vc_row][vc_row][vc_column width=\u00bb1\/2&#8243; css=\u00bb.vc_custom_1699359224792{margin-top: 20px !important;margin-right: 20px !important;padding-top: 50px !important;}\u00bb][vc_column_text css=\u00bb.vc_custom_1700142098693{margin-right: 20px !important;}\u00bb]<\/p>\n<h2 style=\"padding-left: 40px;\"><strong><span style=\"color: #ff6600;\">El potencial de la orientaci\u00f3n educativa<\/span> <\/strong><\/h2>\n<p style=\"text-align: justify; background: white; margin: 0cm 0cm .0001pt 36.0pt;\"><a href=\"https:\/\/portalciencia.ull.es\/investigadores\/82441\/detalle\" target=\"_blank\" rel=\"noopener\" target=\"_blank\" rel=\"noopener\">Pedro \u00c1lvarez P\u00e9rez<\/a> es profesor titular del Departamento de Did\u00e1ctica e Investigaci\u00f3n Educativa especializado en la b\u00fasqueda de estrategias para mejorar la orientaci\u00f3n acad\u00e9mica y profesional.<br \/>\nExisten muchas razones que provocan que el alumnado pierda la motivaci\u00f3n hasta desembocar en el fracaso acad\u00e9mico o, incluso, el abandono. Por ello, este investigador ha coordinado numerosos proyectos sobre orientaci\u00f3n, en los que ha quedado de manifiesto que la detecci\u00f3n temprana es esencial para actuar a tiempo y evitar un fracaso que no es s\u00f3lo del propio estudiante, sino de su familia, el profesorado, la propia instituci\u00f3n acad\u00e9mica y el mercado laboral, que pierde talento. \u201cAyudar a que los alumnos salgan adelante es una manera que tiene la universidad para rendir cuentas\u201d. Para ello, cree importante ayudar a los j\u00f3venes a crear un proyecto formativo y profesional, para dotar de prop\u00f3sito a su esfuerzo.[\/vc_column_text][\/vc_column][vc_column width=\u00bb1\/2&#8243; css=\u00bb.vc_custom_1699275809820{padding-right: 25px !important;padding-left: 25px !important;}\u00bb][vc_btn title=\u00bbPerfil de Investigador\u00bb style=\u00bbgradient-custom\u00bb gradient_custom_color_1=\u00bb#f77e38&#8243; gradient_custom_color_2=\u00bb#f9b222&#8243; shape=\u00bbsquare\u00bb size=\u00bblg\u00bb align=\u00bbcenter\u00bb button_block=\u00bbtrue\u00bb css=\u00bb.vc_custom_1699887999387{margin-top: 50px !important;margin-bottom: 20px !important;}\u00bb link=\u00bburl:https%3A%2F%2Fportalciencia.ull.es%2Finvestigadores%2F82441%2Fdetalle|title:perfil%20del%20investigador|target:_blank\u00bb][vc_btn title=\u00bbReportaje\u00bb style=\u00bbcustom\u00bb custom_background=\u00bb#e87c35&#8243; custom_text=\u00bb#ffffff\u00bb shape=\u00bbsquare\u00bb size=\u00bblg\u00bb align=\u00bbcenter\u00bb button_block=\u00bbtrue\u00bb css=\u00bb.vc_custom_1699888167008{margin-top: 20px !important;margin-bottom: 20px !important;}\u00bb link=\u00bburl:https%3A%2F%2Fwww.ull.es%2Fportal%2Fnoticias%2F2021%2Fpremio-orientacion-educativa-profesional%2F|title:Reportaje|target:_blank\u00bb][vc_single_image image=\u00bb156&#8243; img_size=\u00bblarge\u00bb alignment=\u00bbcenter\u00bb][\/vc_column][\/vc_row][vc_row][vc_column width=\u00bb1\/2&#8243; css=\u00bb.vc_custom_1699271024063{padding-top: 50px !important;}\u00bb][vc_single_image image=\u00bb157&#8243; img_size=\u00bblarge\u00bb alignment=\u00bbcenter\u00bb][\/vc_column][vc_column width=\u00bb1\/2&#8243;][vc_column_text css=\u00bb.vc_custom_1699887882965{margin-top: 20px !important;}\u00bb]<\/p>\n<p style=\"text-align: justify; background: white; margin: 0cm 0cm .0001pt 36.0pt;\">En ese proceso de gu\u00eda al alumnado, las tutor\u00edas se erigen en herramientas imprescindibles para que el profesorado pueda detectar mejor las necesidades formativas. Por ello, \u00c1lvarez fue uno de los impulsores del Servicio de Informaci\u00f3n y Orientaci\u00f3n para Alumnado (SOIA) de la Facultad de Educaci\u00f3n, un modelo de \u00e9xito que no dej\u00f3 de prestar servicio ni siquiera durante la pandemia, y que el especialista considera que podr\u00eda extrapolar a otros centros. Por lo pronto, ha colaborado con las autoridades acad\u00e9micas para reforzar el Plan de Orientaci\u00f3n y Acci\u00f3n Tutorial (POAT) que s\u00ed es com\u00fan en todas las facultades y escuelas.<\/p>\n<p>[\/vc_column_text][vc_single_image image=\u00bb251&#8243;][\/vc_column][\/vc_row][vc_row][vc_column width=\u00bb1\/2&#8243;][\/vc_column][vc_column width=\u00bb1\/2&#8243;][vc_empty_space height=\u00bb150px\u00bb][\/vc_column][\/vc_row]<\/p>\n","protected":false},"excerpt":{"rendered":"<p>[vc_row full_width=\u00bbstretch_row_content_no_spaces\u00bb css=\u00bb.vc_custom_1700477808587{margin-top: -50px !important;margin-bottom: 50px !important;}\u00bb][vc_column css=\u00bb.vc_custom_1700477771450{padding-top: 300px !important;padding-bottom: 300px !important;background-image: url(https:\/\/www.ull.es\/portal\/laboratorio-del-futuro\/wp-content\/uploads\/sites\/61\/2023\/11\/Imagen-header-pefil_Pedro-Alvarez.jpg?id=171) !important;background-position: center !important;background-repeat: no-repeat !important;background-size: cover !important;}\u00bb offset=\u00bbvc_hidden-xs\u00bb][\/vc_column][\/vc_row][vc_row full_width=\u00bbstretch_row_content\u00bb css=\u00bb.vc_custom_1699371686901{margin-bottom: 50px !important;}\u00bb][vc_column css=\u00bb.vc_custom_1699888230343{padding-top: 200px !important;padding-bottom: 200px !important;background-image: url(https:\/\/www.ull.es\/portal\/laboratorio-del-futuro\/wp-content\/uploads\/sites\/61\/2023\/11\/Slider-home-mobile_Pedro-Alvarez.jpg?id=61) !important;background-position: center !important;background-repeat: no-repeat !important;background-size: cover !important;}\u00bb offset=\u00bbvc_hidden-lg vc_hidden-md vc_hidden-sm\u00bb][\/vc_column][\/vc_row][vc_row][vc_column width=\u00bb1\/2&#8243; css=\u00bb.vc_custom_1699359224792{margin-top: 20px !important;margin-right: 20px !important;padding-top: 50px !important;}\u00bb][vc_column_text css=\u00bb.vc_custom_1700142098693{margin-right: 20px !important;}\u00bb] El potencial de&#8230;<\/p>\n","protected":false},"author":97,"featured_media":0,"parent":0,"menu_order":0,"comment_status":"closed","ping_status":"closed","template":"templates\/template-no-title.php","meta":{"inline_featured_image":false,"footnotes":""},"acf":[],"yoast_head":"<!-- This site is optimized with the Yoast SEO plugin v21.3 - https:\/\/yoast.com\/wordpress\/plugins\/seo\/ -->\n<title>Pedro \u00c1lvarez P\u00e9rez - Laboratorio del Futuro<\/title>\n<meta name=\"robots\" content=\"index, follow, max-snippet:-1, max-image-preview:large, max-video-preview:-1\" \/>\n<link rel=\"canonical\" href=\"https:\/\/www.ull.es\/portal\/laboratorio-del-futuro\/pedro-alvarez-perez\/\" \/>\n<meta property=\"og:locale\" content=\"es_ES\" \/>\n<meta property=\"og:type\" content=\"article\" \/>\n<meta property=\"og:title\" content=\"Pedro \u00c1lvarez P\u00e9rez - Laboratorio del Futuro\" \/>\n<meta property=\"og:description\" content=\"[vc_row full_width=\u00bbstretch_row_content_no_spaces\u00bb css=\u00bb.vc_custom_1700477808587{margin-top: -50px !important;margin-bottom: 50px !important;}\u00bb][vc_column css=\u00bb.vc_custom_1700477771450{padding-top: 300px !important;padding-bottom: 300px !important;background-image: url(https:\/\/www.ull.es\/portal\/laboratorio-del-futuro\/wp-content\/uploads\/sites\/61\/2023\/11\/Imagen-header-pefil_Pedro-Alvarez.jpg?id=171) !important;background-position: center !important;background-repeat: no-repeat !important;background-size: cover !important;}\u00bb offset=\u00bbvc_hidden-xs\u00bb][\/vc_column][\/vc_row][vc_row full_width=\u00bbstretch_row_content\u00bb css=\u00bb.vc_custom_1699371686901{margin-bottom: 50px !important;}\u00bb][vc_column css=\u00bb.vc_custom_1699888230343{padding-top: 200px !important;padding-bottom: 200px !important;background-image: url(https:\/\/www.ull.es\/portal\/laboratorio-del-futuro\/wp-content\/uploads\/sites\/61\/2023\/11\/Slider-home-mobile_Pedro-Alvarez.jpg?id=61) !important;background-position: center !important;background-repeat: no-repeat !important;background-size: cover !important;}\u00bb offset=\u00bbvc_hidden-lg vc_hidden-md vc_hidden-sm\u00bb][\/vc_column][\/vc_row][vc_row][vc_column width=\u00bb1\/2&#8243; css=\u00bb.vc_custom_1699359224792{margin-top: 20px !important;margin-right: 20px !important;padding-top: 50px !important;}\u00bb][vc_column_text css=\u00bb.vc_custom_1700142098693{margin-right: 20px !important;}\u00bb] El potencial de...\" \/>\n<meta property=\"og:url\" content=\"https:\/\/www.ull.es\/portal\/laboratorio-del-futuro\/pedro-alvarez-perez\/\" \/>\n<meta property=\"og:site_name\" content=\"Laboratorio del Futuro\" \/>\n<meta property=\"article:modified_time\" content=\"2023-11-20T12:15:00+00:00\" \/>\n<meta name=\"twitter:card\" content=\"summary_large_image\" \/>\n<meta name=\"twitter:label1\" content=\"Tiempo de lectura\" \/>\n\t<meta name=\"twitter:data1\" content=\"2 minutos\" \/>\n<script type=\"application\/ld+json\" class=\"yoast-schema-graph\">{\"@context\":\"https:\/\/schema.org\",\"@graph\":[{\"@type\":\"WebPage\",\"@id\":\"https:\/\/www.ull.es\/portal\/laboratorio-del-futuro\/pedro-alvarez-perez\/\",\"url\":\"https:\/\/www.ull.es\/portal\/laboratorio-del-futuro\/pedro-alvarez-perez\/\",\"name\":\"Pedro \u00c1lvarez P\u00e9rez - Laboratorio del Futuro\",\"isPartOf\":{\"@id\":\"https:\/\/www.ull.es\/portal\/laboratorio-del-futuro\/#website\"},\"datePublished\":\"2023-11-13T15:10:50+00:00\",\"dateModified\":\"2023-11-20T12:15:00+00:00\",\"breadcrumb\":{\"@id\":\"https:\/\/www.ull.es\/portal\/laboratorio-del-futuro\/pedro-alvarez-perez\/#breadcrumb\"},\"inLanguage\":\"es\",\"potentialAction\":[{\"@type\":\"ReadAction\",\"target\":[\"https:\/\/www.ull.es\/portal\/laboratorio-del-futuro\/pedro-alvarez-perez\/\"]}]},{\"@type\":\"BreadcrumbList\",\"@id\":\"https:\/\/www.ull.es\/portal\/laboratorio-del-futuro\/pedro-alvarez-perez\/#breadcrumb\",\"itemListElement\":[{\"@type\":\"ListItem\",\"position\":1,\"name\":\"Portada\",\"item\":\"https:\/\/www.ull.es\/portal\/laboratorio-del-futuro\/\"},{\"@type\":\"ListItem\",\"position\":2,\"name\":\"Pedro \u00c1lvarez P\u00e9rez\"}]},{\"@type\":\"WebSite\",\"@id\":\"https:\/\/www.ull.es\/portal\/laboratorio-del-futuro\/#website\",\"url\":\"https:\/\/www.ull.es\/portal\/laboratorio-del-futuro\/\",\"name\":\"Laboratorio del Futuro\",\"description\":\"\",\"potentialAction\":[{\"@type\":\"SearchAction\",\"target\":{\"@type\":\"EntryPoint\",\"urlTemplate\":\"https:\/\/www.ull.es\/portal\/laboratorio-del-futuro\/?s={search_term_string}\"},\"query-input\":\"required name=search_term_string\"}],\"inLanguage\":\"es\"}]}<\/script>\n<!-- \/ Yoast SEO plugin. -->","yoast_head_json":{"title":"Pedro \u00c1lvarez P\u00e9rez - Laboratorio del Futuro","robots":{"index":"index","follow":"follow","max-snippet":"max-snippet:-1","max-image-preview":"max-image-preview:large","max-video-preview":"max-video-preview:-1"},"canonical":"https:\/\/www.ull.es\/portal\/laboratorio-del-futuro\/pedro-alvarez-perez\/","og_locale":"es_ES","og_type":"article","og_title":"Pedro \u00c1lvarez P\u00e9rez - Laboratorio del Futuro","og_description":"[vc_row full_width=\u00bbstretch_row_content_no_spaces\u00bb css=\u00bb.vc_custom_1700477808587{margin-top: -50px !important;margin-bottom: 50px !important;}\u00bb][vc_column css=\u00bb.vc_custom_1700477771450{padding-top: 300px !important;padding-bottom: 300px !important;background-image: url(https:\/\/www.ull.es\/portal\/laboratorio-del-futuro\/wp-content\/uploads\/sites\/61\/2023\/11\/Imagen-header-pefil_Pedro-Alvarez.jpg?id=171) !important;background-position: center !important;background-repeat: no-repeat !important;background-size: cover !important;}\u00bb offset=\u00bbvc_hidden-xs\u00bb][\/vc_column][\/vc_row][vc_row full_width=\u00bbstretch_row_content\u00bb css=\u00bb.vc_custom_1699371686901{margin-bottom: 50px !important;}\u00bb][vc_column css=\u00bb.vc_custom_1699888230343{padding-top: 200px !important;padding-bottom: 200px !important;background-image: url(https:\/\/www.ull.es\/portal\/laboratorio-del-futuro\/wp-content\/uploads\/sites\/61\/2023\/11\/Slider-home-mobile_Pedro-Alvarez.jpg?id=61) !important;background-position: center !important;background-repeat: no-repeat !important;background-size: cover !important;}\u00bb offset=\u00bbvc_hidden-lg vc_hidden-md vc_hidden-sm\u00bb][\/vc_column][\/vc_row][vc_row][vc_column width=\u00bb1\/2&#8243; css=\u00bb.vc_custom_1699359224792{margin-top: 20px !important;margin-right: 20px !important;padding-top: 50px !important;}\u00bb][vc_column_text css=\u00bb.vc_custom_1700142098693{margin-right: 20px !important;}\u00bb] El potencial de...","og_url":"https:\/\/www.ull.es\/portal\/laboratorio-del-futuro\/pedro-alvarez-perez\/","og_site_name":"Laboratorio del Futuro","article_modified_time":"2023-11-20T12:15:00+00:00","twitter_card":"summary_large_image","twitter_misc":{"Tiempo de lectura":"2 minutos"},"schema":{"@context":"https:\/\/schema.org","@graph":[{"@type":"WebPage","@id":"https:\/\/www.ull.es\/portal\/laboratorio-del-futuro\/pedro-alvarez-perez\/","url":"https:\/\/www.ull.es\/portal\/laboratorio-del-futuro\/pedro-alvarez-perez\/","name":"Pedro \u00c1lvarez P\u00e9rez - Laboratorio del Futuro","isPartOf":{"@id":"https:\/\/www.ull.es\/portal\/laboratorio-del-futuro\/#website"},"datePublished":"2023-11-13T15:10:50+00:00","dateModified":"2023-11-20T12:15:00+00:00","breadcrumb":{"@id":"https:\/\/www.ull.es\/portal\/laboratorio-del-futuro\/pedro-alvarez-perez\/#breadcrumb"},"inLanguage":"es","potentialAction":[{"@type":"ReadAction","target":["https:\/\/www.ull.es\/portal\/laboratorio-del-futuro\/pedro-alvarez-perez\/"]}]},{"@type":"BreadcrumbList","@id":"https:\/\/www.ull.es\/portal\/laboratorio-del-futuro\/pedro-alvarez-perez\/#breadcrumb","itemListElement":[{"@type":"ListItem","position":1,"name":"Portada","item":"https:\/\/www.ull.es\/portal\/laboratorio-del-futuro\/"},{"@type":"ListItem","position":2,"name":"Pedro \u00c1lvarez P\u00e9rez"}]},{"@type":"WebSite","@id":"https:\/\/www.ull.es\/portal\/laboratorio-del-futuro\/#website","url":"https:\/\/www.ull.es\/portal\/laboratorio-del-futuro\/","name":"Laboratorio del Futuro","description":"","potentialAction":[{"@type":"SearchAction","target":{"@type":"EntryPoint","urlTemplate":"https:\/\/www.ull.es\/portal\/laboratorio-del-futuro\/?s={search_term_string}"},"query-input":"required name=search_term_string"}],"inLanguage":"es"}]}},"_links":{"self":[{"href":"https:\/\/www.ull.es\/portal\/laboratorio-del-futuro\/wp-json\/wp\/v2\/pages\/174"}],"collection":[{"href":"https:\/\/www.ull.es\/portal\/laboratorio-del-futuro\/wp-json\/wp\/v2\/pages"}],"about":[{"href":"https:\/\/www.ull.es\/portal\/laboratorio-del-futuro\/wp-json\/wp\/v2\/types\/page"}],"author":[{"embeddable":true,"href":"https:\/\/www.ull.es\/portal\/laboratorio-del-futuro\/wp-json\/wp\/v2\/users\/97"}],"replies":[{"embeddable":true,"href":"https:\/\/www.ull.es\/portal\/laboratorio-del-futuro\/wp-json\/wp\/v2\/comments?post=174"}],"version-history":[{"count":6,"href":"https:\/\/www.ull.es\/portal\/laboratorio-del-futuro\/wp-json\/wp\/v2\/pages\/174\/revisions"}],"predecessor-version":[{"id":253,"href":"https:\/\/www.ull.es\/portal\/laboratorio-del-futuro\/wp-json\/wp\/v2\/pages\/174\/revisions\/253"}],"wp:attachment":[{"href":"https:\/\/www.ull.es\/portal\/laboratorio-del-futuro\/wp-json\/wp\/v2\/media?parent=174"}],"curies":[{"name":"wp","href":"https:\/\/api.w.org\/{rel}","templated":true}]}}