{"version":"1.0","provider_name":"ULL - Noticias","provider_url":"https:\/\/www.ull.es\/portal\/noticias","author_name":"gaprsa","author_url":"https:\/\/www.ull.es\/portal\/noticias\/author\/gaprsa\/","title":"La ULL organiza unas jornadas de prevenci\u00f3n de la violencia de g\u00e9nero","type":"rich","width":600,"height":338,"html":"<blockquote class=\"wp-embedded-content\" data-secret=\"WpPJhEXo6Z\"><a href=\"https:\/\/www.ull.es\/portal\/noticias\/2018\/jornada-prevencion-violencia-de-genero\/\">La Unidad de Igualdad de la ULL organiza unas jornadas de prevenci\u00f3n y lucha contra la violencia de g\u00e9nero<\/a><\/blockquote><iframe sandbox=\"allow-scripts\" security=\"restricted\" src=\"https:\/\/www.ull.es\/portal\/noticias\/2018\/jornada-prevencion-violencia-de-genero\/embed\/#?secret=WpPJhEXo6Z\" width=\"600\" height=\"338\" title=\"\u00abLa Unidad de Igualdad de la ULL organiza unas jornadas de prevenci\u00f3n y lucha contra la violencia de g\u00e9nero\u00bb \u2014 ULL - Noticias\" data-secret=\"WpPJhEXo6Z\" frameborder=\"0\" marginwidth=\"0\" marginheight=\"0\" scrolling=\"no\" class=\"wp-embedded-content\"><\/iframe><script type=\"text\/javascript\">\n\/*! This file is auto-generated *\/\n!function(c,d){\"use strict\";var e=!1,o=!1;if(d.querySelector)if(c.addEventListener)e=!0;if(c.wp=c.wp||{},c.wp.receiveEmbedMessage);else if(c.wp.receiveEmbedMessage=function(e){var t=e.data;if(!t);else if(!(t.secret||t.message||t.value));else if(\/[^a-zA-Z0-9]\/.test(t.secret));else{for(var r,s,a,i=d.querySelectorAll('iframe[data-secret=\"'+t.secret+'\"]'),n=d.querySelectorAll('blockquote[data-secret=\"'+t.secret+'\"]'),o=new RegExp(\"^https?:$\",\"i\"),l=0;l<n.length;l++)n[l].style.display=\"none\";for(l=0;l<i.length;l++)if(r=i[l],e.source!==r.contentWindow);else{if(r.removeAttribute(\"style\"),\"height\"===t.message){if(1e3<(s=parseInt(t.value,10)))s=1e3;else if(~~s<200)s=200;r.height=s}if(\"link\"===t.message)if(s=d.createElement(\"a\"),a=d.createElement(\"a\"),s.href=r.getAttribute(\"src\"),a.href=t.value,!o.test(a.protocol));else if(a.host===s.host)if(d.activeElement===r)c.top.location.href=t.value}}},e)c.addEventListener(\"message\",c.wp.receiveEmbedMessage,!1),d.addEventListener(\"DOMContentLoaded\",t,!1),c.addEventListener(\"load\",t,!1);function t(){if(o);else{o=!0;for(var e,t,r,s=-1!==navigator.appVersion.indexOf(\"MSIE 10\"),a=!!navigator.userAgent.match(\/Trident.*rv:11\\.\/),i=d.querySelectorAll(\"iframe.wp-embedded-content\"),n=0;n<i.length;n++){if(!(r=(t=i[n]).getAttribute(\"data-secret\")))r=Math.random().toString(36).substr(2,10),t.src+=\"#?secret=\"+r,t.setAttribute(\"data-secret\",r);if(s||a)(e=t.cloneNode(!0)).removeAttribute(\"security\"),t.parentNode.replaceChild(e,t);t.contentWindow.postMessage({message:\"ready\",secret:r},\"*\")}}}}(window,document);\n<\/script>\n","thumbnail_url":"https:\/\/www.ull.es\/portal\/noticias\/wp-content\/uploads\/sites\/13\/2018\/11\/ViolenciaGenero_agenda.jpg","thumbnail_width":700,"thumbnail_height":350,"description":"La Unidad de Igualdad de G\u00e9nero de la ULL ha organizado el pr\u00f3ximo lunes, 26 de noviembre, la segunda edici\u00f3n de la jornada \u201cY yo, \u00bfqu\u00e9 puedo hacer contra la violencia de g\u00e9nero\u201d, que se celebrar\u00e1 entre las 10:00 y las 13:00 horas en la Facultad de Ciencias Sociales y de la Comunicaci\u00f3n de la Instituci\u00f3n Acad\u00e9mica."}

La ULL organiza unas jornadas de prevención de la violencia de género

<blockquote class="wp-embedded-content" data-secret="WpPJhEXo6Z"><a href="https://www.ull.es/portal/noticias/2018/jornada-prevencion-violencia-de-genero/">La Unidad de Igualdad de la ULL organiza unas jornadas de prevención y lucha contra la violencia de género</a></blockquote><iframe sandbox="allow-scripts" security="restricted" src="https://www.ull.es/portal/noticias/2018/jornada-prevencion-violencia-de-genero/embed/#?secret=WpPJhEXo6Z" width="600" height="338" title="«La Unidad de Igualdad de la ULL organiza unas jornadas de prevención y lucha contra la violencia de género» — ULL - Noticias" data-secret="WpPJhEXo6Z" frameborder="0" marginwidth="0" marginheight="0" scrolling="no" class="wp-embedded-content"></iframe><script type="text/javascript">
/*! This file is auto-generated */
!function(c,d){"use strict";var e=!1,o=!1;if(d.querySelector)if(c.addEventListener)e=!0;if(c.wp=c.wp||{},c.wp.receiveEmbedMessage);else if(c.wp.receiveEmbedMessage=function(e){var t=e.data;if(!t);else if(!(t.secret||t.message||t.value));else if(/[^a-zA-Z0-9]/.test(t.secret));else{for(var r,s,a,i=d.querySelectorAll('iframe[data-secret="'+t.secret+'"]'),n=d.querySelectorAll('blockquote[data-secret="'+t.secret+'"]'),o=new RegExp("^https?:$","i"),l=0;l<n.length;l++)n[l].style.display="none";for(l=0;l<i.length;l++)if(r=i[l],e.source!==r.contentWindow);else{if(r.removeAttribute("style"),"height"===t.message){if(1e3<(s=parseInt(t.value,10)))s=1e3;else if(~~s<200)s=200;r.height=s}if("link"===t.message)if(s=d.createElement("a"),a=d.createElement("a"),s.href=r.getAttribute("src"),a.href=t.value,!o.test(a.protocol));else if(a.host===s.host)if(d.activeElement===r)c.top.location.href=t.value}}},e)c.addEventListener("message",c.wp.receiveEmbedMessage,!1),d.addEventListener("DOMContentLoaded",t,!1),c.addEventListener("load",t,!1);function t(){if(o);else{o=!0;for(var e,t,r,s=-1!==navigator.appVersion.indexOf("MSIE 10"),a=!!navigator.userAgent.match(/Trident.*rv:11\./),i=d.querySelectorAll("iframe.wp-embedded-content"),n=0;n<i.length;n++){if(!(r=(t=i[n]).getAttribute("data-secret")))r=Math.random().toString(36).substr(2,10),t.src+="#?secret="+r,t.setAttribute("data-secret",r);if(s||a)(e=t.cloneNode(!0)).removeAttribute("security"),t.parentNode.replaceChild(e,t);t.contentWindow.postMessage({message:"ready",secret:r},"*")}}}}(window,document);
</script>

La Unidad de Igualdad de Género de la ULL ha organizado el próximo lunes, 26 de noviembre, la segunda edición de la jornada “Y yo, ¿qué puedo hacer contra la violencia de género”, que se celebrará entre las 10:00 y las 13:00 horas en la Facultad de Ciencias Sociales y de la Comunicación de la Institución Académica.
