{"version":"1.0","provider_name":"ULL - Noticias","provider_url":"https:\/\/www.ull.es\/portal\/noticias","author_name":"prensa2","author_url":"https:\/\/www.ull.es\/portal\/noticias\/author\/prensa2\/","title":"La Facultad de Ciencias acoge la fase local de la XXX Olimpiada de F\u00edsica","type":"rich","width":600,"height":338,"html":"<blockquote class=\"wp-embedded-content\" data-secret=\"nANXx0FG6k\"><a href=\"https:\/\/www.ull.es\/portal\/noticias\/2019\/xxx-olimpiada-fisica-fase-regional\/\">La Facultad de Ciencias de la Universidad de La Laguna ha acogido la fase local de la XXX Olimpiada de F\u00edsica<\/a><\/blockquote><iframe sandbox=\"allow-scripts\" security=\"restricted\" src=\"https:\/\/www.ull.es\/portal\/noticias\/2019\/xxx-olimpiada-fisica-fase-regional\/embed\/#?secret=nANXx0FG6k\" width=\"600\" height=\"338\" title=\"\u00abLa Facultad de Ciencias de la Universidad de La Laguna ha acogido la fase local de la XXX Olimpiada de F\u00edsica\u00bb \u2014 ULL - Noticias\" data-secret=\"nANXx0FG6k\" frameborder=\"0\" marginwidth=\"0\" marginheight=\"0\" scrolling=\"no\" class=\"wp-embedded-content\"><\/iframe><script type=\"text\/javascript\">\n\/*! This file is auto-generated *\/\n!function(c,d){\"use strict\";var e=!1,o=!1;if(d.querySelector)if(c.addEventListener)e=!0;if(c.wp=c.wp||{},c.wp.receiveEmbedMessage);else if(c.wp.receiveEmbedMessage=function(e){var t=e.data;if(!t);else if(!(t.secret||t.message||t.value));else if(\/[^a-zA-Z0-9]\/.test(t.secret));else{for(var r,s,a,i=d.querySelectorAll('iframe[data-secret=\"'+t.secret+'\"]'),n=d.querySelectorAll('blockquote[data-secret=\"'+t.secret+'\"]'),o=new RegExp(\"^https?:$\",\"i\"),l=0;l<n.length;l++)n[l].style.display=\"none\";for(l=0;l<i.length;l++)if(r=i[l],e.source!==r.contentWindow);else{if(r.removeAttribute(\"style\"),\"height\"===t.message){if(1e3<(s=parseInt(t.value,10)))s=1e3;else if(~~s<200)s=200;r.height=s}if(\"link\"===t.message)if(s=d.createElement(\"a\"),a=d.createElement(\"a\"),s.href=r.getAttribute(\"src\"),a.href=t.value,!o.test(a.protocol));else if(a.host===s.host)if(d.activeElement===r)c.top.location.href=t.value}}},e)c.addEventListener(\"message\",c.wp.receiveEmbedMessage,!1),d.addEventListener(\"DOMContentLoaded\",t,!1),c.addEventListener(\"load\",t,!1);function t(){if(o);else{o=!0;for(var e,t,r,s=-1!==navigator.appVersion.indexOf(\"MSIE 10\"),a=!!navigator.userAgent.match(\/Trident.*rv:11\\.\/),i=d.querySelectorAll(\"iframe.wp-embedded-content\"),n=0;n<i.length;n++){if(!(r=(t=i[n]).getAttribute(\"data-secret\")))r=Math.random().toString(36).substr(2,10),t.src+=\"#?secret=\"+r,t.setAttribute(\"data-secret\",r);if(s||a)(e=t.cloneNode(!0)).removeAttribute(\"security\"),t.parentNode.replaceChild(e,t);t.contentWindow.postMessage({message:\"ready\",secret:r},\"*\")}}}}(window,document);\n<\/script>\n","thumbnail_url":"https:\/\/www.ull.es\/portal\/noticias\/wp-content\/uploads\/sites\/13\/2019\/03\/Olimpiada-fisica-09.jpg","thumbnail_width":1024,"thumbnail_height":683,"description":"27 estudiantes de Bachillerato y Formaci\u00f3n Profesional de Segundo Grado participaron el 14 de marzo en la fase regional de la XXX Olimpiada de F\u00edsica, competici\u00f3n organizada por la Real Sociedad Espa\u00f1ola de F\u00edsica con la colaboraci\u00f3n de las universidades p\u00fablicas en sus diferentes fases locales."}

La Facultad de Ciencias acoge la fase local de la XXX Olimpiada de Física

<blockquote class="wp-embedded-content" data-secret="nANXx0FG6k"><a href="https://www.ull.es/portal/noticias/2019/xxx-olimpiada-fisica-fase-regional/">La Facultad de Ciencias de la Universidad de La Laguna ha acogido la fase local de la XXX Olimpiada de Física</a></blockquote><iframe sandbox="allow-scripts" security="restricted" src="https://www.ull.es/portal/noticias/2019/xxx-olimpiada-fisica-fase-regional/embed/#?secret=nANXx0FG6k" width="600" height="338" title="«La Facultad de Ciencias de la Universidad de La Laguna ha acogido la fase local de la XXX Olimpiada de Física» — ULL - Noticias" data-secret="nANXx0FG6k" frameborder="0" marginwidth="0" marginheight="0" scrolling="no" class="wp-embedded-content"></iframe><script type="text/javascript">
/*! This file is auto-generated */
!function(c,d){"use strict";var e=!1,o=!1;if(d.querySelector)if(c.addEventListener)e=!0;if(c.wp=c.wp||{},c.wp.receiveEmbedMessage);else if(c.wp.receiveEmbedMessage=function(e){var t=e.data;if(!t);else if(!(t.secret||t.message||t.value));else if(/[^a-zA-Z0-9]/.test(t.secret));else{for(var r,s,a,i=d.querySelectorAll('iframe[data-secret="'+t.secret+'"]'),n=d.querySelectorAll('blockquote[data-secret="'+t.secret+'"]'),o=new RegExp("^https?:$","i"),l=0;l<n.length;l++)n[l].style.display="none";for(l=0;l<i.length;l++)if(r=i[l],e.source!==r.contentWindow);else{if(r.removeAttribute("style"),"height"===t.message){if(1e3<(s=parseInt(t.value,10)))s=1e3;else if(~~s<200)s=200;r.height=s}if("link"===t.message)if(s=d.createElement("a"),a=d.createElement("a"),s.href=r.getAttribute("src"),a.href=t.value,!o.test(a.protocol));else if(a.host===s.host)if(d.activeElement===r)c.top.location.href=t.value}}},e)c.addEventListener("message",c.wp.receiveEmbedMessage,!1),d.addEventListener("DOMContentLoaded",t,!1),c.addEventListener("load",t,!1);function t(){if(o);else{o=!0;for(var e,t,r,s=-1!==navigator.appVersion.indexOf("MSIE 10"),a=!!navigator.userAgent.match(/Trident.*rv:11\./),i=d.querySelectorAll("iframe.wp-embedded-content"),n=0;n<i.length;n++){if(!(r=(t=i[n]).getAttribute("data-secret")))r=Math.random().toString(36).substr(2,10),t.src+="#?secret="+r,t.setAttribute("data-secret",r);if(s||a)(e=t.cloneNode(!0)).removeAttribute("security"),t.parentNode.replaceChild(e,t);t.contentWindow.postMessage({message:"ready",secret:r},"*")}}}}(window,document);
</script>

27 estudiantes de Bachillerato y Formación Profesional de Segundo Grado participaron el 14 de marzo en la fase regional de la XXX Olimpiada de Física, competición organizada por la Real Sociedad Española de Física con la colaboración de las universidades públicas en sus diferentes fases locales.
