{"id":47165,"date":"2019-10-24T08:34:38","date_gmt":"2019-10-24T08:34:38","guid":{"rendered":"https:\/\/www.ull.es\/portal\/noticias\/wp-content\/uploads\/sites\/13\/2019\/10\/TalentAndJob-Enhamed032.jpg"},"modified":"2019-10-24T08:34:47","modified_gmt":"2019-10-24T08:34:47","slug":"talentandjob-enhamed032","status":"inherit","type":"attachment","link":"https:\/\/www.ull.es\/portal\/noticias\/2019\/el-foro-universitario-talent-and-job-trae-a-la-ull-al-campeon-paralimpico-de-natacion-enhamed-a-hablar-de-actitud-y-valores\/talentandjob-enhamed032\/","title":{"rendered":"TalentAndJob-Enhamed032"},"author":23,"comment_status":"closed","ping_status":"closed","template":"","meta":{"inline_featured_image":false},"acf":[],"yoast_head":"<!-- This site is optimized with the Yoast SEO plugin v21.3 - https:\/\/yoast.com\/wordpress\/plugins\/seo\/ -->\n<title>TalentAndJob-Enhamed032 - ULL - Noticias<\/title>\n<meta name=\"robots\" content=\"index, follow, max-snippet:-1, max-image-preview:large, max-video-preview:-1\" \/>\n<link rel=\"canonical\" href=\"https:\/\/www.ull.es\/portal\/noticias\/wp-content\/uploads\/sites\/13\/2019\/10\/TalentAndJob-Enhamed032.jpg\" \/>\n<meta property=\"og:locale\" content=\"es_ES\" \/>\n<meta property=\"og:type\" content=\"article\" \/>\n<meta property=\"og:title\" content=\"TalentAndJob-Enhamed032 - ULL - Noticias\" \/>\n<meta property=\"og:url\" content=\"https:\/\/www.ull.es\/portal\/noticias\/wp-content\/uploads\/sites\/13\/2019\/10\/TalentAndJob-Enhamed032.jpg\" \/>\n<meta property=\"og:site_name\" content=\"ULL - Noticias\" \/>\n<meta property=\"article:publisher\" content=\"https:\/\/www.facebook.com\/universidaddelalaguna\/\" \/>\n<meta property=\"article:modified_time\" content=\"2019-10-24T08:34:47+00:00\" \/>\n<meta property=\"og:image\" content=\"https:\/\/www.ull.es\/portal\/noticias\/wp-content\/uploads\/sites\/13\/2019\/10\/TalentAndJob-Enhamed032.jpg\" \/>\n\t<meta property=\"og:image:width\" content=\"1500\" \/>\n\t<meta property=\"og:image:height\" content=\"1000\" \/>\n\t<meta property=\"og:image:type\" content=\"image\/jpeg\" \/>\n<meta name=\"twitter:card\" content=\"summary_large_image\" \/>\n<meta name=\"twitter:site\" content=\"@CanalULL\" \/>\n<script type=\"application\/ld+json\" class=\"yoast-schema-graph\">{\"@context\":\"https:\/\/schema.org\",\"@graph\":[{\"@type\":\"WebPage\",\"@id\":\"https:\/\/www.ull.es\/portal\/noticias\/wp-content\/uploads\/sites\/13\/2019\/10\/TalentAndJob-Enhamed032.jpg\",\"url\":\"https:\/\/www.ull.es\/portal\/noticias\/wp-content\/uploads\/sites\/13\/2019\/10\/TalentAndJob-Enhamed032.jpg\",\"name\":\"TalentAndJob-Enhamed032 - ULL - Noticias\",\"isPartOf\":{\"@id\":\"https:\/\/www.ull.es\/portal\/noticias\/#website\"},\"datePublished\":\"2019-10-24T08:34:38+00:00\",\"dateModified\":\"2019-10-24T08:34:47+00:00\",\"breadcrumb\":{\"@id\":\"https:\/\/www.ull.es\/portal\/noticias\/wp-content\/uploads\/sites\/13\/2019\/10\/TalentAndJob-Enhamed032.jpg#breadcrumb\"},\"inLanguage\":\"es\",\"potentialAction\":[{\"@type\":\"ReadAction\",\"target\":[\"https:\/\/www.ull.es\/portal\/noticias\/wp-content\/uploads\/sites\/13\/2019\/10\/TalentAndJob-Enhamed032.jpg\"]}]},{\"@type\":\"BreadcrumbList\",\"@id\":\"https:\/\/www.ull.es\/portal\/noticias\/wp-content\/uploads\/sites\/13\/2019\/10\/TalentAndJob-Enhamed032.jpg#breadcrumb\",\"itemListElement\":[{\"@type\":\"ListItem\",\"position\":1,\"name\":\"Portada\",\"item\":\"https:\/\/www.ull.es\/portal\/noticias\/\"},{\"@type\":\"ListItem\",\"position\":2,\"name\":\"El Foro Universitario Talent and Job trae a la ULL al campe\u00f3n paral\u00edmpico de nataci\u00f3n Enhamed para hablar de actitud y valores\",\"item\":\"https:\/\/www.ull.es\/portal\/noticias\/2019\/el-foro-universitario-talent-and-job-trae-a-la-ull-al-campeon-paralimpico-de-natacion-enhamed-a-hablar-de-actitud-y-valores\/\"},{\"@type\":\"ListItem\",\"position\":3,\"name\":\"TalentAndJob-Enhamed032\"}]},{\"@type\":\"WebSite\",\"@id\":\"https:\/\/www.ull.es\/portal\/noticias\/#website\",\"url\":\"https:\/\/www.ull.es\/portal\/noticias\/\",\"name\":\"ULL - Noticias\",\"description\":\"\",\"potentialAction\":[{\"@type\":\"SearchAction\",\"target\":{\"@type\":\"EntryPoint\",\"urlTemplate\":\"https:\/\/www.ull.es\/portal\/noticias\/?s={search_term_string}\"},\"query-input\":\"required name=search_term_string\"}],\"inLanguage\":\"es\"}]}<\/script>\n<!-- \/ Yoast SEO plugin. -->","yoast_head_json":{"title":"TalentAndJob-Enhamed032 - ULL - Noticias","robots":{"index":"index","follow":"follow","max-snippet":"max-snippet:-1","max-image-preview":"max-image-preview:large","max-video-preview":"max-video-preview:-1"},"canonical":"https:\/\/www.ull.es\/portal\/noticias\/wp-content\/uploads\/sites\/13\/2019\/10\/TalentAndJob-Enhamed032.jpg","og_locale":"es_ES","og_type":"article","og_title":"TalentAndJob-Enhamed032 - ULL - Noticias","og_url":"https:\/\/www.ull.es\/portal\/noticias\/wp-content\/uploads\/sites\/13\/2019\/10\/TalentAndJob-Enhamed032.jpg","og_site_name":"ULL - Noticias","article_publisher":"https:\/\/www.facebook.com\/universidaddelalaguna\/","article_modified_time":"2019-10-24T08:34:47+00:00","og_image":[{"width":1500,"height":1000,"url":"https:\/\/www.ull.es\/portal\/noticias\/wp-content\/uploads\/sites\/13\/2019\/10\/TalentAndJob-Enhamed032.jpg","type":"image\/jpeg"}],"twitter_card":"summary_large_image","twitter_site":"@CanalULL","schema":{"@context":"https:\/\/schema.org","@graph":[{"@type":"WebPage","@id":"https:\/\/www.ull.es\/portal\/noticias\/wp-content\/uploads\/sites\/13\/2019\/10\/TalentAndJob-Enhamed032.jpg","url":"https:\/\/www.ull.es\/portal\/noticias\/wp-content\/uploads\/sites\/13\/2019\/10\/TalentAndJob-Enhamed032.jpg","name":"TalentAndJob-Enhamed032 - ULL - Noticias","isPartOf":{"@id":"https:\/\/www.ull.es\/portal\/noticias\/#website"},"datePublished":"2019-10-24T08:34:38+00:00","dateModified":"2019-10-24T08:34:47+00:00","breadcrumb":{"@id":"https:\/\/www.ull.es\/portal\/noticias\/wp-content\/uploads\/sites\/13\/2019\/10\/TalentAndJob-Enhamed032.jpg#breadcrumb"},"inLanguage":"es","potentialAction":[{"@type":"ReadAction","target":["https:\/\/www.ull.es\/portal\/noticias\/wp-content\/uploads\/sites\/13\/2019\/10\/TalentAndJob-Enhamed032.jpg"]}]},{"@type":"BreadcrumbList","@id":"https:\/\/www.ull.es\/portal\/noticias\/wp-content\/uploads\/sites\/13\/2019\/10\/TalentAndJob-Enhamed032.jpg#breadcrumb","itemListElement":[{"@type":"ListItem","position":1,"name":"Portada","item":"https:\/\/www.ull.es\/portal\/noticias\/"},{"@type":"ListItem","position":2,"name":"El Foro Universitario Talent and Job trae a la ULL al campe\u00f3n paral\u00edmpico de nataci\u00f3n Enhamed para hablar de actitud y valores","item":"https:\/\/www.ull.es\/portal\/noticias\/2019\/el-foro-universitario-talent-and-job-trae-a-la-ull-al-campeon-paralimpico-de-natacion-enhamed-a-hablar-de-actitud-y-valores\/"},{"@type":"ListItem","position":3,"name":"TalentAndJob-Enhamed032"}]},{"@type":"WebSite","@id":"https:\/\/www.ull.es\/portal\/noticias\/#website","url":"https:\/\/www.ull.es\/portal\/noticias\/","name":"ULL - Noticias","description":"","potentialAction":[{"@type":"SearchAction","target":{"@type":"EntryPoint","urlTemplate":"https:\/\/www.ull.es\/portal\/noticias\/?s={search_term_string}"},"query-input":"required name=search_term_string"}],"inLanguage":"es"}]}},"description":{"rendered":"<p class=\"attachment\"><a href='https:\/\/www.ull.es\/portal\/noticias\/wp-content\/uploads\/sites\/13\/2019\/10\/TalentAndJob-Enhamed032.jpg' target=\"_blank\" rel=\"noopener\"><img loading=\"lazy\" width=\"300\" height=\"200\" src=\"https:\/\/www.ull.es\/portal\/noticias\/wp-content\/uploads\/sites\/13\/2019\/10\/TalentAndJob-Enhamed032-300x200.jpg\" class=\"attachment-medium size-medium\" alt=\"\" decoding=\"async\" srcset=\"https:\/\/www.ull.es\/portal\/noticias\/wp-content\/uploads\/sites\/13\/2019\/10\/TalentAndJob-Enhamed032-300x200.jpg 300w, https:\/\/www.ull.es\/portal\/noticias\/wp-content\/uploads\/sites\/13\/2019\/10\/TalentAndJob-Enhamed032-768x512.jpg 768w, https:\/\/www.ull.es\/portal\/noticias\/wp-content\/uploads\/sites\/13\/2019\/10\/TalentAndJob-Enhamed032-1024x683.jpg 1024w, https:\/\/www.ull.es\/portal\/noticias\/wp-content\/uploads\/sites\/13\/2019\/10\/TalentAndJob-Enhamed032-375x250.jpg 375w, https:\/\/www.ull.es\/portal\/noticias\/wp-content\/uploads\/sites\/13\/2019\/10\/TalentAndJob-Enhamed032-750x500.jpg 750w, https:\/\/www.ull.es\/portal\/noticias\/wp-content\/uploads\/sites\/13\/2019\/10\/TalentAndJob-Enhamed032-1140x760.jpg 1140w, https:\/\/www.ull.es\/portal\/noticias\/wp-content\/uploads\/sites\/13\/2019\/10\/TalentAndJob-Enhamed032.jpg 1500w\" sizes=\"(max-width: 300px) 100vw, 300px\" \/><\/a><\/p>\n"},"caption":{"rendered":""},"alt_text":"","media_type":"image","mime_type":"image\/jpeg","media_details":{"width":1500,"height":1000,"file":"2019\/10\/TalentAndJob-Enhamed032.jpg","sizes":{"thumbnail":{"file":"TalentAndJob-Enhamed032-150x150.jpg","width":150,"height":150,"mime_type":"image\/jpeg","source_url":"https:\/\/www.ull.es\/portal\/noticias\/wp-content\/uploads\/sites\/13\/2019\/10\/TalentAndJob-Enhamed032-150x150.jpg"},"medium":{"file":"TalentAndJob-Enhamed032-300x200.jpg","width":300,"height":200,"mime_type":"image\/jpeg","source_url":"https:\/\/www.ull.es\/portal\/noticias\/wp-content\/uploads\/sites\/13\/2019\/10\/TalentAndJob-Enhamed032-300x200.jpg"},"medium_large":{"file":"TalentAndJob-Enhamed032-768x512.jpg","width":768,"height":512,"mime_type":"image\/jpeg","source_url":"https:\/\/www.ull.es\/portal\/noticias\/wp-content\/uploads\/sites\/13\/2019\/10\/TalentAndJob-Enhamed032-768x512.jpg"},"large":{"file":"TalentAndJob-Enhamed032-1024x683.jpg","width":1024,"height":683,"mime_type":"image\/jpeg","source_url":"https:\/\/www.ull.es\/portal\/noticias\/wp-content\/uploads\/sites\/13\/2019\/10\/TalentAndJob-Enhamed032-1024x683.jpg"},"mug-shot":{"file":"TalentAndJob-Enhamed032-150x250.jpg","width":150,"height":250,"mime_type":"image\/jpeg","source_url":"https:\/\/www.ull.es\/portal\/noticias\/wp-content\/uploads\/sites\/13\/2019\/10\/TalentAndJob-Enhamed032-150x250.jpg"},"sidebar":{"file":"TalentAndJob-Enhamed032-375x250.jpg","width":375,"height":250,"mime_type":"image\/jpeg","source_url":"https:\/\/www.ull.es\/portal\/noticias\/wp-content\/uploads\/sites\/13\/2019\/10\/TalentAndJob-Enhamed032-375x250.jpg"},"half":{"file":"TalentAndJob-Enhamed032-375x250.jpg","width":375,"height":250,"mime_type":"image\/jpeg","source_url":"https:\/\/www.ull.es\/portal\/noticias\/wp-content\/uploads\/sites\/13\/2019\/10\/TalentAndJob-Enhamed032-375x250.jpg"},"full-content":{"file":"TalentAndJob-Enhamed032-750x500.jpg","width":750,"height":500,"mime_type":"image\/jpeg","source_url":"https:\/\/www.ull.es\/portal\/noticias\/wp-content\/uploads\/sites\/13\/2019\/10\/TalentAndJob-Enhamed032-750x500.jpg"},"page":{"file":"TalentAndJob-Enhamed032-1140x760.jpg","width":1140,"height":760,"mime_type":"image\/jpeg","source_url":"https:\/\/www.ull.es\/portal\/noticias\/wp-content\/uploads\/sites\/13\/2019\/10\/TalentAndJob-Enhamed032-1140x760.jpg"},"thimble":{"file":"TalentAndJob-Enhamed032-50x50.jpg","width":50,"height":50,"mime_type":"image\/jpeg","source_url":"https:\/\/www.ull.es\/portal\/noticias\/wp-content\/uploads\/sites\/13\/2019\/10\/TalentAndJob-Enhamed032-50x50.jpg"},"thumbnail-large":{"file":"TalentAndJob-Enhamed032-300x300.jpg","width":300,"height":300,"mime_type":"image\/jpeg","source_url":"https:\/\/www.ull.es\/portal\/noticias\/wp-content\/uploads\/sites\/13\/2019\/10\/TalentAndJob-Enhamed032-300x300.jpg"},"rss":{"file":"TalentAndJob-Enhamed032-108x81.jpg","width":108,"height":81,"mime_type":"image\/jpeg","source_url":"https:\/\/www.ull.es\/portal\/noticias\/wp-content\/uploads\/sites\/13\/2019\/10\/TalentAndJob-Enhamed032-108x81.jpg"},"full":{"file":"TalentAndJob-Enhamed032.jpg","width":1500,"height":1000,"mime_type":"image\/jpeg","source_url":"https:\/\/www.ull.es\/portal\/noticias\/wp-content\/uploads\/sites\/13\/2019\/10\/TalentAndJob-Enhamed032.jpg"}},"image_meta":{"aperture":"2.8","credit":"Aar\u00f3n S. Ramos","camera":"X-T2","caption":"Foro Talent and Job: Enhamed Enhamed. Aula Magna del Aulario de Guajara \u00a9 Aar\u00f3n S. Ramos\/FYDE","created_timestamp":"1571402109","copyright":"\u00a9 Aar\u00f3n S. Ramos","focal_length":"106","iso":"4000","shutter_speed":"0.016666666666667","title":"","orientation":"0","keywords":["\u00a9 Aar\u00f3n S. Ramos","www.aaronSramos.com","FYDE","Fundaci\u00f3n Fyde CajaCanarias","Enhamed Enhamed","charla","foro","Foro Talent and Job","ULL","Aula Magna del Aulario de Guajara","Actitud y Valores en el Desarrollo Profesional"]}},"post":47164,"source_url":"https:\/\/www.ull.es\/portal\/noticias\/wp-content\/uploads\/sites\/13\/2019\/10\/TalentAndJob-Enhamed032.jpg","_links":{"self":[{"href":"https:\/\/www.ull.es\/portal\/noticias\/wp-json\/wp\/v2\/media\/47165"}],"collection":[{"href":"https:\/\/www.ull.es\/portal\/noticias\/wp-json\/wp\/v2\/media"}],"about":[{"href":"https:\/\/www.ull.es\/portal\/noticias\/wp-json\/wp\/v2\/types\/attachment"}],"author":[{"embeddable":true,"href":"https:\/\/www.ull.es\/portal\/noticias\/wp-json\/wp\/v2\/users\/23"}],"replies":[{"embeddable":true,"href":"https:\/\/www.ull.es\/portal\/noticias\/wp-json\/wp\/v2\/comments?post=47165"}]}}

<!-- This site is optimized with the Yoast SEO plugin v21.3 - https://yoast.com/wordpress/plugins/seo/ -->
<title>TalentAndJob-Enhamed032 - ULL - Noticias</title>
<meta name="robots" content="index, follow, max-snippet:-1, max-image-preview:large, max-video-preview:-1" />
<link rel="canonical" href="https://www.ull.es/portal/noticias/wp-content/uploads/sites/13/2019/10/TalentAndJob-Enhamed032.jpg" />
<meta property="og:locale" content="es_ES" />
<meta property="og:type" content="article" />
<meta property="og:title" content="TalentAndJob-Enhamed032 - ULL - Noticias" />
<meta property="og:url" content="https://www.ull.es/portal/noticias/wp-content/uploads/sites/13/2019/10/TalentAndJob-Enhamed032.jpg" />
<meta property="og:site_name" content="ULL - Noticias" />
<meta property="article:publisher" content="https://www.facebook.com/universidaddelalaguna/" />
<meta property="article:modified_time" content="2019-10-24T08:34:47+00:00" />
<meta property="og:image" content="https://www.ull.es/portal/noticias/wp-content/uploads/sites/13/2019/10/TalentAndJob-Enhamed032.jpg" />
	<meta property="og:image:width" content="1500" />
	<meta property="og:image:height" content="1000" />
	<meta property="og:image:type" content="image/jpeg" />
<meta name="twitter:card" content="summary_large_image" />
<meta name="twitter:site" content="@CanalULL" />
<script type="application/ld+json" class="yoast-schema-graph">{"@context":"https://schema.org","@graph":[{"@type":"WebPage","@id":"https://www.ull.es/portal/noticias/wp-content/uploads/sites/13/2019/10/TalentAndJob-Enhamed032.jpg","url":"https://www.ull.es/portal/noticias/wp-content/uploads/sites/13/2019/10/TalentAndJob-Enhamed032.jpg","name":"TalentAndJob-Enhamed032 - ULL - Noticias","isPartOf":{"@id":"https://www.ull.es/portal/noticias/#website"},"datePublished":"2019-10-24T08:34:38+00:00","dateModified":"2019-10-24T08:34:47+00:00","breadcrumb":{"@id":"https://www.ull.es/portal/noticias/wp-content/uploads/sites/13/2019/10/TalentAndJob-Enhamed032.jpg#breadcrumb"},"inLanguage":"es","potentialAction":[{"@type":"ReadAction","target":["https://www.ull.es/portal/noticias/wp-content/uploads/sites/13/2019/10/TalentAndJob-Enhamed032.jpg"]}]},{"@type":"BreadcrumbList","@id":"https://www.ull.es/portal/noticias/wp-content/uploads/sites/13/2019/10/TalentAndJob-Enhamed032.jpg#breadcrumb","itemListElement":[{"@type":"ListItem","position":1,"name":"Portada","item":"https://www.ull.es/portal/noticias/"},{"@type":"ListItem","position":2,"name":"El Foro Universitario Talent and Job trae a la ULL al campeón paralímpico de natación Enhamed para hablar de actitud y valores","item":"https://www.ull.es/portal/noticias/2019/el-foro-universitario-talent-and-job-trae-a-la-ull-al-campeon-paralimpico-de-natacion-enhamed-a-hablar-de-actitud-y-valores/"},{"@type":"ListItem","position":3,"name":"TalentAndJob-Enhamed032"}]},{"@type":"WebSite","@id":"https://www.ull.es/portal/noticias/#website","url":"https://www.ull.es/portal/noticias/","name":"ULL - Noticias","description":"","potentialAction":[{"@type":"SearchAction","target":{"@type":"EntryPoint","urlTemplate":"https://www.ull.es/portal/noticias/?s={search_term_string}"},"query-input":"required name=search_term_string"}],"inLanguage":"es"}]}</script>
<!-- / Yoast SEO plugin. -->

El Foro Universitario Talent and Job trae a la ULL al campeón paralímpico de natación Enhamed para hablar de actitud y valores

Aarón S. Ramos

Foro Talent and Job: Enhamed Enhamed. Aula Magna del Aulario de Guajara © Aarón S. Ramos/FYDE

© Aarón S. Ramos

Fundación Fyde CajaCanarias
