{"id":134,"date":"2019-06-04T13:49:02","date_gmt":"2019-06-04T11:49:02","guid":{"rendered":"https:\/\/www.ull.es\/portal\/responsabilidad-social\/?page_id=134"},"modified":"2019-09-25T10:20:10","modified_gmt":"2019-09-25T08:20:10","slug":"igualdad","status":"publish","type":"page","link":"https:\/\/www.ull.es\/portal\/responsabilidad-social\/igualdad\/","title":{"rendered":"Igualdad"},"content":{"rendered":"<p>[vc_row full_width=\u00bbstretch_row\u00bb css=\u00bb.vc_custom_1559648929900{background-image: url(https:\/\/www.ull.es\/portal\/responsabilidad-social\/wp-content\/uploads\/sites\/31\/2019\/06\/iguadadrs1.jpg?id=135) !important;background-position: center !important;background-repeat: no-repeat !important;background-size: cover !important;}\u00bb][vc_column][vc_empty_space][vc_empty_space][vc_custom_heading text=\u00bbIgualdad\u00bb font_container=\u00bbtag:h1|font_size:3em|text_align:left|color:%230a0a0a\u00bb use_theme_fonts=\u00bbyes\u00bb][vc_empty_space][vc_empty_space][\/vc_column][\/vc_row][vc_row equal_height=\u00bbyes\u00bb][vc_column width=\u00bb1\/2&#8243;][vc_column_text]<span style=\"font-weight: 400;\">La integraci\u00f3n en igualdad de condiciones es una de las misiones de la Universidad de La Laguna. Para alcanzar esta meta, la ULL dispone de diferentes servicios dedicados espec\u00edficamente a fomentar la igualdad de oportunidades o de g\u00e9nero, como son el <\/span><a href=\"https:\/\/www.ull.es\/servicios\/servicio-de-informacion-y-orientacion-sio\/\" target=\"_blank\" rel=\"noopener\"><span style=\"font-weight: 400;\">Servicio de Informaci\u00f3n y Orientaci\u00f3n (SIO)<\/span><\/a><span style=\"font-weight: 400;\">, el <\/span><a href=\"https:\/\/www.ull.es\/servicios\/alojamiento\/\" target=\"_blank\" rel=\"noopener\"><span style=\"font-weight: 400;\">Servicio de Alojamiento<\/span><\/a><span style=\"font-weight: 400;\"> o la <\/span><a href=\"https:\/\/www.ull.es\/servicios\/igualdad\/\" target=\"_blank\" rel=\"noopener\"><span style=\"font-weight: 400;\">Unidad de Igualdad<\/span><\/a><span style=\"font-weight: 400;\">, as\u00ed como programas espec\u00edficos como el <\/span><a href=\"https:\/\/www.ull.es\/admision-becas\/paed\/\" target=\"_blank\" rel=\"noopener\"><span style=\"font-weight: 400;\">Programa de Atenci\u00f3n a Estudiantes con Necesidades Espec\u00edficas de Apoyo Educativo <\/span><\/a><span style=\"font-weight: 400;\">(PAED) a trav\u00e9s del cual se trata de analizar y dar respuesta a las demandas del alumnado con discapacidad (visual, auditiva, f\u00edsica y ps\u00edquica) y\/o necesidades espec\u00edficas de apoyo educativo (NEAE). \u00a0<\/span><\/p>\n<p><span style=\"font-weight: 400;\">Por su parte, la <\/span><a href=\"https:\/\/www.ull.es\/servicios\/igualdad\/\" target=\"_blank\" rel=\"noopener\"><span style=\"font-weight: 400;\">Unidad de Igualdad <\/span><\/a><span style=\"font-weight: 400;\">\u00a0es el \u00f3rgano responsable de coordinar, proponer, seguir y valorar el cumplimiento de la legislaci\u00f3n sobre igualdad entre mujeres y hombres. Tambi\u00e9n se ocupa de la puesta en marcha de los planes y medidas para la promoci\u00f3n y logro de la igualdad efectiva en todos los \u00e1mbitos de la vida universitaria y en las relaciones entre universidad y sociedad. Asimismo, act\u00faa como un servicio de asesor\u00eda y recursos en materia de igualdad y de informaci\u00f3n peri\u00f3dica y sistem\u00e1tica sobre la situaci\u00f3n y el desarrollo del principio de igualdad entre hombres y mujeres en la Universidad de La Laguna.<\/span>[\/vc_column_text][\/vc_column][vc_column width=\u00bb1\/2&#8243;][vc_single_image image=\u00bb136&#8243; img_size=\u00bbfull\u00bb alignment=\u00bbcenter\u00bb css_animation=\u00bbbounceInDown\u00bb][\/vc_column][\/vc_row]<\/p>\n","protected":false},"excerpt":{"rendered":"<p>[vc_row full_width=\u00bbstretch_row\u00bb css=\u00bb.vc_custom_1559648929900{background-image: url(https:\/\/www.ull.es\/portal\/responsabilidad-social\/wp-content\/uploads\/sites\/31\/2019\/06\/iguadadrs1.jpg?id=135) !important;background-position: center !important;background-repeat: no-repeat !important;background-size: cover !important;}\u00bb][vc_column][vc_empty_space][vc_empty_space][vc_custom_heading text=\u00bbIgualdad\u00bb font_container=\u00bbtag:h1|font_size:3em|text_align:left|color:%230a0a0a\u00bb use_theme_fonts=\u00bbyes\u00bb][vc_empty_space][vc_empty_space][\/vc_column][\/vc_row][vc_row equal_height=\u00bbyes\u00bb][vc_column width=\u00bb1\/2&#8243;][vc_column_text]La integraci\u00f3n en igualdad de condiciones es una de las misiones de la Universidad de La Laguna. Para alcanzar esta meta, la ULL dispone de diferentes servicios dedicados espec\u00edficamente a fomentar la igualdad de oportunidades o de g\u00e9nero, como son&#8230;<\/p>\n","protected":false},"author":41,"featured_media":0,"parent":0,"menu_order":0,"comment_status":"closed","ping_status":"closed","template":"templates\/template-no-title.php","meta":{"inline_featured_image":false,"footnotes":""},"acf":[],"yoast_head":"<!-- This site is optimized with the Yoast SEO plugin v21.3 - https:\/\/yoast.com\/wordpress\/plugins\/seo\/ -->\n<title>Igualdad - Responsabilidad Social<\/title>\n<meta name=\"robots\" content=\"index, follow, max-snippet:-1, max-image-preview:large, max-video-preview:-1\" \/>\n<link rel=\"canonical\" href=\"https:\/\/www.ull.es\/portal\/responsabilidad-social\/igualdad\/\" \/>\n<meta property=\"og:locale\" content=\"es_ES\" \/>\n<meta property=\"og:type\" content=\"article\" \/>\n<meta property=\"og:title\" content=\"Igualdad - Responsabilidad Social\" \/>\n<meta property=\"og:description\" content=\"[vc_row full_width=\u00bbstretch_row\u00bb css=\u00bb.vc_custom_1559648929900{background-image: url(https:\/\/www.ull.es\/portal\/responsabilidad-social\/wp-content\/uploads\/sites\/31\/2019\/06\/iguadadrs1.jpg?id=135) !important;background-position: center !important;background-repeat: no-repeat !important;background-size: cover !important;}\u00bb][vc_column][vc_empty_space][vc_empty_space][vc_custom_heading text=\u00bbIgualdad\u00bb font_container=\u00bbtag:h1|font_size:3em|text_align:left|color:%230a0a0a\u00bb use_theme_fonts=\u00bbyes\u00bb][vc_empty_space][vc_empty_space][\/vc_column][\/vc_row][vc_row equal_height=\u00bbyes\u00bb][vc_column width=\u00bb1\/2&#8243;][vc_column_text]La integraci\u00f3n en igualdad de condiciones es una de las misiones de la Universidad de La Laguna. Para alcanzar esta meta, la ULL dispone de diferentes servicios dedicados espec\u00edficamente a fomentar la igualdad de oportunidades o de g\u00e9nero, como son...\" \/>\n<meta property=\"og:url\" content=\"https:\/\/www.ull.es\/portal\/responsabilidad-social\/igualdad\/\" \/>\n<meta property=\"og:site_name\" content=\"Responsabilidad Social\" \/>\n<meta property=\"article:modified_time\" content=\"2019-09-25T08:20:10+00:00\" \/>\n<meta name=\"twitter:card\" content=\"summary_large_image\" \/>\n<meta name=\"twitter:label1\" content=\"Tiempo de lectura\" \/>\n\t<meta name=\"twitter:data1\" content=\"2 minutos\" \/>\n<script type=\"application\/ld+json\" class=\"yoast-schema-graph\">{\"@context\":\"https:\/\/schema.org\",\"@graph\":[{\"@type\":\"WebPage\",\"@id\":\"https:\/\/www.ull.es\/portal\/responsabilidad-social\/igualdad\/\",\"url\":\"https:\/\/www.ull.es\/portal\/responsabilidad-social\/igualdad\/\",\"name\":\"Igualdad - Responsabilidad Social\",\"isPartOf\":{\"@id\":\"https:\/\/www.ull.es\/portal\/responsabilidad-social\/#website\"},\"datePublished\":\"2019-06-04T11:49:02+00:00\",\"dateModified\":\"2019-09-25T08:20:10+00:00\",\"breadcrumb\":{\"@id\":\"https:\/\/www.ull.es\/portal\/responsabilidad-social\/igualdad\/#breadcrumb\"},\"inLanguage\":\"es\",\"potentialAction\":[{\"@type\":\"ReadAction\",\"target\":[\"https:\/\/www.ull.es\/portal\/responsabilidad-social\/igualdad\/\"]}]},{\"@type\":\"BreadcrumbList\",\"@id\":\"https:\/\/www.ull.es\/portal\/responsabilidad-social\/igualdad\/#breadcrumb\",\"itemListElement\":[{\"@type\":\"ListItem\",\"position\":1,\"name\":\"Portada\",\"item\":\"https:\/\/www.ull.es\/portal\/responsabilidad-social\/\"},{\"@type\":\"ListItem\",\"position\":2,\"name\":\"Igualdad\"}]},{\"@type\":\"WebSite\",\"@id\":\"https:\/\/www.ull.es\/portal\/responsabilidad-social\/#website\",\"url\":\"https:\/\/www.ull.es\/portal\/responsabilidad-social\/\",\"name\":\"Responsabilidad Social\",\"description\":\"\",\"potentialAction\":[{\"@type\":\"SearchAction\",\"target\":{\"@type\":\"EntryPoint\",\"urlTemplate\":\"https:\/\/www.ull.es\/portal\/responsabilidad-social\/?s={search_term_string}\"},\"query-input\":\"required name=search_term_string\"}],\"inLanguage\":\"es\"}]}<\/script>\n<!-- \/ Yoast SEO plugin. -->","yoast_head_json":{"title":"Igualdad - Responsabilidad Social","robots":{"index":"index","follow":"follow","max-snippet":"max-snippet:-1","max-image-preview":"max-image-preview:large","max-video-preview":"max-video-preview:-1"},"canonical":"https:\/\/www.ull.es\/portal\/responsabilidad-social\/igualdad\/","og_locale":"es_ES","og_type":"article","og_title":"Igualdad - Responsabilidad Social","og_description":"[vc_row full_width=\u00bbstretch_row\u00bb css=\u00bb.vc_custom_1559648929900{background-image: url(https:\/\/www.ull.es\/portal\/responsabilidad-social\/wp-content\/uploads\/sites\/31\/2019\/06\/iguadadrs1.jpg?id=135) !important;background-position: center !important;background-repeat: no-repeat !important;background-size: cover !important;}\u00bb][vc_column][vc_empty_space][vc_empty_space][vc_custom_heading text=\u00bbIgualdad\u00bb font_container=\u00bbtag:h1|font_size:3em|text_align:left|color:%230a0a0a\u00bb use_theme_fonts=\u00bbyes\u00bb][vc_empty_space][vc_empty_space][\/vc_column][\/vc_row][vc_row equal_height=\u00bbyes\u00bb][vc_column width=\u00bb1\/2&#8243;][vc_column_text]La integraci\u00f3n en igualdad de condiciones es una de las misiones de la Universidad de La Laguna. Para alcanzar esta meta, la ULL dispone de diferentes servicios dedicados espec\u00edficamente a fomentar la igualdad de oportunidades o de g\u00e9nero, como son...","og_url":"https:\/\/www.ull.es\/portal\/responsabilidad-social\/igualdad\/","og_site_name":"Responsabilidad Social","article_modified_time":"2019-09-25T08:20:10+00:00","twitter_card":"summary_large_image","twitter_misc":{"Tiempo de lectura":"2 minutos"},"schema":{"@context":"https:\/\/schema.org","@graph":[{"@type":"WebPage","@id":"https:\/\/www.ull.es\/portal\/responsabilidad-social\/igualdad\/","url":"https:\/\/www.ull.es\/portal\/responsabilidad-social\/igualdad\/","name":"Igualdad - Responsabilidad Social","isPartOf":{"@id":"https:\/\/www.ull.es\/portal\/responsabilidad-social\/#website"},"datePublished":"2019-06-04T11:49:02+00:00","dateModified":"2019-09-25T08:20:10+00:00","breadcrumb":{"@id":"https:\/\/www.ull.es\/portal\/responsabilidad-social\/igualdad\/#breadcrumb"},"inLanguage":"es","potentialAction":[{"@type":"ReadAction","target":["https:\/\/www.ull.es\/portal\/responsabilidad-social\/igualdad\/"]}]},{"@type":"BreadcrumbList","@id":"https:\/\/www.ull.es\/portal\/responsabilidad-social\/igualdad\/#breadcrumb","itemListElement":[{"@type":"ListItem","position":1,"name":"Portada","item":"https:\/\/www.ull.es\/portal\/responsabilidad-social\/"},{"@type":"ListItem","position":2,"name":"Igualdad"}]},{"@type":"WebSite","@id":"https:\/\/www.ull.es\/portal\/responsabilidad-social\/#website","url":"https:\/\/www.ull.es\/portal\/responsabilidad-social\/","name":"Responsabilidad Social","description":"","potentialAction":[{"@type":"SearchAction","target":{"@type":"EntryPoint","urlTemplate":"https:\/\/www.ull.es\/portal\/responsabilidad-social\/?s={search_term_string}"},"query-input":"required name=search_term_string"}],"inLanguage":"es"}]}},"_links":{"self":[{"href":"https:\/\/www.ull.es\/portal\/responsabilidad-social\/wp-json\/wp\/v2\/pages\/134"}],"collection":[{"href":"https:\/\/www.ull.es\/portal\/responsabilidad-social\/wp-json\/wp\/v2\/pages"}],"about":[{"href":"https:\/\/www.ull.es\/portal\/responsabilidad-social\/wp-json\/wp\/v2\/types\/page"}],"author":[{"embeddable":true,"href":"https:\/\/www.ull.es\/portal\/responsabilidad-social\/wp-json\/wp\/v2\/users\/41"}],"replies":[{"embeddable":true,"href":"https:\/\/www.ull.es\/portal\/responsabilidad-social\/wp-json\/wp\/v2\/comments?post=134"}],"version-history":[{"count":4,"href":"https:\/\/www.ull.es\/portal\/responsabilidad-social\/wp-json\/wp\/v2\/pages\/134\/revisions"}],"predecessor-version":[{"id":214,"href":"https:\/\/www.ull.es\/portal\/responsabilidad-social\/wp-json\/wp\/v2\/pages\/134\/revisions\/214"}],"wp:attachment":[{"href":"https:\/\/www.ull.es\/portal\/responsabilidad-social\/wp-json\/wp\/v2\/media?parent=134"}],"curies":[{"name":"wp","href":"https:\/\/api.w.org\/{rel}","templated":true}]}}