{"id":22,"date":"2023-02-20T11:41:41","date_gmt":"2023-02-20T11:41:41","guid":{"rendered":"https:\/\/www.ull.es\/portal\/sesiones-informativas\/?page_id=22"},"modified":"2026-03-09T08:13:26","modified_gmt":"2026-03-09T08:13:26","slug":"sesiones-con-las-familias","status":"publish","type":"page","link":"https:\/\/www.ull.es\/portal\/sesiones-informativas\/sesiones-con-las-familias\/","title":{"rendered":"Sesiones con las familias"},"content":{"rendered":"\t\t<div data-elementor-type=\"wp-page\" data-elementor-id=\"22\" class=\"elementor elementor-22\">\n\t\t\t\t\t\t\t\t\t<section class=\"elementor-section elementor-top-section elementor-element elementor-element-ffb5184 elementor-section-height-min-height elementor-section-boxed elementor-section-height-default elementor-section-items-middle\" data-id=\"ffb5184\" data-element_type=\"section\" data-settings=\"{&quot;background_background&quot;:&quot;classic&quot;}\">\n\t\t\t\t\t\t\t<div class=\"elementor-background-overlay\"><\/div>\n\t\t\t\t\t\t\t<div class=\"elementor-container elementor-column-gap-default\">\n\t\t\t\t\t<div class=\"elementor-column elementor-col-100 elementor-top-column elementor-element elementor-element-1d7df93\" data-id=\"1d7df93\" data-element_type=\"column\">\n\t\t\t<div class=\"elementor-widget-wrap elementor-element-populated\">\n\t\t\t\t\t\t\t\t<div class=\"elementor-element elementor-element-081001d elementor-widget elementor-widget-heading\" data-id=\"081001d\" data-element_type=\"widget\" data-widget_type=\"heading.default\">\n\t\t\t\t<div class=\"elementor-widget-container\">\n\t\t\t<style>\/*! elementor - v3.9.2 - 21-12-2022 *\/\n.elementor-heading-title{padding:0;margin:0;line-height:1}.elementor-widget-heading .elementor-heading-title[class*=elementor-size-]>a{color:inherit;font-size:inherit;line-height:inherit}.elementor-widget-heading .elementor-heading-title.elementor-size-small{font-size:15px}.elementor-widget-heading .elementor-heading-title.elementor-size-medium{font-size:19px}.elementor-widget-heading .elementor-heading-title.elementor-size-large{font-size:29px}.elementor-widget-heading .elementor-heading-title.elementor-size-xl{font-size:39px}.elementor-widget-heading .elementor-heading-title.elementor-size-xxl{font-size:59px}<\/style><h2 class=\"elementor-heading-title elementor-size-default\">Sesiones con<br> las familias 2026<\/h2>\t\t<\/div>\n\t\t\t\t<\/div>\n\t\t\t\t\t<\/div>\n\t\t<\/div>\n\t\t\t\t\t\t\t<\/div>\n\t\t<\/section>\n\t\t\t\t<section class=\"elementor-section elementor-top-section elementor-element elementor-element-825d43d elementor-section-full_width elementor-section-height-default elementor-section-height-default\" data-id=\"825d43d\" data-element_type=\"section\" data-settings=\"{&quot;background_background&quot;:&quot;classic&quot;}\">\n\t\t\t\t\t\t<div class=\"elementor-container elementor-column-gap-default\">\n\t\t\t\t\t<div class=\"elementor-column elementor-col-50 elementor-top-column elementor-element elementor-element-fe01650\" data-id=\"fe01650\" data-element_type=\"column\">\n\t\t\t<div class=\"elementor-widget-wrap elementor-element-populated\">\n\t\t\t\t\t\t\t\t<div class=\"elementor-element elementor-element-0f4ec0e elementor-invisible elementor-widget elementor-widget-text-editor\" data-id=\"0f4ec0e\" data-element_type=\"widget\" data-settings=\"{&quot;_animation&quot;:&quot;fadeInDown&quot;}\" data-widget_type=\"text-editor.default\">\n\t\t\t\t<div class=\"elementor-widget-container\">\n\t\t\t<style>\/*! elementor - v3.9.2 - 21-12-2022 *\/\n.elementor-widget-text-editor.elementor-drop-cap-view-stacked .elementor-drop-cap{background-color:#818a91;color:#fff}.elementor-widget-text-editor.elementor-drop-cap-view-framed .elementor-drop-cap{color:#818a91;border:3px solid;background-color:transparent}.elementor-widget-text-editor:not(.elementor-drop-cap-view-default) .elementor-drop-cap{margin-top:8px}.elementor-widget-text-editor:not(.elementor-drop-cap-view-default) .elementor-drop-cap-letter{width:1em;height:1em}.elementor-widget-text-editor .elementor-drop-cap{float:left;text-align:center;line-height:1;font-size:50px}.elementor-widget-text-editor .elementor-drop-cap-letter{display:inline-block}<\/style>\t\t\t\t<h3>Charla a las familias<\/h3><p><span style=\"color: #512b58;\">Dentro de las acciones programadas en estas sesiones tenemos una charla informativa por videoconferencia especialmente dise\u00f1ada para las familias de estudiantes de 2\u00ba de Bachillerato, de<strong> Ciclo Formativo de Grado Superior <\/strong>(FP) y de aquellas personas que, por otras v\u00edas de acceso, est\u00e9n pensando acceder el pr\u00f3ximo curso a una <strong>carrera universitaria.<\/strong><\/span><\/p><p><span style=\"color: #512b58;\">Habr\u00e1 una sesi\u00f3n para las familias residentes en la provincia de<strong> Las Palmas<\/strong> y otra para las de que residan en la provincia de<strong> Santa Cruz de Tenerife.<\/strong> Aquellas familias que no residan en Canarias, y deseen acceder a esta sesi\u00f3n informativa, les recomendamos que se inscriban en la sesi\u00f3n del 24 de marzo.<\/span><\/p><p><span style=\"color: #512b58;\">El contenido de la charla abordar\u00e1 el procedimiento de acceso a la universidad, los servicios de apoyo al estudiante, las becas y las ayudas, entre otros temas de su inter\u00e9s.<\/span><\/p>\t\t\t\t\t\t<\/div>\n\t\t\t\t<\/div>\n\t\t\t\t\t<\/div>\n\t\t<\/div>\n\t\t\t\t<div class=\"elementor-column elementor-col-50 elementor-top-column elementor-element elementor-element-afbe84b elementor-invisible\" data-id=\"afbe84b\" data-element_type=\"column\" data-settings=\"{&quot;background_background&quot;:&quot;classic&quot;,&quot;animation&quot;:&quot;fadeInUp&quot;}\">\n\t\t\t<div class=\"elementor-widget-wrap\">\n\t\t\t\t\t\t\t\t\t<\/div>\n\t\t<\/div>\n\t\t\t\t\t\t\t<\/div>\n\t\t<\/section>\n\t\t\t\t<section class=\"elementor-section elementor-top-section elementor-element elementor-element-39f2720 elementor-reverse-mobile elementor-section-boxed elementor-section-height-default elementor-section-height-default\" data-id=\"39f2720\" data-element_type=\"section\" data-settings=\"{&quot;background_background&quot;:&quot;classic&quot;}\">\n\t\t\t\t\t\t<div class=\"elementor-container elementor-column-gap-default\">\n\t\t\t\t\t<div class=\"elementor-column elementor-col-50 elementor-top-column elementor-element elementor-element-ca9a3d9 elementor-invisible\" data-id=\"ca9a3d9\" data-element_type=\"column\" data-settings=\"{&quot;background_background&quot;:&quot;classic&quot;,&quot;animation&quot;:&quot;fadeInUp&quot;}\">\n\t\t\t<div class=\"elementor-widget-wrap elementor-element-populated\">\n\t\t\t\t\t\t\t\t<div class=\"elementor-element elementor-element-4508d36 elementor-widget elementor-widget-spacer\" data-id=\"4508d36\" data-element_type=\"widget\" data-widget_type=\"spacer.default\">\n\t\t\t\t<div class=\"elementor-widget-container\">\n\t\t\t<style>\/*! elementor - v3.9.2 - 21-12-2022 *\/\n.elementor-column .elementor-spacer-inner{height:var(--spacer-size)}.e-con{--container-widget-width:100%}.e-con-inner>.elementor-widget-spacer,.e-con>.elementor-widget-spacer{width:var(--container-widget-width,var(--spacer-size));--align-self:var(--container-widget-align-self,initial);--flex-shrink:0}.e-con-inner>.elementor-widget-spacer>.elementor-widget-container,.e-con-inner>.elementor-widget-spacer>.elementor-widget-container>.elementor-spacer,.e-con>.elementor-widget-spacer>.elementor-widget-container,.e-con>.elementor-widget-spacer>.elementor-widget-container>.elementor-spacer{height:100%}.e-con-inner>.elementor-widget-spacer>.elementor-widget-container>.elementor-spacer>.elementor-spacer-inner,.e-con>.elementor-widget-spacer>.elementor-widget-container>.elementor-spacer>.elementor-spacer-inner{height:var(--container-widget-height,var(--spacer-size))}<\/style>\t\t<div class=\"elementor-spacer\">\n\t\t\t<div class=\"elementor-spacer-inner\"><\/div>\n\t\t<\/div>\n\t\t\t\t<\/div>\n\t\t\t\t<\/div>\n\t\t\t\t\t<\/div>\n\t\t<\/div>\n\t\t\t\t<div class=\"elementor-column elementor-col-50 elementor-top-column elementor-element elementor-element-f62ec2f elementor-invisible\" data-id=\"f62ec2f\" data-element_type=\"column\" data-settings=\"{&quot;animation&quot;:&quot;fadeInDown&quot;}\">\n\t\t\t<div class=\"elementor-widget-wrap elementor-element-populated\">\n\t\t\t\t\t\t\t\t<div class=\"elementor-element elementor-element-f634d28 elementor-widget elementor-widget-text-editor\" data-id=\"f634d28\" data-element_type=\"widget\" data-widget_type=\"text-editor.default\">\n\t\t\t\t<div class=\"elementor-widget-container\">\n\t\t\t\t\t\t\t<h3><span style=\"color: #512b58;\">Fechas y formularios de inscripci\u00f3n<\/span><\/h3><p><span style=\"color: #512b58;\">Las familias deber\u00e1n inscribirse a trav\u00e9s de este formulario para poder remitirles en d\u00edas previos a la misma una invitaci\u00f3n con el enlace a la videoconferencia. <\/span><\/p><p><span style=\"color: #512b58;\">Provincia de <b>Las Palmas<\/b> el 24 de marzo a las 19:00 h.<\/span><\/p><ul><li style=\"list-style-type: none;\"><ul><li><span style=\"color: #512b58;\"><a style=\"color: #512b58;\" href=\"https:\/\/forms.gle\/58YAQUHuBZauHHog9\" target=\"_blank\" rel=\"noopener\" target=\"_blank\" rel=\"noopener\"><span style=\"text-decoration: underline;\"><strong>Formulario de inscripci\u00f3n para familias de Las Palmas<\/strong><\/span><\/a><\/span><\/li><\/ul><\/li><\/ul><p><span style=\"color: #512b58;\">Provincia de <b>Santa Cruz de Tenerife<\/b> el 25 de marzo\u00a0 a las 19:00 h.<\/span><\/p><ul><li><span style=\"color: #512b58;\"><a style=\"color: #512b58;\" href=\"https:\/\/forms.gle\/WyTEQxKQqikToYGa6\" target=\"_blank\" rel=\"noopener\" target=\"_blank\" rel=\"noopener\"><span style=\"text-decoration: underline;\"><strong>Formulario de inscripci\u00f3n para familias de Santa Cruz de Tenerife<\/strong><\/span><\/a><\/span><\/li><\/ul>\t\t\t\t\t\t<\/div>\n\t\t\t\t<\/div>\n\t\t\t\t<div class=\"elementor-element elementor-element-07af874 elementor-widget elementor-widget-spacer\" data-id=\"07af874\" data-element_type=\"widget\" data-widget_type=\"spacer.default\">\n\t\t\t\t<div class=\"elementor-widget-container\">\n\t\t\t\t\t<div class=\"elementor-spacer\">\n\t\t\t<div class=\"elementor-spacer-inner\"><\/div>\n\t\t<\/div>\n\t\t\t\t<\/div>\n\t\t\t\t<\/div>\n\t\t\t\t\t<\/div>\n\t\t<\/div>\n\t\t\t\t\t\t\t<\/div>\n\t\t<\/section>\n\t\t\t\t\t\t\t<\/div>\n\t\t","protected":false},"excerpt":{"rendered":"<p>Sesiones con las familias 2026 Charla a las familias Dentro de las acciones programadas en estas sesiones tenemos una charla informativa por videoconferencia especialmente dise\u00f1ada para las familias de estudiantes de 2\u00ba de Bachillerato, de Ciclo Formativo de Grado Superior (FP) y de aquellas personas que, por otras v\u00edas de acceso, est\u00e9n pensando acceder el&#8230;<\/p>\n","protected":false},"author":97,"featured_media":0,"parent":0,"menu_order":0,"comment_status":"closed","ping_status":"closed","template":"elementor_header_footer","meta":{"inline_featured_image":false,"footnotes":""},"acf":[],"yoast_head":"<!-- This site is optimized with the Yoast SEO plugin v21.3 - https:\/\/yoast.com\/wordpress\/plugins\/seo\/ -->\n<title>Sesiones con las familias - Sesiones Informativas<\/title>\n<meta name=\"robots\" content=\"index, follow, max-snippet:-1, max-image-preview:large, max-video-preview:-1\" \/>\n<link rel=\"canonical\" href=\"https:\/\/www.ull.es\/portal\/sesiones-informativas\/sesiones-con-las-familias\/\" \/>\n<meta property=\"og:locale\" content=\"es_ES\" \/>\n<meta property=\"og:type\" content=\"article\" \/>\n<meta property=\"og:title\" content=\"Sesiones con las familias - Sesiones Informativas\" \/>\n<meta property=\"og:description\" content=\"Sesiones con las familias 2026 Charla a las familias Dentro de las acciones programadas en estas sesiones tenemos una charla informativa por videoconferencia especialmente dise\u00f1ada para las familias de estudiantes de 2\u00ba de Bachillerato, de Ciclo Formativo de Grado Superior (FP) y de aquellas personas que, por otras v\u00edas de acceso, est\u00e9n pensando acceder el...\" \/>\n<meta property=\"og:url\" content=\"https:\/\/www.ull.es\/portal\/sesiones-informativas\/sesiones-con-las-familias\/\" \/>\n<meta property=\"og:site_name\" content=\"Sesiones Informativas\" \/>\n<meta property=\"article:modified_time\" content=\"2026-03-09T08:13:26+00:00\" \/>\n<meta name=\"twitter:card\" content=\"summary_large_image\" \/>\n<meta name=\"twitter:label1\" content=\"Tiempo de lectura\" \/>\n\t<meta name=\"twitter:data1\" content=\"2 minutos\" \/>\n<script type=\"application\/ld+json\" class=\"yoast-schema-graph\">{\"@context\":\"https:\/\/schema.org\",\"@graph\":[{\"@type\":\"WebPage\",\"@id\":\"https:\/\/www.ull.es\/portal\/sesiones-informativas\/sesiones-con-las-familias\/\",\"url\":\"https:\/\/www.ull.es\/portal\/sesiones-informativas\/sesiones-con-las-familias\/\",\"name\":\"Sesiones con las familias - Sesiones Informativas\",\"isPartOf\":{\"@id\":\"https:\/\/www.ull.es\/portal\/sesiones-informativas\/#website\"},\"datePublished\":\"2023-02-20T11:41:41+00:00\",\"dateModified\":\"2026-03-09T08:13:26+00:00\",\"breadcrumb\":{\"@id\":\"https:\/\/www.ull.es\/portal\/sesiones-informativas\/sesiones-con-las-familias\/#breadcrumb\"},\"inLanguage\":\"es\",\"potentialAction\":[{\"@type\":\"ReadAction\",\"target\":[\"https:\/\/www.ull.es\/portal\/sesiones-informativas\/sesiones-con-las-familias\/\"]}]},{\"@type\":\"BreadcrumbList\",\"@id\":\"https:\/\/www.ull.es\/portal\/sesiones-informativas\/sesiones-con-las-familias\/#breadcrumb\",\"itemListElement\":[{\"@type\":\"ListItem\",\"position\":1,\"name\":\"Portada\",\"item\":\"https:\/\/www.ull.es\/portal\/sesiones-informativas\/\"},{\"@type\":\"ListItem\",\"position\":2,\"name\":\"Sesiones con las familias\"}]},{\"@type\":\"WebSite\",\"@id\":\"https:\/\/www.ull.es\/portal\/sesiones-informativas\/#website\",\"url\":\"https:\/\/www.ull.es\/portal\/sesiones-informativas\/\",\"name\":\"Sesiones Informativas\",\"description\":\"\",\"potentialAction\":[{\"@type\":\"SearchAction\",\"target\":{\"@type\":\"EntryPoint\",\"urlTemplate\":\"https:\/\/www.ull.es\/portal\/sesiones-informativas\/?s={search_term_string}\"},\"query-input\":\"required name=search_term_string\"}],\"inLanguage\":\"es\"}]}<\/script>\n<!-- \/ Yoast SEO plugin. -->","yoast_head_json":{"title":"Sesiones con las familias - Sesiones Informativas","robots":{"index":"index","follow":"follow","max-snippet":"max-snippet:-1","max-image-preview":"max-image-preview:large","max-video-preview":"max-video-preview:-1"},"canonical":"https:\/\/www.ull.es\/portal\/sesiones-informativas\/sesiones-con-las-familias\/","og_locale":"es_ES","og_type":"article","og_title":"Sesiones con las familias - Sesiones Informativas","og_description":"Sesiones con las familias 2026 Charla a las familias Dentro de las acciones programadas en estas sesiones tenemos una charla informativa por videoconferencia especialmente dise\u00f1ada para las familias de estudiantes de 2\u00ba de Bachillerato, de Ciclo Formativo de Grado Superior (FP) y de aquellas personas que, por otras v\u00edas de acceso, est\u00e9n pensando acceder el...","og_url":"https:\/\/www.ull.es\/portal\/sesiones-informativas\/sesiones-con-las-familias\/","og_site_name":"Sesiones Informativas","article_modified_time":"2026-03-09T08:13:26+00:00","twitter_card":"summary_large_image","twitter_misc":{"Tiempo de lectura":"2 minutos"},"schema":{"@context":"https:\/\/schema.org","@graph":[{"@type":"WebPage","@id":"https:\/\/www.ull.es\/portal\/sesiones-informativas\/sesiones-con-las-familias\/","url":"https:\/\/www.ull.es\/portal\/sesiones-informativas\/sesiones-con-las-familias\/","name":"Sesiones con las familias - Sesiones Informativas","isPartOf":{"@id":"https:\/\/www.ull.es\/portal\/sesiones-informativas\/#website"},"datePublished":"2023-02-20T11:41:41+00:00","dateModified":"2026-03-09T08:13:26+00:00","breadcrumb":{"@id":"https:\/\/www.ull.es\/portal\/sesiones-informativas\/sesiones-con-las-familias\/#breadcrumb"},"inLanguage":"es","potentialAction":[{"@type":"ReadAction","target":["https:\/\/www.ull.es\/portal\/sesiones-informativas\/sesiones-con-las-familias\/"]}]},{"@type":"BreadcrumbList","@id":"https:\/\/www.ull.es\/portal\/sesiones-informativas\/sesiones-con-las-familias\/#breadcrumb","itemListElement":[{"@type":"ListItem","position":1,"name":"Portada","item":"https:\/\/www.ull.es\/portal\/sesiones-informativas\/"},{"@type":"ListItem","position":2,"name":"Sesiones con las familias"}]},{"@type":"WebSite","@id":"https:\/\/www.ull.es\/portal\/sesiones-informativas\/#website","url":"https:\/\/www.ull.es\/portal\/sesiones-informativas\/","name":"Sesiones Informativas","description":"","potentialAction":[{"@type":"SearchAction","target":{"@type":"EntryPoint","urlTemplate":"https:\/\/www.ull.es\/portal\/sesiones-informativas\/?s={search_term_string}"},"query-input":"required name=search_term_string"}],"inLanguage":"es"}]}},"_links":{"self":[{"href":"https:\/\/www.ull.es\/portal\/sesiones-informativas\/wp-json\/wp\/v2\/pages\/22"}],"collection":[{"href":"https:\/\/www.ull.es\/portal\/sesiones-informativas\/wp-json\/wp\/v2\/pages"}],"about":[{"href":"https:\/\/www.ull.es\/portal\/sesiones-informativas\/wp-json\/wp\/v2\/types\/page"}],"author":[{"embeddable":true,"href":"https:\/\/www.ull.es\/portal\/sesiones-informativas\/wp-json\/wp\/v2\/users\/97"}],"replies":[{"embeddable":true,"href":"https:\/\/www.ull.es\/portal\/sesiones-informativas\/wp-json\/wp\/v2\/comments?post=22"}],"version-history":[{"count":176,"href":"https:\/\/www.ull.es\/portal\/sesiones-informativas\/wp-json\/wp\/v2\/pages\/22\/revisions"}],"predecessor-version":[{"id":682,"href":"https:\/\/www.ull.es\/portal\/sesiones-informativas\/wp-json\/wp\/v2\/pages\/22\/revisions\/682"}],"wp:attachment":[{"href":"https:\/\/www.ull.es\/portal\/sesiones-informativas\/wp-json\/wp\/v2\/media?parent=22"}],"curies":[{"name":"wp","href":"https:\/\/api.w.org\/{rel}","templated":true}]}}