{"id":956,"date":"2022-11-28T15:50:31","date_gmt":"2022-11-28T15:50:31","guid":{"rendered":"https:\/\/www.ull.es\/portal\/?page_id=956"},"modified":"2022-12-22T13:37:29","modified_gmt":"2022-12-22T13:37:29","slug":"campana-1969-2022","status":"publish","type":"page","link":"https:\/\/www.ull.es\/portal\/campana-1969-2022\/","title":{"rendered":"Campa\u00f1a 1969-2022"},"content":{"rendered":"<p>[vc_row][vc_column][vc_column_text]<\/p>\n<h1 class=\"style-scope ytd-watch-metadata\" style=\"text-align: center;\"><strong>Cient\u00edficas de ayer y hoy<\/strong><\/h1>\n<p>[\/vc_column_text][\/vc_column][\/vc_row][vc_row][vc_column width=\u00bb5\/6&#8243;][vc_empty_space height=\u00bb40px\u00bb][\/vc_column][vc_column width=\u00bb1\/6&#8243;][\/vc_column][\/vc_row][vc_row][vc_column width=\u00bb1\/3&#8243;][vc_single_image image=\u00bb983&#8243; img_size=\u00bbfull\u00bb][\/vc_column][vc_column width=\u00bb1\/3&#8243;][vc_column_text]<\/p>\n<h2>Gloria y Natalia<\/h2>\n<p>[\/vc_column_text][vc_column_text]<\/p>\n<h3><\/h3>\n<p>Ellas son Gloria Pastor, de 90, y Natalia M\u00e9ndez, de 18. Forman parte de la Universidad de La Laguna. La primera fue profesora de Qu\u00edmica F\u00edsica a finales de los a\u00f1os 60 y d\u00e9cadas siguientes, y la segunda es hoy alumna de Ingenier\u00eda en Electr\u00f3nica Industrial y Autom\u00e1tica.[\/vc_column_text][vc_empty_space height=\u00bb40px\u00bb][vc_column_text]Mujeres cient\u00edficas que han construido su futuro con nosotros, en la universidad p\u00fablica, y que siguen haci\u00e9ndolo. Algunas, en un momento en el que el acceso femenino a titulaciones de ciencias o t\u00e9cnicas era meramente testimonial y la mayor\u00eda, hoy, en un contexto de plena normalizaci\u00f3n.[\/vc_column_text][vc_empty_space height=\u00bb40px\u00bb][vc_column_text]Vocaciones que aqu\u00ed encuentran su lugar, en la universidad que hace ciencia, que crea conocimiento nuevo, que apuntala su futuro formando a generaciones de j\u00f3venes. Queremos m\u00e1s. M\u00e1s talento, m\u00e1s innovaci\u00f3n, m\u00e1s glorias y natalias.[\/vc_column_text][\/vc_column][vc_column width=\u00bb1\/3&#8243;][vc_single_image image=\u00bb984&#8243; img_size=\u00bbfull\u00bb alignment=\u00bbright\u00bb][\/vc_column][\/vc_row][vc_row][vc_column width=\u00bb5\/6&#8243;][vc_empty_space height=\u00bb35px\u00bb][\/vc_column][vc_column width=\u00bb1\/6&#8243;][\/vc_column][\/vc_row][vc_row][vc_column width=\u00bb1\/2&#8243;][vc_column_text]<\/p>\n<h2>La historia<\/h2>\n<p>Encontramos a Gloria Pastor de casualidad. Revisando la fant\u00e1stica colecci\u00f3n fotogr\u00e1fica de Alumni ULL dimos con una foto en blanco y negro datada en 1969. Una joven investigadora trabaja afanosamente en un laboratorio y mira a la c\u00e1mara de soslayo. La retrata su mentor, el catedr\u00e1tico Agust\u00edn Ar\u00e9valo, quien da nombre a uno de nuestros inmuebles m\u00e1s emblem\u00e1ticos.<\/p>\n<p>Nos gust\u00f3 la foto, pero m\u00e1s nos gusta ella. Vivaz, elocuente, recuerda sus a\u00f1os de profesora e investigadora como los mejores de su vida. As\u00ed que la invitamos a volver a la universidad, esta vez acompa\u00f1ada de una joven promesa, Natalia M\u00e9ndez, alumna de segundo de grado, y para quien a sus 18 a\u00f1os el futuro est\u00e1 todav\u00eda por escribirse.[\/vc_column_text][\/vc_column][vc_column width=\u00bb1\/2&#8243;][vc_empty_space height=\u00bb80px\u00bb][vc_video link=\u00bbhttps:\/\/www.youtube.com\/watch?v=kot8JT2c89E\u00bb][\/vc_column][\/vc_row][vc_row][vc_column][vc_column_text]Gloria saluda a sus compa\u00f1eros de profesi\u00f3n, charla animadamente con ellos y nos cuenta c\u00f3mo era la universidad de los a\u00f1os setenta. Un mundo mayoritariamente masculino en el que ella se desenvolv\u00eda sin problemas. Combinaba el doctorado con el trabajo, para luego volcarse enteramente en la vida universitaria, su pasi\u00f3n.<\/p>\n<p>Natalia es el presente, y tambi\u00e9n el futuro. Ocupada entre clases y pr\u00e1cticas, estamos seguros de que ser\u00e1 una ingeniera brillante. Disfruta del d\u00eda a d\u00eda de la universidad, de la docencia, de los compa\u00f1eros, del s\u00faper ambiente. Le interesa tambi\u00e9n el doctorado, pero qui\u00e9n sabe, todav\u00eda es muy pronto.[\/vc_column_text][vc_empty_space height=\u00bb35px\u00bb][\/vc_column][\/vc_row][vc_row][vc_column width=\u00bb1\/2&#8243;][vc_column_text]<\/p>\n<h2><strong data-entity-type=\"MessageEntityBold\">Y aqu\u00ed est\u00e1n<\/strong><\/h2>\n<p>Nuestras protagonistas ocupan ya una de las paredes laterales del Colegio Mayor Santa Mar\u00eda, en pleno caso urbano de La Laguna.<\/p>\n<p>Son im\u00e1genes inspiradoras que no pasan inadvertidas. Su gran tama\u00f1o y perfecta ejecuci\u00f3n tienen mucho que ver, pero creemos que su inter\u00e9s va m\u00e1s all\u00e1.<\/p>\n<p>La conexi\u00f3n entre una y otra parece evidente, el af\u00e1n por lo que hacen y, por supuesto, su mirada hacia nosotros, que las observamos, hacen la composici\u00f3n a\u00fan m\u00e1s atractiva. Gracias por ser Universidad de La Laguna.[\/vc_column_text][\/vc_column][vc_column width=\u00bb1\/2&#8243;][vc_single_image image=\u00bb1005&#8243; img_size=\u00bbfull\u00bb alignment=\u00bbcenter\u00bb][vc_empty_space height=\u00bb35px\u00bb][\/vc_column][\/vc_row][vc_row][vc_column width=\u00bb1\/2&#8243;][vc_single_image image=\u00bb1020&#8243; img_size=\u00bbfull\u00bb alignment=\u00bbcenter\u00bb][\/vc_column][vc_column width=\u00bb1\/2&#8243;][vc_column_text]<\/p>\n<h2><strong data-entity-type=\"MessageEntityBold\">Gracias<\/strong><\/h2>\n<p>La rectora de la Universidad de La Laguna, Rosa Aguilar, ha recibido a nuestras dos protagonistas parta agradecerles su participaci\u00f3n en la campa\u00f1a y su apoyo a los valores de esta instituci\u00f3n. Las ha obsequiado con un recuerdo gr\u00e1fico de esta iniciativa de la que nos sentimos tan orgullosos.[\/vc_column_text][\/vc_column][\/vc_row]<\/p>\n","protected":false},"excerpt":{"rendered":"<p>[vc_row][vc_column][vc_column_text] Cient\u00edficas de ayer y hoy [\/vc_column_text][\/vc_column][\/vc_row][vc_row][vc_column width=\u00bb5\/6&#8243;][vc_empty_space height=\u00bb40px\u00bb][\/vc_column][vc_column width=\u00bb1\/6&#8243;][\/vc_column][\/vc_row][vc_row][vc_column width=\u00bb1\/3&#8243;][vc_single_image image=\u00bb983&#8243; img_size=\u00bbfull\u00bb][\/vc_column][vc_column width=\u00bb1\/3&#8243;][vc_column_text] Gloria y Natalia [\/vc_column_text][vc_column_text] Ellas son Gloria Pastor, de 90, y Natalia M\u00e9ndez, de 18. Forman parte de la Universidad de La Laguna. La primera fue profesora de Qu\u00edmica F\u00edsica a finales de los a\u00f1os 60 y d\u00e9cadas siguientes, y la&#8230;<\/p>\n","protected":false},"author":93,"featured_media":0,"parent":0,"menu_order":0,"comment_status":"closed","ping_status":"closed","template":"","meta":{"inline_featured_image":false,"footnotes":""},"acf":[],"yoast_head":"<!-- This site is optimized with the Yoast SEO plugin v21.3 - https:\/\/yoast.com\/wordpress\/plugins\/seo\/ -->\n<title>Campa\u00f1a 1969-2022 - Web ULL<\/title>\n<meta name=\"robots\" content=\"index, follow, max-snippet:-1, max-image-preview:large, max-video-preview:-1\" \/>\n<link rel=\"canonical\" href=\"https:\/\/www.ull.es\/portal\/campana-1969-2022\/\" \/>\n<meta property=\"og:locale\" content=\"es_ES\" \/>\n<meta property=\"og:type\" content=\"article\" \/>\n<meta property=\"og:title\" content=\"Campa\u00f1a 1969-2022 - Web ULL\" \/>\n<meta property=\"og:description\" content=\"[vc_row][vc_column][vc_column_text] Cient\u00edficas de ayer y hoy [\/vc_column_text][\/vc_column][\/vc_row][vc_row][vc_column width=\u00bb5\/6&#8243;][vc_empty_space height=\u00bb40px\u00bb][\/vc_column][vc_column width=\u00bb1\/6&#8243;][\/vc_column][\/vc_row][vc_row][vc_column width=\u00bb1\/3&#8243;][vc_single_image image=\u00bb983&#8243; img_size=\u00bbfull\u00bb][\/vc_column][vc_column width=\u00bb1\/3&#8243;][vc_column_text] Gloria y Natalia [\/vc_column_text][vc_column_text] Ellas son Gloria Pastor, de 90, y Natalia M\u00e9ndez, de 18. Forman parte de la Universidad de La Laguna. La primera fue profesora de Qu\u00edmica F\u00edsica a finales de los a\u00f1os 60 y d\u00e9cadas siguientes, y la...\" \/>\n<meta property=\"og:url\" content=\"https:\/\/www.ull.es\/portal\/campana-1969-2022\/\" \/>\n<meta property=\"og:site_name\" content=\"Web ULL\" \/>\n<meta property=\"article:modified_time\" content=\"2022-12-22T13:37:29+00:00\" \/>\n<meta name=\"twitter:card\" content=\"summary_large_image\" \/>\n<meta name=\"twitter:label1\" content=\"Tiempo de lectura\" \/>\n\t<meta name=\"twitter:data1\" content=\"3 minutos\" \/>\n<script type=\"application\/ld+json\" class=\"yoast-schema-graph\">{\"@context\":\"https:\/\/schema.org\",\"@graph\":[{\"@type\":\"WebPage\",\"@id\":\"https:\/\/www.ull.es\/portal\/campana-1969-2022\/\",\"url\":\"https:\/\/www.ull.es\/portal\/campana-1969-2022\/\",\"name\":\"Campa\u00f1a 1969-2022 - Web ULL\",\"isPartOf\":{\"@id\":\"https:\/\/www.ull.es\/portal\/#website\"},\"datePublished\":\"2022-11-28T15:50:31+00:00\",\"dateModified\":\"2022-12-22T13:37:29+00:00\",\"breadcrumb\":{\"@id\":\"https:\/\/www.ull.es\/portal\/campana-1969-2022\/#breadcrumb\"},\"inLanguage\":\"es\",\"potentialAction\":[{\"@type\":\"ReadAction\",\"target\":[\"https:\/\/www.ull.es\/portal\/campana-1969-2022\/\"]}]},{\"@type\":\"BreadcrumbList\",\"@id\":\"https:\/\/www.ull.es\/portal\/campana-1969-2022\/#breadcrumb\",\"itemListElement\":[{\"@type\":\"ListItem\",\"position\":1,\"name\":\"Portada\",\"item\":\"https:\/\/www.ull.es\/portal\/\"},{\"@type\":\"ListItem\",\"position\":2,\"name\":\"Campa\u00f1a 1969-2022\"}]},{\"@type\":\"WebSite\",\"@id\":\"https:\/\/www.ull.es\/portal\/#website\",\"url\":\"https:\/\/www.ull.es\/portal\/\",\"name\":\"Web ULL\",\"description\":\"\",\"potentialAction\":[{\"@type\":\"SearchAction\",\"target\":{\"@type\":\"EntryPoint\",\"urlTemplate\":\"https:\/\/www.ull.es\/portal\/?s={search_term_string}\"},\"query-input\":\"required name=search_term_string\"}],\"inLanguage\":\"es\"}]}<\/script>\n<!-- \/ Yoast SEO plugin. -->","yoast_head_json":{"title":"Campa\u00f1a 1969-2022 - Web ULL","robots":{"index":"index","follow":"follow","max-snippet":"max-snippet:-1","max-image-preview":"max-image-preview:large","max-video-preview":"max-video-preview:-1"},"canonical":"https:\/\/www.ull.es\/portal\/campana-1969-2022\/","og_locale":"es_ES","og_type":"article","og_title":"Campa\u00f1a 1969-2022 - Web ULL","og_description":"[vc_row][vc_column][vc_column_text] Cient\u00edficas de ayer y hoy [\/vc_column_text][\/vc_column][\/vc_row][vc_row][vc_column width=\u00bb5\/6&#8243;][vc_empty_space height=\u00bb40px\u00bb][\/vc_column][vc_column width=\u00bb1\/6&#8243;][\/vc_column][\/vc_row][vc_row][vc_column width=\u00bb1\/3&#8243;][vc_single_image image=\u00bb983&#8243; img_size=\u00bbfull\u00bb][\/vc_column][vc_column width=\u00bb1\/3&#8243;][vc_column_text] Gloria y Natalia [\/vc_column_text][vc_column_text] Ellas son Gloria Pastor, de 90, y Natalia M\u00e9ndez, de 18. Forman parte de la Universidad de La Laguna. La primera fue profesora de Qu\u00edmica F\u00edsica a finales de los a\u00f1os 60 y d\u00e9cadas siguientes, y la...","og_url":"https:\/\/www.ull.es\/portal\/campana-1969-2022\/","og_site_name":"Web ULL","article_modified_time":"2022-12-22T13:37:29+00:00","twitter_card":"summary_large_image","twitter_misc":{"Tiempo de lectura":"3 minutos"},"schema":{"@context":"https:\/\/schema.org","@graph":[{"@type":"WebPage","@id":"https:\/\/www.ull.es\/portal\/campana-1969-2022\/","url":"https:\/\/www.ull.es\/portal\/campana-1969-2022\/","name":"Campa\u00f1a 1969-2022 - Web ULL","isPartOf":{"@id":"https:\/\/www.ull.es\/portal\/#website"},"datePublished":"2022-11-28T15:50:31+00:00","dateModified":"2022-12-22T13:37:29+00:00","breadcrumb":{"@id":"https:\/\/www.ull.es\/portal\/campana-1969-2022\/#breadcrumb"},"inLanguage":"es","potentialAction":[{"@type":"ReadAction","target":["https:\/\/www.ull.es\/portal\/campana-1969-2022\/"]}]},{"@type":"BreadcrumbList","@id":"https:\/\/www.ull.es\/portal\/campana-1969-2022\/#breadcrumb","itemListElement":[{"@type":"ListItem","position":1,"name":"Portada","item":"https:\/\/www.ull.es\/portal\/"},{"@type":"ListItem","position":2,"name":"Campa\u00f1a 1969-2022"}]},{"@type":"WebSite","@id":"https:\/\/www.ull.es\/portal\/#website","url":"https:\/\/www.ull.es\/portal\/","name":"Web ULL","description":"","potentialAction":[{"@type":"SearchAction","target":{"@type":"EntryPoint","urlTemplate":"https:\/\/www.ull.es\/portal\/?s={search_term_string}"},"query-input":"required name=search_term_string"}],"inLanguage":"es"}]}},"_links":{"self":[{"href":"https:\/\/www.ull.es\/portal\/wp-json\/wp\/v2\/pages\/956"}],"collection":[{"href":"https:\/\/www.ull.es\/portal\/wp-json\/wp\/v2\/pages"}],"about":[{"href":"https:\/\/www.ull.es\/portal\/wp-json\/wp\/v2\/types\/page"}],"author":[{"embeddable":true,"href":"https:\/\/www.ull.es\/portal\/wp-json\/wp\/v2\/users\/93"}],"replies":[{"embeddable":true,"href":"https:\/\/www.ull.es\/portal\/wp-json\/wp\/v2\/comments?post=956"}],"version-history":[{"count":37,"href":"https:\/\/www.ull.es\/portal\/wp-json\/wp\/v2\/pages\/956\/revisions"}],"predecessor-version":[{"id":1021,"href":"https:\/\/www.ull.es\/portal\/wp-json\/wp\/v2\/pages\/956\/revisions\/1021"}],"wp:attachment":[{"href":"https:\/\/www.ull.es\/portal\/wp-json\/wp\/v2\/media?parent=956"}],"curies":[{"name":"wp","href":"https:\/\/api.w.org\/{rel}","templated":true}]}}