{"id":103,"date":"2019-08-05T12:56:33","date_gmt":"2019-08-05T12:56:33","guid":{"rendered":"https:\/\/www.ull.es\/servicios\/becas\/?page_id=103"},"modified":"2026-03-12T10:50:51","modified_gmt":"2026-03-12T10:50:51","slug":"informacion-general","status":"publish","type":"page","link":"https:\/\/www.ull.es\/servicios\/becas\/informacion-general\/","title":{"rendered":"Informaci\u00f3n general"},"content":{"rendered":"\n<div class=\"wp-block-stackable-columns alignfull stk-block-columns stk-block stk-16a94b8\" data-block-id=\"16a94b8\"><style>.stk-16a94b8 {margin-bottom:40px !important;}@media screen and (max-width: 767px){.stk-16a94b8 {padding-top:0px !important;padding-right:0px !important;padding-bottom:0px !important;padding-left:0px !important;}}<\/style><div class=\"stk-row stk-inner-blocks stk-block-content stk-content-align stk-16a94b8-column alignfull\">\n<div class=\"wp-block-stackable-column stk-block-column stk-column stk-block stk-dfe9b01 stk-block-background stk--has-background-overlay\" data-v=\"4\" data-block-id=\"dfe9b01\"><style>.stk-dfe9b01 {background-image:url(https:\/\/www.ull.es\/servicios\/becas\/wp-content\/uploads\/sites\/18\/2020\/03\/negociado-2.jpg) !important;}.stk-dfe9b01:before{background-color:#000000 !important;opacity:0.3 !important;}@media screen and (max-width: 767px){.stk-dfe9b01 {padding-top:0px !important;padding-right:0px !important;padding-bottom:0px !important;padding-left:0px !important;}.stk-dfe9b01-container{min-height:320px !important;}}<\/style><div class=\"stk-column-wrapper stk-block-column__content stk-container stk-dfe9b01-container stk--no-background stk--no-padding\"><div class=\"stk-block-content stk-inner-blocks stk-dfe9b01-inner-blocks\">\n<div class=\"wp-block-stackable-columns alignfull stk-block-columns stk-block stk-3bf239f\" data-block-id=\"3bf239f\"><style>@media screen and (max-width: 1023px){.stk-3bf239f {padding-left:0px !important;}}<\/style><div class=\"stk-row stk-inner-blocks stk-block-content stk-content-align stk-3bf239f-column alignfull\">\n<div class=\"wp-block-stackable-column stk-block-column stk-column stk-block stk-f66584c\" data-v=\"4\" data-block-id=\"f66584c\"><div class=\"stk-column-wrapper stk-block-column__content stk-container stk-f66584c-container stk--no-background stk--no-padding\"><div class=\"stk-block-content stk-inner-blocks stk-f66584c-inner-blocks\">\n<div class=\"wp-block-stackable-heading stk-block-heading stk-block-heading--v2 stk-block stk-1bb54e9\" id=\"becas\" data-block-id=\"1bb54e9\"><style>.stk-1bb54e9 {padding-top:110px !important;padding-right:25px !important;padding-bottom:75px !important;padding-left:420px !important;}.stk-1bb54e9 .stk-block-heading__text{font-size:35px !important;color:#ffffff !important;font-weight:400 !important;}@media screen and (max-width: 1023px){.stk-1bb54e9 {padding-left:55px !important;}.stk-1bb54e9 .stk-block-heading__text{font-size:35px !important;}}@media screen and (max-width: 767px){.stk-1bb54e9 {padding-top:110px !important;padding-right:75px !important;padding-left:25px !important;}.stk-1bb54e9 .stk-block-heading__text{font-size:33px !important;}}<\/style><h2 class=\"stk-block-heading__text has-text-color has-text-align-left has-text-align-left-tablet has-text-align-left-mobile\">Becas<\/h2><\/div>\n<\/div><\/div><\/div>\n<\/div><\/div>\n<\/div><\/div><\/div>\n<\/div><\/div>\n\n\n\n<div class=\"wp-block-stackable-columns alignfull stk-block-columns stk-block stk-4262b06\" data-block-id=\"4262b06\"><div class=\"stk-row stk-inner-blocks stk-block-content stk-content-align stk-4262b06-column alignfull\">\n<div class=\"wp-block-stackable-column stk-block-column stk-column stk-block stk-f78ab69\" data-v=\"4\" data-block-id=\"f78ab69\"><style>.stk-f78ab69 {padding-right:300px !important;padding-left:300px !important;}@media screen and (max-width: 1023px){.stk-f78ab69 {padding-right:50px !important;padding-left:50px !important;}}@media screen and (max-width: 767px){.stk-f78ab69 {padding-right:10px !important;padding-left:10px !important;}}<\/style><div class=\"stk-column-wrapper stk-block-column__content stk-container stk-f78ab69-container stk--no-background stk--no-padding\"><div class=\"stk-block-content stk-inner-blocks stk-f78ab69-inner-blocks\">\n<div class=\"wp-block-stackable-columns stk-block-columns stk-block stk-0f7b284\" data-block-id=\"0f7b284\"><style>.stk-0f7b284-column{--stk-column-gap:25px !important;}<\/style><div class=\"stk-row stk-inner-blocks stk-block-content stk-content-align stk-0f7b284-column\">\n<div class=\"wp-block-stackable-column stk-block-column stk-column stk-block stk-4ee8935\" data-v=\"4\" data-block-id=\"4ee8935\"><style>@media screen and (min-width: 768px){.stk-4ee8935 {flex:var(--stk-flex-grow, 1) 1 calc(60% - var(--stk-column-gap, 0px) * 1 \/ 2 ) !important;}}<\/style><div class=\"stk-column-wrapper stk-block-column__content stk-container stk-4ee8935-container stk--no-background stk--no-padding\"><div class=\"stk-block-content stk-inner-blocks stk-4ee8935-inner-blocks\">\n<h1>Servicio de Becas<\/h1>\n\n\n\n\n\n<div class=\"shortcode-descripcion\">\n    <p>La Secci\u00f3n de Becas de la Universidad de La Laguna se encarga de gestionar todas las tareas de car\u00e1cter administrativo relacionadas con las convocatorias de becas del Ministerio de Educaci\u00f3n, que le competen. Este pretende ser un servicio \u00e1gil y eficaz en la gesti\u00f3n de sus tareas con el objetivo de paliar las limitaciones econ\u00f3micas, sociales y las derivadas de una situaci\u00f3n de discapacidad que dificulten las posibilidades de estudios del alumnado, as\u00ed como para fomentar su formaci\u00f3n pr\u00e1ctica, movilidad nacional e internacional y\/o profesional, y que sea un instrumento para hacer posible los principios de igualdad y de oportunidad entre los estudiantes universitarios.<\/p><\/div>\n\n\n\n\n\n<style>\n    .shortcode-equipo {\n        margin-top: 40px;\n    }\n    .shortcode-equipo h2 {\n        margin-bottom: 10px !important;\n    }\n<\/style>\n\n<div class=\"shortcode-equipo\">\n    <h2>Responsable del servicio<\/h2><dl><dt><strong>Jefa de Secci\u00f3n de Becas y Servicios Asistenciales<\/strong><\/dt><dd><a href='https:\/\/www.ull.es\/directorio\/search\/?busqueda=Alicia Mar\u00eda Darias Padr\u00f3n' target='_blank'>Alicia Mar\u00eda Darias Padr\u00f3n<\/a><\/dd><\/dl><\/div>\n\n\n\n\n    <style>\n        .shortcode-servicios {\n            margin-top: 40px;\n        }\n\n        .shortcode-servicios h2 {\n            margin-bottom: 10px !important;\n        }\n    <\/style>\n\n    <div class=\"shortcode-servicios\">\n        <h2>Servicios que ofrece al usuario<\/h2>        <ul>\n            <li>Gesti\u00f3n y tramitaci\u00f3n administrativa de Becas.<\/li><li>Recursos a disposici\u00f3n del usuario: equipos inform\u00e1ticos, a fin de que el alumnado, pueda resolver las dudas que le puedan surgir en el momento de cumplimentar las solicitudes de becas, para la consulta del estado de tramitaci\u00f3n, para solicitar cita previa, as\u00ed como de lectores de forma electr\u00f3nica para aquellos tramites que lo requiera el procedimiento<\/li><li>Cita previa: El usuario puede solicitar su cita de forma telem\u00e1tica para ser atendido de forma presencial y personalizada, el d\u00eda y hora que mejor le convenga, y realizar consultas o recibir asesoramiento sobre alguna de nuestras becas.<\/li><li>Atenci\u00f3n e informaci\u00f3n: Atender y asesorar de forma presencial, telef\u00f3nica, por escrito y telem\u00e1tica (correos electr\u00f3nicos y redes sociales), a los usuarios sobre el procedimiento de tramitaci\u00f3n de beca o programa de movilidad SICUE-SENECA: fechas de solicitud, aceptaci\u00f3n o reclamaci\u00f3n. As\u00ed como enviar peri\u00f3dicamente el Bolet\u00edn de informaci\u00f3n de becas, ayudas, subvenciones y premios que pueden ser de inter\u00e9s para los usuarios, por medio de correo electr\u00f3nico y su publicaci\u00f3n en la p\u00e1gina web de la secci\u00f3n de becas.<\/li>        <\/ul>\n    <\/div>\n\n\n\n\n\n<\/div><\/div><\/div>\n\n\n\n<div class=\"wp-block-stackable-column stk-block-column stk-column stk-block stk-3738c56\" data-v=\"4\" data-block-id=\"3738c56\"><style>@media screen and (min-width: 768px){.stk-3738c56 {flex:var(--stk-flex-grow, 1) 1 calc(40% - var(--stk-column-gap, 0px) * 1 \/ 2 ) !important;}}<\/style><div class=\"stk-column-wrapper stk-block-column__content stk-container stk-3738c56-container stk--no-background stk--no-padding\"><div class=\"stk-block-content stk-inner-blocks stk-3738c56-inner-blocks\">\n<div class=\"wp-block-stackable-columns stk-block-columns stk-block stk-7f04f5b\" data-block-id=\"7f04f5b\"><style>.stk-7f04f5b {border-style:solid !important;border-color:#5c068c !important;border-top-width:2px !important;border-right-width:2px !important;border-bottom-width:2px !important;border-left-width:2px !important;}<\/style><div class=\"stk-row stk-inner-blocks stk-block-content stk-content-align stk-7f04f5b-column\">\n<div class=\"wp-block-stackable-column stk-block-column stk-column stk-block stk-12042ca\" data-v=\"4\" data-block-id=\"12042ca\"><div class=\"stk-column-wrapper stk-block-column__content stk-container stk-12042ca-container stk--no-background stk--no-padding\"><div class=\"stk-block-content stk-inner-blocks stk-12042ca-inner-blocks\">\n<div class=\"wp-block-stackable-heading stk-block-heading stk-block-heading--v2 stk-block stk-69195b2\" id=\"strong-informacion-de-contacto-strong\" data-block-id=\"69195b2\"><style>.stk-69195b2 {padding-left:25px !important;margin-top:24px !important;margin-bottom:2px !important;}.stk-69195b2 .stk-block-heading__text{color:#5c068c !important;}<\/style><h5 class=\"stk-block-heading__text has-text-color has-text-align-left\"><strong>INFORMACI\u00d3N DE CONTACTO<\/strong><\/h5><\/div>\n\n\n\n<ul class=\"widget-contacto\">\n    <li><i class=\"fa fa-map-marker\"><\/i> C\/ Pedro Zerolo, s\/n. Edificio Central. Apartado 456. C\u00f3digo postal 38200. San Crist\u00f3bal de La Laguna. S\/C de Tenerife<\/li><li><i class=\"fa fa-phone\"><\/i> (+34) 922 31 90 06 \/ 07<\/li><li><i class=\"fa fa-address-book-o\"><\/i> <a target=\"_blank\" href=\"https:\/\/www.ull.es\/directorio\/search\/?busqueda=contacto+de+la+seccion+de+becas\">Directorio<\/a><\/li><li><i class=\"fa fa-envelope\"><\/i>  <a href=mailto:becas@ull.es>becas@ull.es<\/a><\/li><li><i class=\"fa fa-clock-o\"><\/i> De 09:00 a 14:00h. L - V<\/li><li><i class=\"fa fa-clock-o\"><\/i> El horario de atenci\u00f3n al p\u00fablico podr\u00eda sufrir variaciones en los per\u00edodos de carga de solicitudes de becas por el gran volumen de trabajo. El horario se podr\u00eda reducir.<\/li><li><i class=\"fa fa-list-ul\"><\/i><a href=\"http:\/\/riull.ull.es\/xmlui\/bitstream\/handle\/915\/3869\/CS_becas.pdf\"> Carta de servicios<\/a><\/li><li><i class=\"fa fa-globe\"><\/i><a href=\"http:\/\/becas.ull.es\/\"> P\u00e1gina web<\/a><\/li><li><i class=\"fa fa-calendar\"><\/i><a href=\"http:\/\/citaprevia.ull.es\/index.php?s=becas\"> Cita previa<\/a><\/li><li><i class=\"fa fa-pencil-square-o\"><\/i><a href=\"https:\/\/encuestas.ull.es\/index.php?r=survey\/index&sid=715325&lang=es\"> Encuesta de satisfacci\u00f3n<\/a><\/li><li><i class=\"fa fa-archive\"><\/i><a href=\"https:\/\/sede.ull.es\/ecivilis-site\/catalog\/showProcedure\/484\"> Procedimiento para quejas, sugerencias y felicitaciones<\/a><\/li>\n<\/ul>\n\n<\/div><\/div><\/div>\n<\/div><\/div>\n\n\n\n    \n<style>\n    .google-maps {\n        position: relative;\n        padding-bottom: 75%;\n        height: 0;\n        overflow: hidden;\n    }\n    .google-maps iframe {\n        position: absolute;\n        top: 0;\n        left: 0;\n        width: 100% !important;\n        height: 100% !important;\n    }\n<\/style>\n\n\n<div class=\"google-maps\">\n    <iframe src=\"https:\/\/www.openstreetmap.org\/export\/embed.html?bbox=-16.319295038789%2C28.477562826417%2C-16.313151229199%2C28.483375048697&amp;layer=mapnik&amp;marker=28.481745782157400%2C-16.316468864679300\" style=\"border: 1px solid black\"><\/iframe>\n<\/div>\n\n<div class=\"btn-widget\">\n    <a href=\"https:\/\/www.openstreetmap.org\/directions?engine=graphhopper_car&from=&to=28.481745782157400%2C-16.316468864679300#map=17\/28.481745782157400\/-16.316468864679300\">C\u00f3mo llegar<\/a>  \n<\/div>\n\n  <\/body>\n<\/html>\n\n\n<\/div><\/div><\/div>\n<\/div><\/div>\n<\/div><\/div><\/div>\n<\/div><\/div>\n","protected":false},"excerpt":{"rendered":"<p>Becas INFORMACI\u00d3N DE CONTACTO<\/p>\n","protected":false},"author":12,"featured_media":0,"parent":0,"menu_order":0,"comment_status":"closed","ping_status":"closed","template":"templates\/template-frontpage.php","meta":{"_acf_changed":false,"footnotes":""},"class_list":["post-103","page","type-page","status-publish","hentry"],"acf":[],"_links":{"self":[{"href":"https:\/\/www.ull.es\/servicios\/becas\/wp-json\/wp\/v2\/pages\/103","targetHints":{"allow":["GET"]}}],"collection":[{"href":"https:\/\/www.ull.es\/servicios\/becas\/wp-json\/wp\/v2\/pages"}],"about":[{"href":"https:\/\/www.ull.es\/servicios\/becas\/wp-json\/wp\/v2\/types\/page"}],"author":[{"embeddable":true,"href":"https:\/\/www.ull.es\/servicios\/becas\/wp-json\/wp\/v2\/users\/12"}],"replies":[{"embeddable":true,"href":"https:\/\/www.ull.es\/servicios\/becas\/wp-json\/wp\/v2\/comments?post=103"}],"version-history":[{"count":29,"href":"https:\/\/www.ull.es\/servicios\/becas\/wp-json\/wp\/v2\/pages\/103\/revisions"}],"predecessor-version":[{"id":502,"href":"https:\/\/www.ull.es\/servicios\/becas\/wp-json\/wp\/v2\/pages\/103\/revisions\/502"}],"wp:attachment":[{"href":"https:\/\/www.ull.es\/servicios\/becas\/wp-json\/wp\/v2\/media?parent=103"}],"curies":[{"name":"wp","href":"https:\/\/api.w.org\/{rel}","templated":true}]}}