{"id":12304,"date":"2025-11-18T13:27:14","date_gmt":"2025-11-18T13:27:14","guid":{"rendered":"https:\/\/www.ull.es\/servicios\/biblioteca\/?page_id=12304"},"modified":"2025-11-28T13:30:49","modified_gmt":"2025-11-28T13:30:49","slug":"repositorios-datos","status":"publish","type":"page","link":"https:\/\/www.ull.es\/servicios\/biblioteca\/repositorios-datos\/","title":{"rendered":"Repositorios de datos de investigaci\u00f3n"},"content":{"rendered":"<h1>Repositorios de datos de investigaci\u00f3n<\/h1>\n<p><a href=\"https:\/\/data.mendeley.com\/\" target=\"_blank\" rel=\"noopener\" target=\"_blank\" rel=\"noopener\"><img loading=\"lazy\" decoding=\"async\" class=\"alignnone size-full wp-image-12309\" src=\"https:\/\/www.ull.es\/servicios\/biblioteca\/wp-content\/uploads\/sites\/13\/2025\/11\/mendeley-data.png\" alt=\"\" width=\"300\" height=\"76\" \/><\/a><\/p>\n<p>Los procesos de investigaci\u00f3n y comunicaci\u00f3n cient\u00edfica cada vez generan un mayor volumen de datos. Los conjuntos de datos, bajo licencias abiertas, se pueden compartir de forma privada con determinados colegas, o bien darlos a conocer al mundo entero, haciendo posible la reutilizaci\u00f3n de la ciencia y la multiplicaci\u00f3n exponencial de estudios e investigaciones. La ciencia mejora y se incrementa, y los descubrimientos son m\u00e1s r\u00e1pidos si se comparten. Por otro lado, los organismos y gobiernos cada vez demandan y exigen m\u00e1s que los datos de las investigaciones que ellos financian est\u00e9n disponibles para todo el mundo.<\/p>\n<p>El portal <a href=\"https:\/\/data.mendeley.com\/\" target=\"_blank\" rel=\"noopener\" target=\"_blank\" rel=\"noopener\">Mendeley Data<\/a> naci\u00f3 para ayudar a la comunidad cient\u00edfica para lograr estos objetivos: esta plataforma es un repositorio abierto de datos de investigaci\u00f3n, donde es posible publicarlos, compartirlos, y ponerlos a disposici\u00f3n de la comunidad investigadora.<\/p>\n<p>La plataforma permite al personal investigador cargar datos en bruto de su investigaci\u00f3n, obteniendo un identificador \u00fanico (DOI o FORCE11). De esta forma, se podr\u00e1n vincular los datos con las webs de revistas, y as\u00ed poder ver el art\u00edculo y todo el conjunto de datos de investigaci\u00f3n vinculados a ese art\u00edculo.<\/p>\n<p>Mendeley Data es un servicio gratuito y los conjuntos de datos est\u00e1n bajo licencias abiertas.<\/p>\n<p>Si ya se dispone de una cuenta en Mendeley, se podr\u00e1 usar Mendeley Data sin m\u00e1s requisitos. Si se tiene, se puede crear una nueva cuenta de forma sencilla y gratuita.<\/p>\n<p><a href=\"https:\/\/data.mendeley.com\/\" target=\"_blank\" rel=\"noopener\" target=\"_blank\" rel=\"noopener\">Acceso a Mendeley Data<\/a><\/p>\n<p><a href=\"https:\/\/www.ull.es\/servicios\/biblioteca\/wp-content\/uploads\/sites\/13\/2025\/11\/zonodo_logo.png\" target=\"_blank\" rel=\"noopener\"><img loading=\"lazy\" decoding=\"async\" class=\"alignnone size-full wp-image-12330\" src=\"https:\/\/www.ull.es\/servicios\/biblioteca\/wp-content\/uploads\/sites\/13\/2025\/11\/zonodo_logo.png\" alt=\"\" width=\"172\" height=\"63\" \/><\/a><\/p>\n<p>Zenodo es un repositorio de acceso abierto de prop\u00f3sito general desarrollado bajo el programa europeo OpenAIRE y operado por CERN . Permite al personal investigador depositar art\u00edculos de investigaci\u00f3n, conjuntos de datos, software de investigaci\u00f3n, informes y cualquier otro artefacto digital relacionado con la investigaci\u00f3n. Para cada env\u00edo, se genera un identificador de objeto digital persistente (DOI), lo que hace que los elementos almacenados se puedan citar f\u00e1cilmente.<\/p>\n<p>Para subir datos a Zenodo solo es necesario crear una cuenta de forma gratuita.<\/p>\n<p><a href=\"https:\/\/zenodo.org\/\" target=\"_blank\" rel=\"noopener\" target=\"_blank\" rel=\"noopener\">Acceso a Zenodo<\/a><\/p>\n","protected":false},"excerpt":{"rendered":"<p>Repositorios de datos de investigaci\u00f3n Los procesos de investigaci\u00f3n y comunicaci\u00f3n cient\u00edfica cada vez generan un mayor volumen de datos. Los conjuntos de datos, bajo licencias abiertas, se pueden compartir de forma privada con determinados colegas, o bien darlos a conocer al mundo entero, haciendo posible la reutilizaci\u00f3n de la ciencia y la multiplicaci\u00f3n exponencial&#8230;<\/p>\n","protected":false},"author":37,"featured_media":0,"parent":0,"menu_order":0,"comment_status":"closed","ping_status":"closed","template":"","meta":{"_acf_changed":false,"footnotes":""},"class_list":["post-12304","page","type-page","status-publish","hentry"],"acf":[],"_links":{"self":[{"href":"https:\/\/www.ull.es\/servicios\/biblioteca\/wp-json\/wp\/v2\/pages\/12304","targetHints":{"allow":["GET"]}}],"collection":[{"href":"https:\/\/www.ull.es\/servicios\/biblioteca\/wp-json\/wp\/v2\/pages"}],"about":[{"href":"https:\/\/www.ull.es\/servicios\/biblioteca\/wp-json\/wp\/v2\/types\/page"}],"author":[{"embeddable":true,"href":"https:\/\/www.ull.es\/servicios\/biblioteca\/wp-json\/wp\/v2\/users\/37"}],"replies":[{"embeddable":true,"href":"https:\/\/www.ull.es\/servicios\/biblioteca\/wp-json\/wp\/v2\/comments?post=12304"}],"version-history":[{"count":8,"href":"https:\/\/www.ull.es\/servicios\/biblioteca\/wp-json\/wp\/v2\/pages\/12304\/revisions"}],"predecessor-version":[{"id":12333,"href":"https:\/\/www.ull.es\/servicios\/biblioteca\/wp-json\/wp\/v2\/pages\/12304\/revisions\/12333"}],"wp:attachment":[{"href":"https:\/\/www.ull.es\/servicios\/biblioteca\/wp-json\/wp\/v2\/media?parent=12304"}],"curies":[{"name":"wp","href":"https:\/\/api.w.org\/{rel}","templated":true}]}}