{"id":6813,"date":"2018-07-05T11:07:06","date_gmt":"2018-07-05T11:07:06","guid":{"rendered":"https:\/\/www.ull.es\/servicios\/biblioteca\/?page_id=6813"},"modified":"2023-02-28T09:17:57","modified_gmt":"2023-02-28T09:17:57","slug":"propiedad-intelectual","status":"publish","type":"page","link":"https:\/\/www.ull.es\/servicios\/biblioteca\/propiedad-intelectual\/","title":{"rendered":"Propiedad intelectual"},"content":{"rendered":"<h2><\/h2>\n<h2>\u00a0\u00bfQu\u00e9 es la propiedad intelectual?<\/h2>\n<p>Es el conjunto de derechos de autor, personales (morales) y patrimoniales (econ\u00f3micos) que corresponden a las personas sobre las obras de su creaci\u00f3n.<\/p>\n<p>En Espa\u00f1a se distingue entre propiedad intelectual y propiedad industrial, reserv\u00e1ndose esta \u00faltima para marcas, patentes, dise\u00f1o industrial, denominaciones de origen, etc.<\/p>\n<h2>\u00bfQu\u00e9 normas regulan la propiedad intelectual?<\/h2>\n<p>La norma nacional principal es el <a href=\"http:\/\/www.boe.es\/buscar\/act.php?id=BOE-A-1996-8930\" target=\"_blank\" rel=\"noopener noreferrer\" target=\"_blank\" rel=\"noopener\">Texto Refundido de la Ley de Propiedad Intelectual, aprobado por Real Decreto Legislativo 1\/1996 de 12 de abril<\/a>, que ha sido objeto de algunas modificaciones posteriores, la \u00faltima la aprobada por la <a href=\"https:\/\/www.boe.es\/eli\/es\/l\/2019\/03\/01\/2\" target=\"_blank\" rel=\"noopener noreferrer\" target=\"_blank\" rel=\"noopener\">Ley 2\/2019, de 1 de marzo<\/a>.<\/p>\n<p>Tambi\u00e9n de consideraci\u00f3n son las Directivas Comunitarias sobre la materia, especialmente la <a href=\"http:\/\/eur-lex.europa.eu\/LexUriServ\/LexUriServ.do?uri=CELEX:32001L0029:ES:HTML\" target=\"_blank\" rel=\"noopener noreferrer\" target=\"_blank\" rel=\"noopener\">Directiva 2001\/29\/CE<\/a> sobre derechos de autor y derechos afines en la sociedad de la informaci\u00f3n.<\/p>\n<p>Normas internacionales importantes son: el <a href=\"https:\/\/wipolex.wipo.int\/es\/text\/283694\" target=\"_blank\" rel=\"noopener noreferrer\" target=\"_blank\" rel=\"noopener\">Convenio de Berna<\/a>, firmado en 1886 y revisado en varias ocasiones, y el <a href=\"https:\/\/wipolex.wipo.int\/es\/text\/295167\" target=\"_blank\" rel=\"noopener noreferrer\" target=\"_blank\" rel=\"noopener\">Tratado de la OMPI de 20 de diciembre de 1996<\/a>.<\/p>\n<h2>\u00bfQu\u00e9 son los derechos de autor?<\/h2>\n<p>Los derechos de autor son de dos clases:<\/p>\n<ul>\n<li>Derechos morales, irrenunciables e inalienables, como el derecho de reconocimiento de autor\u00eda y el derecho de integridad de la obra, entre otros<\/li>\n<li>Derechos econ\u00f3micos, transferibles y de duraci\u00f3n limitada en el tiempo, b\u00e1sicamente los derechos de explotaci\u00f3n, aunque hay otros (i.e. derecho a remuneraci\u00f3n por copia privada)<\/li>\n<\/ul>\n<h2>\u00bfQui\u00e9n es el\/la autor\/a de una obra?<\/h2>\n<p>Se considera autor\/a a la persona natural que aparece como tal en la obra. En algunos casos previstos por la ley las personas jur\u00eddicas pueden tener algunos derechos econ\u00f3micos de propiedad intelectual.<\/p>\n<p>En las obras en colaboraci\u00f3n los derechos pertenecen a todas las personas que compartan la autor\u00eda; sin embargo, en las obras colectivas corresponden a la persona bajo cuya iniciativa y coordinaci\u00f3n se edita y divulga la obra.<\/p>\n<h2>\u00bfQu\u00e9 obras son objeto de propiedad intelectual?<\/h2>\n<p>Todas las creaciones originales literarias, art\u00edsticas o cient\u00edficas expresadas por cualquier medio o soporte, tangible o intangible, actualmente conocido o que se invente en el futuro.<\/p>\n<h2>\u00bfQu\u00e9 se excluye del objeto de propiedad intelectual?<\/h2>\n<p>En general lo que no puede incluirse en la definici\u00f3n anterior, como son las ideas, la informaci\u00f3n, y todo conocimiento que es patrimonio com\u00fan y no es susceptible de apropiaci\u00f3n.<\/p>\n<p>Expresamente la ley excluye las disposiciones legales y reglamentarias, sus correspondientes proyectos, las resoluciones de \u00f3rganos jurisdiccionales, actos, acuerdos, deliberaciones y dict\u00e1menes de organismos p\u00fablicos y traducciones oficiales de todos ellos.<\/p>\n<h2>\u00bfCu\u00e1les son los derechos de explotaci\u00f3n?<\/h2>\n<p>La ley establece como derechos de explotaci\u00f3n los siguientes:<\/p>\n<ul>\n<li>Reproducci\u00f3n: acto de fijaci\u00f3n de la obra en un medio que permita su comunicaci\u00f3n y la obtenci\u00f3n de copias de todo o parte de ella<span style=\"color: #484848;font-family: Arial,Verdana,Helvetica,sans-serif\">.<\/span><\/li>\n<li>Distribuci\u00f3n: acto de puesta a disposici\u00f3n del p\u00fablico del original o copias de la obra mediante su venta, alquiler, pr\u00e9stamo o cualquier otra forma.<\/li>\n<li>Comunicaci\u00f3n p\u00fablica: acto por el cual una pluralidad de personas pueda tener acceso a la obra sin previa distribuci\u00f3n de ejemplares a cada una de ellas.<\/li>\n<li>Transformaci\u00f3n: acto de traducci\u00f3n, adaptaci\u00f3n y cualquier otra modificaci\u00f3n de una obra en su forma de la que se derive una obra diferente. En el caso de las bases de datos, se considera transformaci\u00f3n su reordenaci\u00f3n.<\/li>\n<\/ul>\n<h2>\u00bfA qui\u00e9n corresponden los derechos de explotaci\u00f3n?<\/h2>\n<p>Los derechos de explotaci\u00f3n corresponden exclusivamente al\/a la autor\/a y no pueden ser realizados sin su autorizaci\u00f3n, salvo en los casos previstos en la ley. El\/la autor\/a puede ceder todos \u00a0o algunos de los derechos de explotaci\u00f3n, seg\u00fan el tipo de contrato que firme.<\/p>\n<h2>\u00bfQue son las excepciones a los derechos de autor?<\/h2>\n<p>Tambi\u00e9n llamados l\u00edmites, son casos en los que la ley autoriza el ejercicio de actos de explotaci\u00f3n sin necesidad de una autorizaci\u00f3n por parte de la persona titular de los derechos.<\/p>\n<h2>\u00bfQu\u00e9 es el dominio p\u00fablico?<\/h2>\n<p>Cuando los derechos de explotaci\u00f3n se extinguen, normalmente por el transcurso de su plazo de duraci\u00f3n, las obras pasan al dominio p\u00fablico y pueden ser utilizadas por cualquiera siempre que se respete su autor\u00eda e integridad.<\/p>\n<h2>\u00bfEs obligatorio inscribir las obras en el Registro de la Propiedad Intelectual?<\/h2>\n<p>No. Los derechos de autor nacen en el momento de la creaci\u00f3n de la obra. El Registro es s\u00f3lo un medio de protecci\u00f3n y de prueba de los derechos.<\/p>\n<h2>\u00bfQu\u00e9 es el \u201ccopyright\u201d?<\/h2>\n<p>Es la formula anglosajona para designar \u00fanicamente los derechos de explotaci\u00f3n de una obra, sin referencia a los derechos morales. El s\u00edmbolo \u00a9 asociado a un nombre indica titularidad de derechos de explotaci\u00f3n. Normalmente, aunque no necesariamente, va seguido de la expresi\u00f3n \u201ctodos los derechos reservados\u201d.<\/p>\n<h2>Tenga en cuenta que:<\/h2>\n<p>Muchos editores acad\u00e9micos piden a los autores que les cedan todos estos derechos como parte del proceso de entrega de los trabajos. Por ello es importante que el\/la autor\/a sepa a qu\u00e9 est\u00e1 renunciando con la publicaci\u00f3n de un trabajo suyo: si el\/la autor\/a cede incondicionalmente el copyright de su trabajo al editor de una revista de suscripci\u00f3n, pierde los derechos de explotaci\u00f3n arriba indicados (como excepciones, si acaso, para uso personal o con fines did\u00e1cticos) ya que pasan a ser propiedad del editor. Las consecuencias son m\u00faltiples, ya que afectan de modo considerable a la publicaci\u00f3n, distribuci\u00f3n y usos de los trabajos.<\/p>\n<div>Hay opciones contractuales alternativas a la cesi\u00f3n exclusiva, como son la cesi\u00f3n parcial (en que se establecen unos derechos para el autor y otros-como la publicaci\u00f3n o la distribuci\u00f3n-, para el editor) o la no cesi\u00f3n (en este caso, el\/la autor\/a otorga al editor el permiso, mediante licencia, para publicar la obra pero reteniendo el copyright). En la secci\u00f3n de \u201c<strong>Enlaces de inter\u00e9s<\/strong>\u201d m\u00e1s abajo hay varios ejemplos de licencias.<\/div>\n<div><\/div>\n<h2>Alternativas a la cesi\u00f3n exclusiva de derechos de autor<\/h2>\n<div><\/div>\n<div>Los <a href=\"http:\/\/www.rebiun.org\/documentos\/Documents\/VWORKSHOP\/ws_2005_riera_zwolle.pdf\" target=\"_blank\" rel=\"noopener noreferrer\" target=\"_blank\" rel=\"noopener\">principios de Zwolle<\/a> fueron declarados en el 2002 para reivindicar un equilibrio de derechos entre editores, autores\/as, instituciones acad\u00e9micas y agencias financiadoras de conocimiento.<\/div>\n<div>Es necesario recordar que los t\u00e9rminos de un contrato deben ser aceptables para las dos partes firmantes, y por ello, el\/la autor\/a debe intentar modificar los t\u00e9rminos contractuales si no son justos mediante la inclusi\u00f3n de una addenda (ejemplos: SPARC, JISC\/SURF Copyright, Toolbox&#8230;)<\/div>\n<div><\/div>\n<div>Por tanto, existen opciones a la cesi\u00f3n total y exclusiva de los derechos de explotaci\u00f3n de una obra, son ejemplos de las mismas las siguientes alternativas:<\/div>\n<div>&#8211; Publicaci\u00f3n en revistas de acceso abierto (un listado exhaustivo se encuentra en <a href=\"http:\/\/www.doaj.org\/\" target=\"_blank\" rel=\"noopener noreferrer\" target=\"_blank\" rel=\"noopener\">DOAJ<\/a>)<\/div>\n<div>&#8211; Publicaci\u00f3n en revistas de suscripci\u00f3n que permiten el auto-archivo en repositorios abiertos<\/div>\n<div>&#8211; Publicaci\u00f3n en revistas de suscripci\u00f3n que no exigen una cesi\u00f3n exclusiva<\/div>\n<div>&#8211; Enmienda de la licencia del editor<\/div>\n<div>&#8211; Uso de una licencia alternativa (por ejemplo <a href=\"https:\/\/creativecommons.org\/licenses\/?lang=es_ES\" target=\"_blank\" rel=\"noopener noreferrer\" target=\"_blank\" rel=\"noopener\">Creative Commons<\/a>)<\/div>\n<h2>\u00a0\u00bfQu\u00e9 se entiende como material docente en el entorno digital?<\/h2>\n<div>\n<div>Aquellos materiales que utiliza el profesorado en el \u00e1mbito acad\u00e9mico y que publica en la intranet, campus virtual o plataforma digital (utilizando programas como Moodle, Sakai, etc. o de elaboraci\u00f3n propia) de instituciones docentes como soporte a la docencia.<\/div>\n<div><\/div>\n<div>Desde el punto de vista de la propiedad intelectual, hay tres tipos de materiales:<\/div>\n<ul>\n<li>1. Materiales \u00edntegramente elaborados por el profesorado.<\/li>\n<li>2. Materiales propios pero que incluyen documentos ajenos (de otro\/a autor\/a).<\/li>\n<li>3. Materiales totalmente ajenos.<\/li>\n<\/ul>\n<div>En el caso de materiales del tipo 2 y del tipo 3, se debe prestar atenci\u00f3n a los aspectos relacionados con el derecho de autor y que afectan a los documentos ajenos que se incorporen.<\/div>\n<div><\/div>\n<\/div>\n<div>\n<h2>\u00bfEn qu\u00e9 \u00a0casos puedo utilizar un documento elaborado por otro\/a autor\/a como material docente sin solicitar autorizaci\u00f3n del\/de la titular?<\/h2>\n<div><\/div>\n<div>En los casos siguientes:<\/div>\n<ul>\n<li>Documentos extra\u00eddos de las bases de datos y revistas electr\u00f3nicas subscritas por la biblioteca de instituciones docentes y cuya licencia lo permita.<\/li>\n<li>Documentos en dominio p\u00fablico.<\/li>\n<li>Documentos con licencia Creative Commons.<\/li>\n<li>Fragmento de un texto o una imagen para incluir en una explicaci\u00f3n, an\u00e1lisis, comentario, o material docente siempre que se cite la fuente y la autor\u00eda, y siempre que se incorpore a t\u00edtulo de cita o para su an\u00e1lisis, comentario o juicio cr\u00edtico (art. 32.1 LPI).<\/li>\n<li>Fragmento de un texto o una imagen para ilustrar actividades educativas, incluso sin incluir en material docente, por parte de profesorado de educaci\u00f3n reglada y con exclusi\u00f3n de libros de texto y manuales universitarios (art. 32.2 LPI).<\/li>\n<\/ul>\n<h2>\u00bfA qui\u00e9n debo solicitar autorizaci\u00f3n para utilizar documentos ajenos como material docente?<\/h2>\n<div>Si dicha utilizaci\u00f3n no queda amparada por el derecho de cita debe solicitarse autorizaci\u00f3n a las personas titulares de los derechos. Se recomienda ponerse en contacto con la editorial indicando:<\/div>\n<ul>\n<li>Referencia completa del documento.<\/li>\n<li>Nombre de la instituci\u00f3n docente.<\/li>\n<li>Indicar la finalidad (se\u00a0publicar\u00e1 en la intranet docente o se va a utilizar estrictamente en el \u00e1mbito acad\u00e9mico y sin finalidades lucrativas)<\/li>\n<\/ul>\n<h2>\u00bfQu\u00e9 permite la excepci\u00f3n \u201cIlustraci\u00f3n en la ense\u00f1anza\u201d de la LPI?<\/h2>\n<div>La excepci\u00f3n \u201cIlustraci\u00f3n en la ense\u00f1anza (art. 32.2 LPI) permite al \u201cprofesorado de la educaci\u00f3n reglada\u201d:<\/div>\n<ul>\n<li>Reproducci\u00f3n, distribuci\u00f3n y comunicaci\u00f3n p\u00fablica de peque\u00f1os fragmentos de obras ajenas ya divulgadas (o obras enteras, en el caso de les im\u00e1genes)<\/li>\n<li>Se excluyen los manuales universitarios y libros de texto.<\/li>\n<li>Se deben reproducir fielmente y se debe indicar la autor\u00eda y la fuente.<\/li>\n<li>Los fragmentos deben ser pertinentes<\/li>\n<li>S\u00f3lo para ilustrar la ense\u00f1anza en les aulas<\/li>\n<\/ul>\n<h2>\u00bfUna intranet docente es diferente de una web en t\u00e9rminos de propiedad intelectual?<\/h2>\n<div>\n<div>No. Es lo mismo publicar documentos en una intranet docente de acceso restringido a los estudiantes y profesores de una determinada universidad que en una web de acceso universal. Publicar documentos en ambos casos implica:<\/div>\n<ul>\n<li>Hacer una reproducci\u00f3n del documento en un servidor<\/li>\n<li>Hacer comunicaci\u00f3n p\u00fablica (aunque en el caso de la intranet, sea a un n\u00famero limitado de personas)<\/li>\n<\/ul>\n<div>En ambos casos se deben tener los derechos de reproducci\u00f3n y comunicaci\u00f3n p\u00fablica del documento que se quiere colgar, estar amparado por un l\u00edmite, o bien, disponer de la autorizaci\u00f3n de la persona titular de los derechos.<\/div>\n<div><\/div>\n<div>*Informaci\u00f3n sobre material docente extra\u00edda de la p\u00e1gina de <a href=\"http:\/\/www.fesabid.org\/\" target=\"_blank\" rel=\"noopener noreferrer\" target=\"_blank\" rel=\"noopener\">FESABID.<\/a><\/div>\n<div><\/div>\n<h2>\u00a0Enlaces de inter\u00e9s<\/h2>\n<\/div>\n<\/div>\n<div>\n<ul>\n<li><a href=\"http:\/\/www.opendatacommons.org\/\" target=\"_blank\" rel=\"noopener noreferrer\" target=\"_blank\" rel=\"noopener\">Open Data Commons<\/a><\/li>\n<li><a href=\"http:\/\/sciencecommons.org\/projects\/publishing\/\" target=\"_blank\" rel=\"noopener noreferrer\" target=\"_blank\" rel=\"noopener\">Science Commons Scholar\u2019s Copyright Project<\/a><\/li>\n<li><a href=\"http:\/\/okfn.org\/\" target=\"_blank\" rel=\"noopener noreferrer\" target=\"_blank\" rel=\"noopener\">Open Knowledge Foundation<\/a><\/li>\n<li><a href=\"https:\/\/sparcopen.org\/our-work\/author-rights\/brochure-html\/\" target=\"_blank\" rel=\"noopener noreferrer\" target=\"_blank\" rel=\"noopener\">SPARC Author\u2019s Addendum<\/a><\/li>\n<li><a href=\"http:\/\/www.ugr.es\/%7Ederechosdeautor\/index.html\" target=\"_blank\" rel=\"noopener noreferrer\" target=\"_blank\" rel=\"noopener\">Derechos de Autor en plataformas e-learning<\/a><\/li>\n<li><a href=\"http:\/\/www.coloriuris.net\/\" target=\"_blank\" rel=\"noopener noreferrer\" target=\"_blank\" rel=\"noopener\">Licencias abiertas Coloriuris<\/a><\/li>\n<li><a href=\"http:\/\/repository.urosario.edu.co\/handle\/10336\/2455\" target=\"_blank\" rel=\"noopener noreferrer\" target=\"_blank\" rel=\"noopener\">Presentaci\u00f3n de Creative Commons en el movimiento de acceso abierto<\/a><\/li>\n<li><a href=\"http:\/\/cyber.law.harvard.edu\/copyrightforlibrarians\/Main_Page\" target=\"_blank\" rel=\"noopener noreferrer\" target=\"_blank\" rel=\"noopener\">Curso online Copyright for Librarians<\/a><\/li>\n<li><a href=\"http:\/\/www.web2rights.org.uk\/index.html\" target=\"_blank\" rel=\"noopener noreferrer\" target=\"_blank\" rel=\"noopener\">Web2Rights<\/a><\/li>\n<li><a href=\"https:\/\/www.boe.es\/diario_boe\/txt.php?id=BOE-A-1996-8930\" target=\"_blank\" rel=\"noopener noreferrer\" target=\"_blank\" rel=\"noopener\">Real Decreto Legislativo 1\/1996, de 12 de abril, por el que se aprueba el Texto Refundido de la Ley de Propiedad Intelectual, regularizando, aclarando y armonizando las disposiciones legales vigentes sobre la materia.<\/a><\/li>\n<\/ul>\n<div>\n<h2>Informaci\u00f3n sobre editores y sus pol\u00edticas de permisos<\/h2>\n<ul>\n<li><a href=\"http:\/\/www.sherpa.ac.uk\/romeo\/?la=es\" target=\"_blank\" rel=\"noopener noreferrer\" target=\"_blank\" rel=\"noopener\">SHERPA-ROMEO<\/a>: Resumen de las pol\u00edticas de m\u00e1s de 700 editores<\/li>\n<li><a href=\"https:\/\/www.accesoabierto.net\/dulcinea\/\" target=\"_blank\" rel=\"noopener noreferrer\" target=\"_blank\" rel=\"noopener\">DULCINEA<\/a>: Permisos de revistas cient\u00edficas espa\u00f1olas<\/li>\n<li><a href=\"http:\/\/sites.google.com\/site\/blimundaproject\/\" target=\"_blank\" rel=\"noopener noreferrer\" target=\"_blank\" rel=\"noopener\">Blimunda<\/a>: Permisos de revistas y editores cient\u00edficos portugueses<\/li>\n<\/ul>\n<h2>Consulte tambi\u00e9n:<\/h2>\n<p><a href=\"https:\/\/www.ull.es\/servicios\/biblioteca\/asesoramiento-sobre-propiedad-intelectual\/\" target=\"_blank\" rel=\"noopener\">Servicio de asesoramiento en propiedad intelectual<\/a><br \/>\n<a href=\"https:\/\/www.ull.es\/servicios\/biblioteca\/propiedad-intelectual-y-nuevas-tecnologias\/\" target=\"_blank\" rel=\"noopener\">Propiedad intelectual y nuevas tecnolog\u00edas<\/a><br \/>\n<a href=\"https:\/\/creativecommons.org\/licenses\/?lang=es_ES\" target=\"_blank\" rel=\"noopener noreferrer\" target=\"_blank\" rel=\"noopener\">Las licencias Creative Commons<\/a><br \/>\n<a href=\"http:\/\/www.rebiun.org\/propiedadintelectual\/Paginas\/FAQs-y-Guias.aspx\" target=\"_blank\" rel=\"noopener noreferrer\" target=\"_blank\" rel=\"noopener\">Materiales de ayuda sobre propiedad intelectual y derechos de autor elaborados por REBIUN<\/a><\/p>\n<\/div>\n<\/div>\n<hr \/>\n<p>Contenido en parte adaptado de <a href=\"https:\/\/www.uc3m.es\/ss\/Satellite\/Biblioteca\/es\/TextoDosColumnas\/1371213999139\/\" target=\"_blank\" rel=\"noopener noreferrer\" target=\"_blank\" rel=\"noopener\">Propiedad intelectual y derechos de autor: cuestiones generales<\/a>, Universidad Carlos III de Madrid<\/p>\n","protected":false},"excerpt":{"rendered":"<p>\u00a0\u00bfQu\u00e9 es la propiedad intelectual? Es el conjunto de derechos de autor, personales (morales) y patrimoniales (econ\u00f3micos) que corresponden a las personas sobre las obras de su creaci\u00f3n. En Espa\u00f1a se distingue entre propiedad intelectual y propiedad industrial, reserv\u00e1ndose esta \u00faltima para marcas, patentes, dise\u00f1o industrial, denominaciones de origen, etc. \u00bfQu\u00e9 normas regulan la propiedad&#8230;<\/p>\n","protected":false},"author":37,"featured_media":0,"parent":0,"menu_order":0,"comment_status":"closed","ping_status":"closed","template":"","meta":{"_acf_changed":false,"footnotes":""},"class_list":["post-6813","page","type-page","status-publish","hentry"],"acf":[],"_links":{"self":[{"href":"https:\/\/www.ull.es\/servicios\/biblioteca\/wp-json\/wp\/v2\/pages\/6813","targetHints":{"allow":["GET"]}}],"collection":[{"href":"https:\/\/www.ull.es\/servicios\/biblioteca\/wp-json\/wp\/v2\/pages"}],"about":[{"href":"https:\/\/www.ull.es\/servicios\/biblioteca\/wp-json\/wp\/v2\/types\/page"}],"author":[{"embeddable":true,"href":"https:\/\/www.ull.es\/servicios\/biblioteca\/wp-json\/wp\/v2\/users\/37"}],"replies":[{"embeddable":true,"href":"https:\/\/www.ull.es\/servicios\/biblioteca\/wp-json\/wp\/v2\/comments?post=6813"}],"version-history":[{"count":19,"href":"https:\/\/www.ull.es\/servicios\/biblioteca\/wp-json\/wp\/v2\/pages\/6813\/revisions"}],"predecessor-version":[{"id":10650,"href":"https:\/\/www.ull.es\/servicios\/biblioteca\/wp-json\/wp\/v2\/pages\/6813\/revisions\/10650"}],"wp:attachment":[{"href":"https:\/\/www.ull.es\/servicios\/biblioteca\/wp-json\/wp\/v2\/media?parent=6813"}],"curies":[{"name":"wp","href":"https:\/\/api.w.org\/{rel}","templated":true}]}}