{"id":6853,"date":"2018-07-05T11:46:10","date_gmt":"2018-07-05T11:46:10","guid":{"rendered":"https:\/\/www.ull.es\/servicios\/biblioteca\/?page_id=6853"},"modified":"2022-10-20T12:07:47","modified_gmt":"2022-10-20T12:07:47","slug":"curso-virtual-para-grado","status":"publish","type":"page","link":"https:\/\/www.ull.es\/servicios\/biblioteca\/curso-virtual-para-grado\/","title":{"rendered":"Curso virtual para grado"},"content":{"rendered":"<p>Aqu\u00ed le ofrecemos\u00a0el acceso a los cursos sobre competencias en informaci\u00f3n que imparte la Biblioteca dentro del Campus Virtual.<\/p>\n<p>Acceda al listado de cursos:<\/p>\n<ul>\n<li><a href=\"https:\/\/campusvirtual.ull.es\/formacion\/course\/index.php?categoryid=56\" target=\"_blank\" rel=\"noopener noreferrer\" target=\"_blank\" rel=\"noopener\">Curso de competencias en informaci\u00f3n para el alumnado de grado (inicial). Dirigido a alumnado de nuevo ingreso.<br \/>\n<\/a><\/li>\n<li><a href=\"https:\/\/campusvirtual.ull.es\/formacion\/course\/index.php?categoryid=136\" target=\"_blank\" rel=\"noopener noreferrer\" target=\"_blank\" rel=\"noopener\"> Gu\u00eda para el Trabajo de Fin de Grado. Dirigido al alumnado de TFG.<br \/>\n<\/a><\/li>\n<\/ul>\n<p>Asimismo, en los siguientes enlaces podr\u00e1 acceder a una versi\u00f3n resumida y en abierto, no tutorizada y no evaluable, de estos cursos, de modo que pueda repasar sus contenidos. Para ello, debe identificarse como usuario de la ULL y seguidamente pulsar en \u00abMatricularme en este curso\u00bb.<\/p>\n<ul>\n<li><a href=\"https:\/\/campusvirtual.ull.es\/formacion\/course\/view.php?id=1764\" target=\"_blank\" rel=\"noopener noreferrer\" target=\"_blank\" rel=\"noopener\">Versi\u00f3n en abierto del curso de competencias en informaci\u00f3n para el alumnado de grado (inicial). Dirigido a alumnado de nuevo ingreso<\/a>.<\/li>\n<li><a href=\"https:\/\/campusvirtual.ull.es\/formacion\/course\/view.php?id=1386\" target=\"_blank\" rel=\"noopener noreferrer\" target=\"_blank\" rel=\"noopener\">Versi\u00f3n en abierto del curso \u00abGu\u00eda para el Trabajo de Fin de Grado\u00bb. Dirigido al alumnado de TFG.<\/a><\/li>\n<\/ul>\n","protected":false},"excerpt":{"rendered":"<p>Aqu\u00ed le ofrecemos\u00a0el acceso a los cursos sobre competencias en informaci\u00f3n que imparte la Biblioteca dentro del Campus Virtual. Acceda al listado de cursos: Curso de competencias en informaci\u00f3n para el alumnado de grado (inicial). Dirigido a alumnado de nuevo ingreso. Gu\u00eda para el Trabajo de Fin de Grado. Dirigido al alumnado de TFG. Asimismo,&#8230;<\/p>\n","protected":false},"author":37,"featured_media":0,"parent":0,"menu_order":0,"comment_status":"closed","ping_status":"closed","template":"","meta":{"_acf_changed":false,"footnotes":""},"class_list":["post-6853","page","type-page","status-publish","hentry"],"acf":[],"_links":{"self":[{"href":"https:\/\/www.ull.es\/servicios\/biblioteca\/wp-json\/wp\/v2\/pages\/6853","targetHints":{"allow":["GET"]}}],"collection":[{"href":"https:\/\/www.ull.es\/servicios\/biblioteca\/wp-json\/wp\/v2\/pages"}],"about":[{"href":"https:\/\/www.ull.es\/servicios\/biblioteca\/wp-json\/wp\/v2\/types\/page"}],"author":[{"embeddable":true,"href":"https:\/\/www.ull.es\/servicios\/biblioteca\/wp-json\/wp\/v2\/users\/37"}],"replies":[{"embeddable":true,"href":"https:\/\/www.ull.es\/servicios\/biblioteca\/wp-json\/wp\/v2\/comments?post=6853"}],"version-history":[{"count":8,"href":"https:\/\/www.ull.es\/servicios\/biblioteca\/wp-json\/wp\/v2\/pages\/6853\/revisions"}],"predecessor-version":[{"id":10235,"href":"https:\/\/www.ull.es\/servicios\/biblioteca\/wp-json\/wp\/v2\/pages\/6853\/revisions\/10235"}],"wp:attachment":[{"href":"https:\/\/www.ull.es\/servicios\/biblioteca\/wp-json\/wp\/v2\/media?parent=6853"}],"curies":[{"name":"wp","href":"https:\/\/api.w.org\/{rel}","templated":true}]}}