{"id":9516,"date":"2021-09-30T12:25:19","date_gmt":"2021-09-30T12:25:19","guid":{"rendered":"https:\/\/www.ull.es\/servicios\/biblioteca\/?page_id=9516"},"modified":"2024-09-16T08:27:25","modified_gmt":"2024-09-16T08:27:25","slug":"biblioteca-digital","status":"publish","type":"page","link":"https:\/\/www.ull.es\/servicios\/biblioteca\/biblioteca-digital\/","title":{"rendered":"Biblioteca digital"},"content":{"rendered":"<h1>Biblioteca digital<\/h1>\n<p><a href=\"https:\/\/www.ull.es\/servicios\/biblioteca\/servicios\/puntoq\/\" target=\"_blank\" rel=\"noopener\" target=\"_blank\" rel=\"noopener\">Punto Q<\/a><\/p>\n<p><a href=\"https:\/\/www.ull.es\/servicios\/biblioteca\/servicios\/bases-datos\/\" target=\"_blank\" rel=\"noopener\">Bases de datos<\/a><\/p>\n<p><a href=\"https:\/\/www.ull.es\/servicios\/biblioteca\/servicios\/repositorio\/\" target=\"_blank\" rel=\"noopener\">Repositorio Institucional<\/a><\/p>\n<p><a href=\"https:\/\/www.ull.es\/servicios\/biblioteca\/servicios\/datos-de-investigacion\/\" target=\"_blank\" rel=\"noopener\">Repositorio de datos de investigaci\u00f3n<\/a><\/p>\n<p><a href=\"https:\/\/www.ull.es\/servicios\/biblioteca\/servicios\/prensa-canaria-digitalizada\/\" target=\"_blank\" rel=\"noopener\">Prensa canaria digitalizada<\/a><\/p>\n<p><a href=\"https:\/\/www.ull.es\/servicios\/biblioteca\/servicios\/patrimonio-bibliografico-lacunense\/\" target=\"_blank\" rel=\"noopener\">Patrimonio Bibliogr\u00e1fico Lacunense<\/a><\/p>\n<p><a href=\"https:\/\/www.ull.es\/revistas\/\" target=\"_blank\" rel=\"noopener\" target=\"_blank\" rel=\"noopener\">Revistas ULL<\/a><\/p>\n<p><a href=\"https:\/\/portalciencia.ull.es\/\" target=\"_blank\" rel=\"noopener\" target=\"_blank\" rel=\"noopener\">Portal de la Investigaci\u00f3n<\/a><\/p>\n","protected":false},"excerpt":{"rendered":"<p>Biblioteca digital Punto Q Bases de datos Repositorio Institucional Repositorio de datos de investigaci\u00f3n Prensa canaria digitalizada Patrimonio Bibliogr\u00e1fico Lacunense Revistas ULL Portal de la Investigaci\u00f3n<\/p>\n","protected":false},"author":37,"featured_media":0,"parent":0,"menu_order":0,"comment_status":"closed","ping_status":"closed","template":"","meta":{"_acf_changed":false,"footnotes":""},"class_list":["post-9516","page","type-page","status-publish","hentry"],"acf":[],"_links":{"self":[{"href":"https:\/\/www.ull.es\/servicios\/biblioteca\/wp-json\/wp\/v2\/pages\/9516","targetHints":{"allow":["GET"]}}],"collection":[{"href":"https:\/\/www.ull.es\/servicios\/biblioteca\/wp-json\/wp\/v2\/pages"}],"about":[{"href":"https:\/\/www.ull.es\/servicios\/biblioteca\/wp-json\/wp\/v2\/types\/page"}],"author":[{"embeddable":true,"href":"https:\/\/www.ull.es\/servicios\/biblioteca\/wp-json\/wp\/v2\/users\/37"}],"replies":[{"embeddable":true,"href":"https:\/\/www.ull.es\/servicios\/biblioteca\/wp-json\/wp\/v2\/comments?post=9516"}],"version-history":[{"count":3,"href":"https:\/\/www.ull.es\/servicios\/biblioteca\/wp-json\/wp\/v2\/pages\/9516\/revisions"}],"predecessor-version":[{"id":11729,"href":"https:\/\/www.ull.es\/servicios\/biblioteca\/wp-json\/wp\/v2\/pages\/9516\/revisions\/11729"}],"wp:attachment":[{"href":"https:\/\/www.ull.es\/servicios\/biblioteca\/wp-json\/wp\/v2\/media?parent=9516"}],"curies":[{"name":"wp","href":"https:\/\/api.w.org\/{rel}","templated":true}]}}