{"id":15,"date":"2019-06-20T13:15:25","date_gmt":"2019-06-20T11:15:25","guid":{"rendered":"https:\/\/www.ull.es\/servicios\/negociado-pruebas-acceso\/?page_id=2"},"modified":"2026-03-03T12:36:07","modified_gmt":"2026-03-03T11:36:07","slug":"servicios","status":"publish","type":"page","link":"https:\/\/www.ull.es\/servicios\/oficina-tecnica\/servicios\/","title":{"rendered":"Servicios"},"content":{"rendered":"\n<div class=\"wp-block-stackable-columns alignfull stk-block-columns stk-block stk-16a94b8\" data-block-id=\"16a94b8\"><style>.stk-16a94b8 {margin-bottom:56px !important;}@media screen and (max-width: 767px){.stk-16a94b8 {padding-top:0px !important;padding-right:0px !important;padding-bottom:0px !important;padding-left:0px !important;}}<\/style><div class=\"stk-row stk-inner-blocks stk-block-content stk-content-align stk-16a94b8-column alignfull\">\n<div class=\"wp-block-stackable-column stk-block-column stk-column stk-block stk-dfe9b01 stk-block-background stk--has-background-overlay\" data-v=\"4\" data-block-id=\"dfe9b01\"><style>.stk-dfe9b01 {background-image:url(https:\/\/www.ull.es\/servicios\/oficina-tecnica\/wp-content\/uploads\/sites\/34\/2019\/07\/20-Oficina-Tecnica.jpg) !important;}.stk-dfe9b01:before{background-color:#000000 !important;opacity:0.3 !important;}@media screen and (max-width: 767px){.stk-dfe9b01 {padding-top:0px !important;padding-right:0px !important;padding-bottom:0px !important;padding-left:0px !important;}.stk-dfe9b01-container{min-height:320px !important;}}<\/style><div class=\"stk-column-wrapper stk-block-column__content stk-container stk-dfe9b01-container stk--no-background stk--no-padding\"><div class=\"stk-block-content stk-inner-blocks stk-dfe9b01-inner-blocks\">\n<div class=\"wp-block-stackable-columns alignfull stk-block-columns stk-block stk-3bf239f\" data-block-id=\"3bf239f\"><style>@media screen and (max-width: 1023px){.stk-3bf239f {padding-left:0px !important;}}<\/style><div class=\"stk-row stk-inner-blocks stk-block-content stk-content-align stk-3bf239f-column alignfull\">\n<div class=\"wp-block-stackable-column stk-block-column stk-column stk-block stk-f66584c\" data-v=\"4\" data-block-id=\"f66584c\"><div class=\"stk-column-wrapper stk-block-column__content stk-container stk-f66584c-container stk--no-background stk--no-padding\"><div class=\"stk-block-content stk-inner-blocks stk-f66584c-inner-blocks\">\n<div class=\"wp-block-stackable-heading stk-block-heading stk-block-heading--v2 stk-block stk-1bb54e9\" id=\"oficina-tecnica\" data-block-id=\"1bb54e9\"><style>.stk-1bb54e9 {padding-top:110px !important;padding-right:25px !important;padding-bottom:75px !important;padding-left:420px !important;}.stk-1bb54e9 .stk-block-heading__text{font-size:35px !important;color:#ffffff !important;font-weight:400 !important;}@media screen and (max-width: 1023px){.stk-1bb54e9 {padding-left:55px !important;}.stk-1bb54e9 .stk-block-heading__text{font-size:35px !important;}}@media screen and (max-width: 767px){.stk-1bb54e9 {padding-right:75px !important;padding-left:25px !important;}.stk-1bb54e9 .stk-block-heading__text{font-size:33px !important;}}<\/style><h2 class=\"stk-block-heading__text has-text-color has-text-align-left has-text-align-left-tablet has-text-align-left-mobile\">Oficina T\u00e9cnica<\/h2><\/div>\n<\/div><\/div><\/div>\n<\/div><\/div>\n<\/div><\/div><\/div>\n<\/div><\/div>\n\n\n\n<div class=\"wp-block-stackable-columns alignfull stk-block-columns stk-block stk-019f113\" data-block-id=\"019f113\"><style>.stk-019f113 .stk--block-align-019f113{align-items:stretch !important;}.stk-019f113-column{--stk-column-gap:95px !important;}<\/style><div class=\"stk-row stk-inner-blocks stk--block-align-019f113 stk-block-content stk-content-align stk-019f113-column alignfull\">\n<div class=\"wp-block-stackable-column stk-block-column stk-column stk-block stk-f687265\" data-v=\"4\" data-block-id=\"f687265\"><style>.stk-f687265 {padding-right:400px !important;padding-left:400px !important;margin-bottom:var(--stk--preset--spacing--none, 0px) !important;}@media screen and (max-width: 1023px){.stk-f687265 {padding-right:50px !important;padding-left:50px !important;}}@media screen and (max-width: 767px){.stk-f687265-inner-blocks{align-items:center !important;}.stk-f687265 {padding-right:20px !important;padding-left:20px !important;}}<\/style><div class=\"stk-column-wrapper stk-block-column__content stk-container stk-f687265-container stk--no-background stk--no-padding\"><div class=\"stk-block-content stk-inner-blocks stk-f687265-inner-blocks\">\n<div class=\"wp-block-stackable-heading stk-block-heading stk-block-heading--v2 stk-block stk-2a764d9\" id=\"servicios-que-ofrece-al-usuario\" data-block-id=\"2a764d9\"><style>.stk-2a764d9 {margin-bottom:12px !important;}.stk-2a764d9 .stk-block-heading__text{font-size:26px !important;color:#5c068c !important;font-weight:700 !important;}@media screen and (max-width: 1023px){.stk-2a764d9 .stk-block-heading__text{font-size:26px !important;}}<\/style><h2 class=\"stk-block-heading__text has-text-color\">Servicios que ofrece al usuario<\/h2><\/div>\n\n\n\n<ul class=\"wp-block-list\">\n<li>Participaci\u00f3n y asesoramiento en comisiones t\u00e9cnicas para la adjudicaci\u00f3n de contratos de obras, servicios y equipamiento.<\/li>\n\n\n\n<li>Colaboraci\u00f3n y seguimiento de alumnos en pr\u00e1cticas de la E.U. de Arquitectura T\u00e9cnica e Ingenier\u00edas.<\/li>\n\n\n\n<li>Asesoramiento t\u00e9cnico y colaboraci\u00f3n en la ejecuci\u00f3n de trabajos con el Servicio de Mantenimiento y el Servicio de Prevenci\u00f3n de la ULL.<\/li>\n\n\n\n<li>Tramitaci\u00f3n de la documentaci\u00f3n necesaria ante las empresas de grandes suministros (Teidagua, Enmasa, Endesa, Disa).<\/li>\n\n\n\n<li>Tramitaci\u00f3n ante otras administraciones (Ayuntamientos, Comunidad Aut\u00f3noma, Cabildo) de las pertinentes colaboraciones interadministrativas para la concesi\u00f3n de permisos y licencias de las actuaciones a realizar en las infraestructuras de la ULL.<\/li>\n\n\n\n<li>Facilitar la informaci\u00f3n gr\u00e1fica necesaria requerida por los miembros de la comunidad universitaria.<\/li>\n\n\n\n<li>Facilitar informaci\u00f3n sobre empresas constructoras id\u00f3neas para la realizaci\u00f3n de los trabajos.<\/li>\n\n\n\n<li>Asesoramiento t\u00e9cnico preciso que d\u00e9 respuesta a una demanda solicitada.<\/li>\n\n\n\n<li>Realizaci\u00f3n de memorias gr\u00e1ficas (croquis, fotograf\u00edas) de la evoluci\u00f3n de las obras e infraestructuras de la ULL.<\/li>\n\n\n\n<li>Elaboraci\u00f3n de la documentaci\u00f3n gr\u00e1fica, datos de espacios y usos, de todas las dependencias para disposici\u00f3n de todos los miembros de la comunidad universitaria.<\/li>\n\n\n\n<li>Actualizaciones peri\u00f3dicas en la planimetr\u00eda de las infraestructuras de la ULL.<\/li>\n\n\n\n<li>Coordinaci\u00f3n y seguimiento de los contratos plurianuales: ascensores, aire acondicionado y agua caliente sanitaria, alta tensi\u00f3n, baja tensi\u00f3n, grupos electr\u00f3genos, sistemas de protecci\u00f3n contra incendios, gas y control de fauna.<\/li>\n\n\n\n<li>En relaci\u00f3n al estado de las infraestructuras por la detecci\u00f3n de una situaci\u00f3n que precise actuaci\u00f3n t\u00e9cnica inmediata.<\/li>\n\n\n\n<li>En relaci\u00f3n al estado de las infraestructuras ante una petici\u00f3n de los servicios y \u00f3rganos de gobierno de la ULL.<\/li>\n\n\n\n<li>Coordinaci\u00f3n en materia de Seguridad y Salud en las obras con Direcci\u00f3n Facultativa en la OT.<\/li>\n\n\n\n<li>Estudios de viabilidad y valoraci\u00f3n de obras mayores y menores propuestas por Centros, Departamentos y Servicios de la ULL.<\/li>\n\n\n\n<li>Realizaci\u00f3n de memorias gr\u00e1ficas (croquis, fotograf\u00edas) de la evoluci\u00f3n de las obras e infraestructuras de la ULL.<\/li>\n\n\n\n<li>Control y seguimiento de obras mayores y menores con Direcci\u00f3n Facultativa en la OT: Formalizaci\u00f3n de Acta de Comprobaci\u00f3n de Replanteo, control de Certificaciones peri\u00f3dicas, formalizaci\u00f3n de Acta de Recepci\u00f3n y control de la Certificaci\u00f3n Final.<\/li>\n\n\n\n<li>Gesti\u00f3n y seguimiento de obras mayores con Direcci\u00f3n Facultativa externa: Formalizaci\u00f3n de Acta de Comprobaci\u00f3n de Replanteo, control de Certificaciones peri\u00f3dicas, formalizaci\u00f3n de Acta de Recepci\u00f3n y control de la Certificaci\u00f3n Final.<\/li>\n<\/ul>\n<\/div><\/div><\/div>\n<\/div><\/div>\n","protected":false},"excerpt":{"rendered":"<p>Oficina T\u00e9cnica Servicios que ofrece al usuario<\/p>\n","protected":false},"author":49,"featured_media":0,"parent":0,"menu_order":0,"comment_status":"closed","ping_status":"open","template":"templates\/template-frontpage.php","meta":{"_acf_changed":false,"footnotes":""},"class_list":["post-15","page","type-page","status-publish","hentry"],"acf":[],"_links":{"self":[{"href":"https:\/\/www.ull.es\/servicios\/oficina-tecnica\/wp-json\/wp\/v2\/pages\/15","targetHints":{"allow":["GET"]}}],"collection":[{"href":"https:\/\/www.ull.es\/servicios\/oficina-tecnica\/wp-json\/wp\/v2\/pages"}],"about":[{"href":"https:\/\/www.ull.es\/servicios\/oficina-tecnica\/wp-json\/wp\/v2\/types\/page"}],"author":[{"embeddable":true,"href":"https:\/\/www.ull.es\/servicios\/oficina-tecnica\/wp-json\/wp\/v2\/users\/49"}],"replies":[{"embeddable":true,"href":"https:\/\/www.ull.es\/servicios\/oficina-tecnica\/wp-json\/wp\/v2\/comments?post=15"}],"version-history":[{"count":6,"href":"https:\/\/www.ull.es\/servicios\/oficina-tecnica\/wp-json\/wp\/v2\/pages\/15\/revisions"}],"predecessor-version":[{"id":69,"href":"https:\/\/www.ull.es\/servicios\/oficina-tecnica\/wp-json\/wp\/v2\/pages\/15\/revisions\/69"}],"wp:attachment":[{"href":"https:\/\/www.ull.es\/servicios\/oficina-tecnica\/wp-json\/wp\/v2\/media?parent=15"}],"curies":[{"name":"wp","href":"https:\/\/api.w.org\/{rel}","templated":true}]}}