{"id":1934,"date":"2019-07-05T11:50:38","date_gmt":"2019-07-05T11:50:38","guid":{"rendered":"https:\/\/www.ull.es\/servicios\/otri\/?post_type=agustin&#038;p=1934"},"modified":"2019-07-05T11:50:38","modified_gmt":"2019-07-05T11:50:38","slug":"insectos-enriquecidos-en-acidos-grasos-poliinsaturados-de-la-serie-omega-3-para-consumo-humano","status":"publish","type":"agustin","link":"https:\/\/www.ull.es\/servicios\/otc\/fr\/agustin-betancourt\/insectos-enriquecidos-en-acidos-grasos-poliinsaturados-de-la-serie-omega-3-para-consumo-humano\/","title":{"rendered":"Insectes enrichis en acides gras polyinsatur\u00e9s om\u00e9ga-3 destin\u00e9s \u00e0 la consommation humaine"},"content":{"rendered":"<h1>Insectes enrichis en acides gras polyinsatur\u00e9s om\u00e9ga-3 destin\u00e9s \u00e0 la consommation humaine<\/h1>Les insectes sont d\u00e9sormais consid\u00e9r\u00e9s comme une source alimentaire nouvelle et durable pour l&#039;homme et les organismes aquatiques d&#039;\u00e9levage au sein de l&#039;Union europ\u00e9enne. Ce changement est motiv\u00e9 par la n\u00e9cessit\u00e9 de fournir des prot\u00e9ines animales \u00e0 une population mondiale qui devrait atteindre 9 milliards d&#039;habitants d&#039;ici 2050. Les insectes sont plus efficaces que l&#039;\u00e9levage traditionnel pour la production de prot\u00e9ines, avec un impact \u00e9cologique moindre. Cependant, leur composition nutritionnelle varie consid\u00e9rablement, m\u00eame entre individus d&#039;un m\u00eame lot. La conception d&#039;aliments artificiels pourrait r\u00e9soudre ce probl\u00e8me et am\u00e9liorer leur croissance et leur reproduction, tout en contribuant \u00e0 l&#039;obtention de produits plus nutritifs, bios\u00fbrs et \u00e0 haute valeur ajout\u00e9e. L&#039;objectif global de ce projet est donc de concevoir des aliments artificiels pour les esp\u00e8ces *Zophobas morio*, *Blaptica dubia*, *Gryllus asimilis* et *Gryllus bimaculatus*, ainsi que des syst\u00e8mes d&#039;am\u00e9lioration de la valeur nutritionnelle permettant d&#039;enrichir ces insectes en acides gras polyinsatur\u00e9s om\u00e9ga-3 et de garantir leur bios\u00e9curit\u00e9 pour la consommation humaine.<hr><h3>\u00c9quipe ULL<\/h3><ul><li><a href='https:\/\/www.ull.es\/servicios\/otc\/fr\/directorio\/search\/?busqueda=Diego Garrido Lorenzo' target='_blank'>Diego Garrido Lorenzo<\/a><\/li><li><a href='https:\/\/www.ull.es\/servicios\/otc\/fr\/directorio\/search\/?busqueda=Covadonga Rodr\u00edguez Gonz\u00e1lez' target='_blank'>Covadonga Rodr\u00edguez Gonz\u00e1lez<\/a><\/li><\/ul>","protected":false},"featured_media":0,"template":"","inventor":[425],"cotitulares":[367],"areas-agustin":[434],"convocatoria-agustin":[524],"class_list":["post-1934","agustin","type-agustin","status-publish","hentry","inventor-diego-garrido-lorenzo","cotitulares-a-maria-jose-bethencourt-linares-vertebrata","areas-agustin-ciencias-de-la-tierra-y-desarrollo-sostenible","convocatoria-agustin-524","palabras-clave-dieta","palabras-clave-entomofagia","palabras-clave-insecto","palabras-clave-lipidos"],"acf":[],"_links":{"self":[{"href":"https:\/\/www.ull.es\/servicios\/otc\/fr\/wp-json\/wp\/v2\/agustin\/1934","targetHints":{"allow":["GET"]}}],"collection":[{"href":"https:\/\/www.ull.es\/servicios\/otc\/fr\/wp-json\/wp\/v2\/agustin"}],"about":[{"href":"https:\/\/www.ull.es\/servicios\/otc\/fr\/wp-json\/wp\/v2\/types\/agustin"}],"version-history":[{"count":1,"href":"https:\/\/www.ull.es\/servicios\/otc\/fr\/wp-json\/wp\/v2\/agustin\/1934\/revisions"}],"predecessor-version":[{"id":1935,"href":"https:\/\/www.ull.es\/servicios\/otc\/fr\/wp-json\/wp\/v2\/agustin\/1934\/revisions\/1935"}],"wp:attachment":[{"href":"https:\/\/www.ull.es\/servicios\/otc\/fr\/wp-json\/wp\/v2\/media?parent=1934"}],"wp:term":[{"taxonomy":"inventor","embeddable":true,"href":"https:\/\/www.ull.es\/servicios\/otc\/fr\/wp-json\/wp\/v2\/inventor?post=1934"},{"taxonomy":"cotitulares","embeddable":true,"href":"https:\/\/www.ull.es\/servicios\/otc\/fr\/wp-json\/wp\/v2\/cotitulares?post=1934"},{"taxonomy":"areas-agustin","embeddable":true,"href":"https:\/\/www.ull.es\/servicios\/otc\/fr\/wp-json\/wp\/v2\/areas-agustin?post=1934"},{"taxonomy":"convocatoria-agustin","embeddable":true,"href":"https:\/\/www.ull.es\/servicios\/otc\/fr\/wp-json\/wp\/v2\/convocatoria-agustin?post=1934"}],"curies":[{"name":"wp","href":"https:\/\/api.w.org\/{rel}","templated":true}]}}

Insectes enrichis en acides gras polyinsaturés oméga-3 destinés à la consommation humaine

<h1>Insectes enrichis en acides gras polyinsaturés oméga-3 destinés à la consommation humaine</h1>Les insectes sont désormais considérés comme une source alimentaire nouvelle et durable pour l&#039;homme et les organismes aquatiques d&#039;élevage au sein de l&#039;Union européenne. Ce changement est motivé par la nécessité de fournir des protéines animales à une population mondiale qui devrait atteindre 9 milliards d&#039;habitants d&#039;ici 2050. Les insectes sont plus efficaces que l&#039;élevage traditionnel pour la production de protéines, avec un impact écologique moindre. Cependant, leur composition nutritionnelle varie considérablement, même entre individus d&#039;un même lot. La conception d&#039;aliments artificiels pourrait résoudre ce problème et améliorer leur croissance et leur reproduction, tout en contribuant à l&#039;obtention de produits plus nutritifs, biosûrs et à haute valeur ajoutée. L&#039;objectif global de ce projet est donc de concevoir des aliments artificiels pour les espèces *Zophobas morio*, *Blaptica dubia*, *Gryllus asimilis* et *Gryllus bimaculatus*, ainsi que des systèmes d&#039;amélioration de la valeur nutritionnelle permettant d&#039;enrichir ces insectes en acides gras polyinsaturés oméga-3 et de garantir leur biosécurité pour la consommation humaine.<hr><h3>Équipe ULL</h3><ul><li><a href='https://www.ull.es/servicios/otc/fr/directorio/search/?busqueda=Diego Garrido Lorenzo' target='_blank'>Diego Garrido Lorenzo</a></li><li><a href='https://www.ull.es/servicios/otc/fr/directorio/search/?busqueda=Covadonga Rodríguez González' target='_blank'>Covadonga Rodríguez González</a></li></ul>
