{"id":1878,"date":"2019-07-04T13:12:33","date_gmt":"2019-07-04T13:12:33","guid":{"rendered":"https:\/\/www.ull.es\/servicios\/otri\/?post_type=agustin&#038;p=1878"},"modified":"2019-07-05T08:09:44","modified_gmt":"2019-07-05T08:09:44","slug":"identificacion-de-nuevas-dianas-terapeuticas-y-generacion-de-nuevos-peptidos-neuroprotectores-en-la-enfermedad-de-alzheimer-y-tauopatias-relacionadas","status":"publish","type":"agustin","link":"https:\/\/www.ull.es\/servicios\/otc\/agustin-betancourt\/identificacion-de-nuevas-dianas-terapeuticas-y-generacion-de-nuevos-peptidos-neuroprotectores-en-la-enfermedad-de-alzheimer-y-tauopatias-relacionadas\/","title":{"rendered":"Identificaci\u00f3n de nuevas dianas terap\u00e9uticas y generaci\u00f3n de nuevos p\u00e9ptidos neuroprotectores en la enfermedad de Alzheimer y tauopat\u00edas relacionadas"},"content":{"rendered":"<h1>Identificaci\u00f3n de nuevas dianas terap\u00e9uticas y generaci\u00f3n de nuevos p\u00e9ptidos neuroprotectores en la enfermedad de Alzheimer y tauopat\u00edas relacionadas<\/h1>La enfermedad de Alzheimer (EA) es la principal causa de demencia y deterioro cognitivo en las sociedades desarrolladas, y su incidencia va en aumento exponencial debido al envejecimiento de la poblaci\u00f3n. Las Islas Canarias podr\u00edan presentar una prevalencia de EA mayor que la media, dado que su poblaci\u00f3n presenta una mayor incidencia de factores de riesgo relacionados, como la diabetes, la obesidad o la hipertensi\u00f3n. Por ello, la EA constituye un problema de salud p\u00fablica grave y con elevad\u00edsimos costes sociosanitarios, tanto a nivel global como para las islas, y m\u00e1s concretamente para Tenerife, que es la que cuenta con un mayor n\u00famero de enfermos. La EA tiene una etapa inicial asintom\u00e1tica prolongada, de modo que cuando se manifiesta y se puede diagnosticar, el deterioro cerebral es ya muy acusado. Resulta pues crucial intentar frenar su avance desde momentos tempranos de su desarrollo. Recientemente se ha descrito que la prote\u00edna tau, una de las protagonistas en la EA, se libera de las neuronas, propag\u00e1ndose de manera patol\u00f3gica en el cerebro a modo de pri\u00f3n, en correlaci\u00f3n con la aparici\u00f3n del deterioro cognitivo. Por ello, el bloqueo de la liberaci\u00f3n de tau de las neuronas, podr\u00eda suponer un freno a la propagaci\u00f3n de la enfermedad en estad\u00edos tempranos de la misma. El objetivo de este proyecto es identificar nuevas dianas terap\u00e9uticas y generar nuevos potenciales f\u00e1rmacos para el tratamiento del Alzheimer y demencias relacionadas en estadios tempranos. Para ello, nos hemos centrado en nuestros hallazgos previos que indican que las prote\u00ednas EBs interaccionan con tau y podr\u00edan regular su liberaci\u00f3n. Nuestro principal esfuerzo est\u00e1 enfocado a la b\u00fasqueda de mol\u00e9culas (ej. p\u00e9ptidos), que mediante la modulaci\u00f3n de la interacci\u00f3n tau\/EBs, reduzcan la salida de tau y de este modo frenen la progresi\u00f3n de la patolog\u00eda del Alzheimer.<hr><h3>Equipo ULL<\/h3><ul><li><a href='https:\/\/www.ull.es\/directorio\/search\/?busqueda=C\u00e1rmen Laura Sayas Casanova' target='_blank'>C\u00e1rmen Laura Sayas Casanova<\/a><\/li><li><a href='https:\/\/www.ull.es\/directorio\/search\/?busqueda=N\u00e9stor Vicente Torres Darias' target='_blank'>N\u00e9stor Vicente Torres Darias<\/a><\/li><\/ul>\n\n\n\n","protected":false},"featured_media":0,"template":"","inventor":[405],"cotitulares":[400],"areas-agustin":[440],"convocatoria-agustin":[435],"class_list":["post-1878","agustin","type-agustin","status-publish","hentry","inventor-carmen-laura-sayas-casanova","cotitulares-zurco-research-s-l","areas-agustin-biotecnologia-biomedicina-y-salud","convocatoria-agustin-435","palabras-clave-enfermedad-de-alzheimer-ea","palabras-clave-neurodegeneracion","palabras-clave-nuevas-dianas-terapeuticas","palabras-clave-nuevos-peptidos-neuroprotectores"],"acf":[],"_links":{"self":[{"href":"https:\/\/www.ull.es\/servicios\/otc\/wp-json\/wp\/v2\/agustin\/1878","targetHints":{"allow":["GET"]}}],"collection":[{"href":"https:\/\/www.ull.es\/servicios\/otc\/wp-json\/wp\/v2\/agustin"}],"about":[{"href":"https:\/\/www.ull.es\/servicios\/otc\/wp-json\/wp\/v2\/types\/agustin"}],"version-history":[{"count":1,"href":"https:\/\/www.ull.es\/servicios\/otc\/wp-json\/wp\/v2\/agustin\/1878\/revisions"}],"predecessor-version":[{"id":1879,"href":"https:\/\/www.ull.es\/servicios\/otc\/wp-json\/wp\/v2\/agustin\/1878\/revisions\/1879"}],"wp:attachment":[{"href":"https:\/\/www.ull.es\/servicios\/otc\/wp-json\/wp\/v2\/media?parent=1878"}],"wp:term":[{"taxonomy":"inventor","embeddable":true,"href":"https:\/\/www.ull.es\/servicios\/otc\/wp-json\/wp\/v2\/inventor?post=1878"},{"taxonomy":"cotitulares","embeddable":true,"href":"https:\/\/www.ull.es\/servicios\/otc\/wp-json\/wp\/v2\/cotitulares?post=1878"},{"taxonomy":"areas-agustin","embeddable":true,"href":"https:\/\/www.ull.es\/servicios\/otc\/wp-json\/wp\/v2\/areas-agustin?post=1878"},{"taxonomy":"convocatoria-agustin","embeddable":true,"href":"https:\/\/www.ull.es\/servicios\/otc\/wp-json\/wp\/v2\/convocatoria-agustin?post=1878"}],"curies":[{"name":"wp","href":"https:\/\/api.w.org\/{rel}","templated":true}]}}

Identificación de nuevas dianas terapéuticas y generación de nuevos péptidos neuroprotectores en la enfermedad de Alzheimer y tauopatías relacionadas

<h1>Identificación de nuevas dianas terapéuticas y generación de nuevos péptidos neuroprotectores en la enfermedad de Alzheimer y tauopatías relacionadas</h1>La enfermedad de Alzheimer (EA) es la principal causa de demencia y deterioro cognitivo en las sociedades desarrolladas, y su incidencia va en aumento exponencial debido al envejecimiento de la población. Las Islas Canarias podrían presentar una prevalencia de EA mayor que la media, dado que su población presenta una mayor incidencia de factores de riesgo relacionados, como la diabetes, la obesidad o la hipertensión. Por ello, la EA constituye un problema de salud pública grave y con elevadísimos costes sociosanitarios, tanto a nivel global como para las islas, y más concretamente para Tenerife, que es la que cuenta con un mayor número de enfermos. La EA tiene una etapa inicial asintomática prolongada, de modo que cuando se manifiesta y se puede diagnosticar, el deterioro cerebral es ya muy acusado. Resulta pues crucial intentar frenar su avance desde momentos tempranos de su desarrollo. Recientemente se ha descrito que la proteína tau, una de las protagonistas en la EA, se libera de las neuronas, propagándose de manera patológica en el cerebro a modo de prión, en correlación con la aparición del deterioro cognitivo. Por ello, el bloqueo de la liberación de tau de las neuronas, podría suponer un freno a la propagación de la enfermedad en estadíos tempranos de la misma. El objetivo de este proyecto es identificar nuevas dianas terapéuticas y generar nuevos potenciales fármacos para el tratamiento del Alzheimer y demencias relacionadas en estadios tempranos. Para ello, nos hemos centrado en nuestros hallazgos previos que indican que las proteínas EBs interaccionan con tau y podrían regular su liberación. Nuestro principal esfuerzo está enfocado a la búsqueda de moléculas (ej. péptidos), que mediante la modulación de la interacción tau/EBs, reduzcan la salida de tau y de este modo frenen la progresión de la patología del Alzheimer.<hr><h3>Equipo ULL</h3><ul><li><a href='https://www.ull.es/directorio/search/?busqueda=Cármen Laura Sayas Casanova' target='_blank'>Cármen Laura Sayas Casanova</a></li><li><a href='https://www.ull.es/directorio/search/?busqueda=Néstor Vicente Torres Darias' target='_blank'>Néstor Vicente Torres Darias</a></li></ul>
