{"id":2272,"date":"2021-06-07T10:58:01","date_gmt":"2021-06-07T10:58:01","guid":{"rendered":"https:\/\/www.ull.es\/servicios\/otri\/?post_type=agustin&#038;p=2272"},"modified":"2021-06-07T10:59:20","modified_gmt":"2021-06-07T10:59:20","slug":"anklocam","status":"publish","type":"agustin","link":"https:\/\/www.ull.es\/servicios\/otc\/agustin-betancourt\/anklocam\/","title":{"rendered":"Obtenci\u00f3n de mini-anticuerpos para la detecci\u00f3n de la prote\u00edna Klotho mediante  inmunizaci\u00f3n de camellos ( Camelus dromedarius ) en las Islas Canarias (AnKloCam)Obtenci\u00f3n de mini-anticuerpos para la detecci\u00f3n de la prote\u00edna Klotho mediante  inmunizaci\u00f3n de camellos ( Camelus dromedarius ) en las Islas Canarias (AnKloCam)"},"content":{"rendered":"<h1>Desarrollo de un sistema de neurorrehabilitaci\u00f3n basado en estimulaci\u00f3n cortical  utilizando el control de miembros virtuales por seguimiento ocular (NRET)<\/h1>El objetivo es desarrollar un sistema de neurorrehabilitaci\u00f3n y comprobar que su uso produce cambios en la plasticidad cerebral que dan lugar a mejoras en la funci\u00f3n motora de pacientes con da\u00f1o cerebral. El sistema a transferir estar\u00e1  formado por un entorno interactivo en l\u00ednea en el que el paciente controlar\u00e1 elementos virtuales con el movimiento de  sus ojos usando un sistema de eye-tracking.<hr><h3>Equipo ULL<\/h3><ul><li><a href='https:\/\/www.ull.es\/directorio\/search\/?busqueda=Rebeca Villarroel Ram\u00edrez' target='_blank'>Rebeca Villarroel Ram\u00edrez<\/a><\/li><li><a href='https:\/\/www.ull.es\/directorio\/search\/?busqueda=Sergio El\u00edas Hern\u00e1ndez Alonso' target='_blank'>Sergio El\u00edas Hern\u00e1ndez Alonso<\/a><\/li><li><a href='https:\/\/www.ull.es\/directorio\/search\/?busqueda=Consuelo Revert Giron\u00e9s' target='_blank'>Consuelo Revert Giron\u00e9s<\/a><\/li><li><a href='https:\/\/www.ull.es\/directorio\/search\/?busqueda=Cristi\u00e1n Modro\u00f1o Pascual' target='_blank'>Cristi\u00e1n Modro\u00f1o Pascual<\/a><\/li><li><a href='https:\/\/www.ull.es\/directorio\/search\/?busqueda=David D\u00edaz Mart\u00edn' target='_blank'>David D\u00edaz Mart\u00edn<\/a><\/li><li><a href='https:\/\/www.ull.es\/directorio\/search\/?busqueda=Julio Plata Bello' target='_blank'>Julio Plata Bello<\/a><\/li><li><a href='https:\/\/www.ull.es\/directorio\/search\/?busqueda=Jos\u00e9 Luis Gonz\u00e1lez Mora' target='_blank'>Jos\u00e9 Luis Gonz\u00e1lez Mora<\/a><\/li><\/ul>\n\n\n\n","protected":false},"featured_media":0,"template":"","inventor":[706],"cotitulares":[160],"areas-agustin":[440],"convocatoria-agustin":[632],"class_list":["post-2272","agustin","type-agustin","status-publish","hentry","inventor-victor-garcia-tagua","cotitulares-centro-atlantico-del-medicamento-ceamed","areas-agustin-biotecnologia-biomedicina-y-salud","convocatoria-agustin-632","palabras-clave-camelidos","palabras-clave-inmunologia","palabras-clave-klotho","palabras-clave-minianticuerpos","palabras-clave-nanoanticuerpos"],"acf":[],"_links":{"self":[{"href":"https:\/\/www.ull.es\/servicios\/otc\/wp-json\/wp\/v2\/agustin\/2272","targetHints":{"allow":["GET"]}}],"collection":[{"href":"https:\/\/www.ull.es\/servicios\/otc\/wp-json\/wp\/v2\/agustin"}],"about":[{"href":"https:\/\/www.ull.es\/servicios\/otc\/wp-json\/wp\/v2\/types\/agustin"}],"version-history":[{"count":1,"href":"https:\/\/www.ull.es\/servicios\/otc\/wp-json\/wp\/v2\/agustin\/2272\/revisions"}],"predecessor-version":[{"id":2273,"href":"https:\/\/www.ull.es\/servicios\/otc\/wp-json\/wp\/v2\/agustin\/2272\/revisions\/2273"}],"wp:attachment":[{"href":"https:\/\/www.ull.es\/servicios\/otc\/wp-json\/wp\/v2\/media?parent=2272"}],"wp:term":[{"taxonomy":"inventor","embeddable":true,"href":"https:\/\/www.ull.es\/servicios\/otc\/wp-json\/wp\/v2\/inventor?post=2272"},{"taxonomy":"cotitulares","embeddable":true,"href":"https:\/\/www.ull.es\/servicios\/otc\/wp-json\/wp\/v2\/cotitulares?post=2272"},{"taxonomy":"areas-agustin","embeddable":true,"href":"https:\/\/www.ull.es\/servicios\/otc\/wp-json\/wp\/v2\/areas-agustin?post=2272"},{"taxonomy":"convocatoria-agustin","embeddable":true,"href":"https:\/\/www.ull.es\/servicios\/otc\/wp-json\/wp\/v2\/convocatoria-agustin?post=2272"}],"curies":[{"name":"wp","href":"https:\/\/api.w.org\/{rel}","templated":true}]}}

Obtención de mini-anticuerpos para la detección de la proteína Klotho mediante  inmunización de camellos ( Camelus dromedarius ) en las Islas Canarias (AnKloCam)Obtención de mini-anticuerpos para la detección de la proteína Klotho mediante  inmunización de camellos ( Camelus dromedarius ) en las Islas Canarias (AnKloCam)

<h1>Desarrollo de un sistema de neurorrehabilitación basado en estimulación cortical  utilizando el control de miembros virtuales por seguimiento ocular (NRET)</h1>El objetivo es desarrollar un sistema de neurorrehabilitación y comprobar que su uso produce cambios en la plasticidad cerebral que dan lugar a mejoras en la función motora de pacientes con daño cerebral. El sistema a transferir estará  formado por un entorno interactivo en línea en el que el paciente controlará elementos virtuales con el movimiento de  sus ojos usando un sistema de eye-tracking.<hr><h3>Equipo ULL</h3><ul><li><a href='https://www.ull.es/directorio/search/?busqueda=Rebeca Villarroel Ramírez' target='_blank'>Rebeca Villarroel Ramírez</a></li><li><a href='https://www.ull.es/directorio/search/?busqueda=Sergio Elías Hernández Alonso' target='_blank'>Sergio Elías Hernández Alonso</a></li><li><a href='https://www.ull.es/directorio/search/?busqueda=Consuelo Revert Gironés' target='_blank'>Consuelo Revert Gironés</a></li><li><a href='https://www.ull.es/directorio/search/?busqueda=Cristián Modroño Pascual' target='_blank'>Cristián Modroño Pascual</a></li><li><a href='https://www.ull.es/directorio/search/?busqueda=David Díaz Martín' target='_blank'>David Díaz Martín</a></li><li><a href='https://www.ull.es/directorio/search/?busqueda=Julio Plata Bello' target='_blank'>Julio Plata Bello</a></li><li><a href='https://www.ull.es/directorio/search/?busqueda=José Luis González Mora' target='_blank'>José Luis González Mora</a></li></ul>
