{"id":2440,"date":"2022-05-25T08:28:29","date_gmt":"2022-05-25T08:28:29","guid":{"rendered":"https:\/\/www.ull.es\/servicios\/otri\/?page_id=2440"},"modified":"2024-04-11T11:17:48","modified_gmt":"2024-04-11T11:17:48","slug":"enfermedades-infecciosas-microbiologia-parasitologia-virologia-2","status":"publish","type":"page","link":"https:\/\/www.ull.es\/servicios\/otc\/ciencias-de-la-salud\/enfermedades-infecciosas-microbiologia-parasitologia-virologia-2\/","title":{"rendered":"Enfermedades infecciosas (Microbiolog\u00eda, Parasitolog\u00eda, Virolog\u00eda)"},"content":{"rendered":"<p>[vc_row full_width=\u00bbstretch_row\u00bb css=\u00bb.vc_custom_1651834308817{padding-right: 15% !important;padding-left: 15% !important;}\u00bb][vc_column][vc_row_inner][vc_column_inner css=\u00bb.vc_custom_1651832351508{padding-top: 25px !important;padding-bottom: 20px !important;background-color: #efefef !important;}\u00bb el_id=\u00bbotri-nuevo\u00bb][vc_column_text]<\/p>\n<h1 style=\"text-align: center;color: #ffffff;font-size: 28px\">Enfermedades infecciosas (Microbiolog\u00eda, Parasitolog\u00eda, Virolog\u00eda)<\/h1>\n<p>[\/vc_column_text][\/vc_column_inner][\/vc_row_inner][\/vc_column][\/vc_row][vc_row full_width=\u00bbstretch_row\u00bb gap=\u00bb4&#8243; equal_height=\u00bbyes\u00bb css=\u00bb.vc_custom_1652438508240{padding-right: 15% !important;padding-left: 15% !important;}\u00bb][vc_column css_animation=\u00bbappear\u00bb width=\u00bb2\/3&#8243; css=\u00bb.vc_custom_1652438462684{background-color: #efefef !important;}\u00bb][vc_tta_accordion active_section=\u00bb\u00bb collapsible_all=\u00bbtrue\u00bb][vc_tta_section title=\u00bbInstitutos de Investigaci\u00f3n\u00bb tab_id=\u00bbinstituto-de-investigacion\u00bb][vc_column_text]<\/p>\n<ul>\n<li><a href=\"https:\/\/www.ull.es\/institutos\/instituto-tecnologias-biomedicas\/\" target=\"_blank\" rel=\"noopener\" target=\"_blank\" rel=\"noopener\"><b>Instituto de Tecnolog\u00edas Biom\u00e9dicas <\/b><\/a><\/li>\n<li><a href=\"https:\/\/www.ull.es\/institutos\/instituto-universitario-bio-organica\/\" target=\"_blank\" rel=\"noopener\" target=\"_blank\" rel=\"noopener\"><b>Instituto Universitario de Bio-Org\u00e1nica Antonio Gonz\u00e1lez <\/b><\/a><\/li>\n<li><a href=\"https:\/\/www.ull.es\/institutos\/instituto-enfermedades-tropicales-salud-publica-canarias\/\" target=\"_blank\" rel=\"noopener\" target=\"_blank\" rel=\"noopener\"><b>Instituto Universitario de Enfermedades Tropicales y Salud P\u00fablica de Canarias\u00a0<\/b><\/a><\/li>\n<li><b><a href=\"https:\/\/www.ull.es\/institutos\/instituto-universitario-neurociencia\/\" target=\"_blank\" rel=\"noopener\" target=\"_blank\" rel=\"noopener\">Instituto Universitario de Neurociencia<\/a>\u00a0<\/b><\/li>\n<\/ul>\n<p>[\/vc_column_text][\/vc_tta_section][vc_tta_section title=\u00bbGrupos de Investigaci\u00f3n\u00bb tab_id=\u00bb1652437509859-62471542-0f76&#8243;][vc_column_text]<\/p>\n<ul>\n<li><strong><a href=\"https:\/\/drive.google.com\/file\/d\/1yQupC97pmt33cNmacIXANu-S0HhbWo_H\/view?usp=sharing\" target=\"_blank\" rel=\"noopener\">ARQVE. Arquitectura vegetal<\/a><\/strong><\/li>\n<li><strong><a href=\"https:\/\/drive.google.com\/file\/d\/1BKxUru6f7rUtqh4EAzD41AeAoRSslHxd\/view?usp=sharing\" target=\"_blank\" rel=\"noopener\">DECENT. Desarrollo econ\u00f3mico, Energ\u00eda y Transporte<\/a><\/strong><\/li>\n<li><strong><a href=\"https:\/\/drive.google.com\/file\/d\/1EREn3ujHgAx4c6bWDWd6p9ssohIJrNZA\/view?usp=sharing\" target=\"_blank\" rel=\"noopener\">ECOMAR. Ecolog\u00eda de Comunidades Marinas y Conservaci\u00f3n<\/a><\/strong><\/li>\n<li><strong><a href=\"https:\/\/drive.google.com\/file\/d\/1SI_f2-KX-tr7ZbJxSqscOtLPlUIyDkIh\/view?usp=sharing\" target=\"_blank\" rel=\"noopener\">GTMB. Gen\u00e9tica Molecular y Biodiversidad<\/a><\/strong><\/li>\n<li><strong><a href=\"https:\/\/drive.google.com\/file\/d\/1uSZEdQcU704rSsoMad-f6e1mwNw2uv06\/view?usp=sharing\" target=\"_blank\" rel=\"noopener\">INMUNOCELVIROL. Inmunolog\u00eda celular y viral<\/a><\/strong><\/li>\n<li><strong><a href=\"https:\/\/drive.google.com\/file\/d\/1J2Qo-Jufhx9p0GUm5GQXG4C_5BOchCBI\/view?usp=sharing\" target=\"_blank\" rel=\"noopener\">MICROFITOPAT. Microorganismos fitopat\u00f3genos<\/a><\/strong><\/li>\n<li><strong><a href=\"https:\/\/drive.google.com\/file\/d\/1tc2sV3A59kkO0hxji1unEs-xQ7TIeO7D\/view?usp=sharing\" target=\"_blank\" rel=\"noopener\">MPSPB. Medicina preventiva y Salud p\u00fablica<\/a><\/strong><\/li>\n<li><strong><a href=\"https:\/\/drive.google.com\/file\/d\/1KMWVxDuC0fYJQ75Xf91sslOYAe3skMP8\/view?usp=sharing\" target=\"_blank\" rel=\"noopener\">MTNRED. M\u00e9todos num\u00e9ricos en ecuaciones diferenciales<\/a><\/strong><\/li>\n<li><strong><a href=\"https:\/\/drive.google.com\/file\/d\/1U9omFWs5rKVZ6Qkn2P-NKWz7G9HkmAvC\/view?usp=sharing\" target=\"_blank\" rel=\"noopener\">ProMar. Productos Marinos<\/a><\/strong><\/li>\n<li><strong><a href=\"https:\/\/drive.google.com\/file\/d\/16BCcXWkJTTFVl1hl8sfbLsfRYBjVibIE\/view?usp=sharing\" target=\"_blank\" rel=\"noopener\">QUIMIOPLAN. Bioactive Natural Products<\/a><\/strong><\/li>\n<\/ul>\n<p>[\/vc_column_text][\/vc_tta_section][vc_tta_section title=\u00bbAplicaciones Industriales, Servicios y Laboratorios\u00bb tab_id=\u00bb1652437536275-76120a38-8561&#8243;][vc_column_text]<\/p>\n<ul>\n<li><a href=\"https:\/\/www.ull.es\/servicios\/segai\/\" target=\"_blank\" rel=\"noopener\" target=\"_blank\" rel=\"noopener\"><b>Servicio General de Apoyo a la Investigaci\u00f3n (SEGAI)<\/b><\/a><\/li>\n<\/ul>\n<p>[\/vc_column_text][\/vc_tta_section][vc_tta_section title=\u00bbPatentes y Modelos de Utilidad\u00bb tab_id=\u00bb1652437588359-de0ee6a8-e3fc\u00bb][vc_column_text]<\/p>\n<ul>\n<li><a href=\"https:\/\/www.ull.es\/servicios\/otri\/proteccion\/cartera-patentes\/dispositivo-de-captacion-e-inactivacion-de-patogenos\/\" target=\"_blank\" rel=\"noopener\" target=\"_blank\" rel=\"noopener\"><span style=\"font-weight: 400\">P202000141 &#8211; Dispositivo de captaci\u00f3n e inactivaci\u00f3n de pat\u00f3genos.<\/span><\/a><\/li>\n<li><a href=\"https:\/\/www.ull.es\/servicios\/otri\/proteccion\/cartera-patentes\/formulacion-medica-contra-el-staphylococcus-aureus-resistente-a-la-meticilina-causante-de-infecciones-invasivas\/\" target=\"_blank\" rel=\"noopener\" target=\"_blank\" rel=\"noopener\"><span style=\"font-weight: 400\">MA-51937 &#8211; Formulaci\u00f3n m\u00e9dica contra el <\/span><i><span style=\"font-weight: 400\">Staphylococcus aureus<\/span><\/i><span style=\"font-weight: 400\"> resistente a la meticilina causante de infecciones invasivas.<\/span><\/a><\/li>\n<li><a href=\"https:\/\/www.ull.es\/servicios\/otri\/proteccion\/cartera-patentes\/quinonas-heterociclicas-sinteticas-con-actividad-antimicrobiana\/\" target=\"_blank\" rel=\"noopener\" target=\"_blank\" rel=\"noopener\"><span style=\"font-weight: 400\">P201132080 &#8211; Quinonas heteroc\u00edclicas sint\u00e9ticas con actividad antimicrobiana<\/span><\/a><\/li>\n<\/ul>\n<p>[\/vc_column_text][\/vc_tta_section][\/vc_tta_accordion][vc_empty_space][\/vc_column][vc_column width=\u00bb1\/3&#8243; css=\u00bb.vc_custom_1652438456640{background-color: #efefef !important;}\u00bb][vc_btn title=\u00bbVolver a Ciencias de La Salud\u00bb size=\u00bblg\u00bb link=\u00bburl:https%3A%2F%2Fwww.ull.es%2Fservicios%2Fotc%2Fciencias-de-la-salud%2F\u00bb el_class=\u00bbboton-volver\u00bb][vc_btn title=\u00bbVolver al Inicio\u00bb color=\u00bbpurple\u00bb size=\u00bblg\u00bb align=\u00bbcenter\u00bb button_block=\u00bbtrue\u00bb link=\u00bburl:https%3A%2F%2Fwww.ull.es%2Fservicios%2Fotc%2F\u00bb el_class=\u00bbboton-volver\u00bb][\/vc_column][\/vc_row]<\/p>\n","protected":false},"excerpt":{"rendered":"<p>[vc_row full_width=\u00bbstretch_row\u00bb css=\u00bb.vc_custom_1651834308817{padding-right: 15% !important;padding-left: 15% !important;}\u00bb][vc_column][vc_row_inner][vc_column_inner css=\u00bb.vc_custom_1651832351508{padding-top: 25px !important;padding-bottom: 20px !important;background-color: #efefef !important;}\u00bb el_id=\u00bbotri-nuevo\u00bb][vc_column_text] Enfermedades infecciosas (Microbiolog\u00eda, Parasitolog\u00eda, Virolog\u00eda) [\/vc_column_text][\/vc_column_inner][\/vc_row_inner][\/vc_column][\/vc_row][vc_row full_width=\u00bbstretch_row\u00bb gap=\u00bb4&#8243; equal_height=\u00bbyes\u00bb css=\u00bb.vc_custom_1652438508240{padding-right: 15% !important;padding-left: 15% !important;}\u00bb][vc_column css_animation=\u00bbappear\u00bb width=\u00bb2\/3&#8243; css=\u00bb.vc_custom_1652438462684{background-color: #efefef !important;}\u00bb][vc_tta_accordion active_section=\u00bb\u00bb collapsible_all=\u00bbtrue\u00bb][vc_tta_section title=\u00bbInstitutos de Investigaci\u00f3n\u00bb tab_id=\u00bbinstituto-de-investigacion\u00bb][vc_column_text] Instituto de Tecnolog\u00edas Biom\u00e9dicas Instituto Universitario de Bio-Org\u00e1nica Antonio Gonz\u00e1lez Instituto Universitario de Enfermedades Tropicales&#8230;<\/p>\n","protected":false},"author":47,"featured_media":0,"parent":2389,"menu_order":0,"comment_status":"closed","ping_status":"closed","template":"templates\/template-no-title.php","meta":{"_acf_changed":false,"footnotes":""},"class_list":["post-2440","page","type-page","status-publish","hentry"],"acf":[],"_links":{"self":[{"href":"https:\/\/www.ull.es\/servicios\/otc\/wp-json\/wp\/v2\/pages\/2440","targetHints":{"allow":["GET"]}}],"collection":[{"href":"https:\/\/www.ull.es\/servicios\/otc\/wp-json\/wp\/v2\/pages"}],"about":[{"href":"https:\/\/www.ull.es\/servicios\/otc\/wp-json\/wp\/v2\/types\/page"}],"author":[{"embeddable":true,"href":"https:\/\/www.ull.es\/servicios\/otc\/wp-json\/wp\/v2\/users\/47"}],"replies":[{"embeddable":true,"href":"https:\/\/www.ull.es\/servicios\/otc\/wp-json\/wp\/v2\/comments?post=2440"}],"version-history":[{"count":7,"href":"https:\/\/www.ull.es\/servicios\/otc\/wp-json\/wp\/v2\/pages\/2440\/revisions"}],"predecessor-version":[{"id":3109,"href":"https:\/\/www.ull.es\/servicios\/otc\/wp-json\/wp\/v2\/pages\/2440\/revisions\/3109"}],"up":[{"embeddable":true,"href":"https:\/\/www.ull.es\/servicios\/otc\/wp-json\/wp\/v2\/pages\/2389"}],"wp:attachment":[{"href":"https:\/\/www.ull.es\/servicios\/otc\/wp-json\/wp\/v2\/media?parent=2440"}],"curies":[{"name":"wp","href":"https:\/\/api.w.org\/{rel}","templated":true}]}}