{"id":106,"date":"2021-12-27T10:23:10","date_gmt":"2021-12-27T10:23:10","guid":{"rendered":"https:\/\/www.ull.es\/servicios\/prevencion-riesgos-laborales2\/?page_id=106"},"modified":"2026-02-27T11:32:57","modified_gmt":"2026-02-27T11:32:57","slug":"formacion","status":"publish","type":"page","link":"https:\/\/www.ull.es\/servicios\/prevencion-riesgos-laborales\/formacion\/","title":{"rendered":"Formaci\u00f3n"},"content":{"rendered":"\n<div class=\"wp-block-stackable-columns alignfull stk-block-columns stk-block stk-eaee94d\" data-block-id=\"eaee94d\"><style>.stk-eaee94d {margin-bottom:0px !important;}<\/style><div class=\"stk-row stk-inner-blocks stk-block-content stk-content-align stk-eaee94d-column alignfull\">\n<div class=\"wp-block-stackable-column stk-block-column stk-column stk-block stk-a49deaf stk-block-background stk--has-background-overlay\" data-v=\"4\" data-block-id=\"a49deaf\"><style>.stk-a49deaf {background-color:linear-gradient(135deg,rgb(65,94,249) 0%,rgb(156,82,180) 47%,rgb(250,70,108) 100%) !important;}.stk-a49deaf:before{background-image:linear-gradient(135deg,rgb(65,94,249) 0%,rgb(156,82,180) 47%,rgb(250,70,108) 100%) !important;}@media screen and (max-width: 767px){.stk-a49deaf {align-items:center !important;display:flex !important;}}<\/style><div class=\"stk-column-wrapper stk-block-column__content stk-container stk-a49deaf-container stk--no-background stk--no-padding\"><div class=\"has-text-align-center stk-block-content stk-inner-blocks stk-a49deaf-inner-blocks\">\n<div class=\"animacion-texto\">\n    <p>Formaci\u00f3n<\/p>\n<\/div>\n\n<style>\n\n   .animacion-texto p {\n        font-weight: 700;\n        color: white;\n        font-size: 22px;\n        margin-bottom: 0;\n    }\n    .animacion-texto {\n        display: flex;\n        justify-content: center;\n        align-items: center;\n        opacity: 0;\n        transform: translateY(-40px);\n        animation: bajarFade 0.8s ease-out forwards;\n        animation-delay: 1s;\n    }\n\n    @keyframes bajarFade {\n        to {\n            opacity: 1;\n            transform: translateY(0);\n        }\n    }\n<\/style>\n<\/div><\/div><\/div>\n<\/div><\/div>\n\n\n\n<div class=\"wp-block-stackable-columns alignfull stk-block-columns stk-block stk-f4a6401\" data-block-id=\"f4a6401\"><style>.stk-f4a6401 {padding-top:0px !important;padding-right:0px !important;padding-bottom:0px !important;padding-left:0px !important;margin-bottom:0px !important;}<\/style><div class=\"stk-row stk-inner-blocks stk-block-content stk-content-align stk-f4a6401-column alignfull\">\n<div class=\"wp-block-stackable-column stk-block-column stk-column stk-block stk-ec8708d stk-block-background\" data-v=\"4\" data-block-id=\"ec8708d\"><style>.stk-ec8708d {padding-top:100px !important;padding-bottom:200px !important;margin-bottom:-100px !important;}<\/style><div class=\"stk-column-wrapper stk-block-column__content stk-container stk-ec8708d-container stk--no-background stk--no-padding\"><div class=\"stk-block-content stk-inner-blocks stk-ec8708d-inner-blocks\">\n<details class=\"wp-block-stackable-accordion stk-block-accordion stk-inner-blocks stk-block-content stk--single-open stk-block stk-37785ea is-style-default\" data-block-id=\"37785ea\"><style>.stk-37785ea {margin-bottom:12px !important;}<\/style>\n<summary class=\"wp-block-stackable-column stk-block-column stk-column stk-block stk-efa0eb6 stk--container-small stk-block-accordion__heading\" data-v=\"4\" data-block-id=\"efa0eb6\"><style>.stk-efa0eb6-container{margin-top:0px !important;margin-right:0px !important;margin-bottom:0px !important;margin-left:0px !important;}<\/style><div class=\"stk-column-wrapper stk-block-column__content stk-container stk-efa0eb6-container stk--no-background stk--no-padding\"><div class=\"stk-block-content stk-inner-blocks stk-efa0eb6-inner-blocks\">\n<div class=\"wp-block-stackable-icon-label stk-block-icon-label stk-block stk-49ed3a3 stk-block-background stk--has-background-overlay\" data-block-id=\"49ed3a3\"><style>.stk-49ed3a3 .stk-inner-blocks{gap:0px !important;}.stk-49ed3a3 {background-color:linear-gradient(135deg,rgb(235,72,120) 0%,rgb(79,92,237) 100%) !important;border-top-left-radius:5px !important;border-top-right-radius:5px !important;border-bottom-right-radius:5px !important;border-bottom-left-radius:5px !important;overflow:hidden !important;padding-top:12px !important;padding-right:12px !important;padding-bottom:12px !important;padding-left:12px !important;}.stk-49ed3a3:before{background-image:linear-gradient(135deg,rgb(235,72,120) 0%,rgb(79,92,237) 100%) !important;}<\/style><div class=\"stk-row stk-inner-blocks stk-block-content\">\n<div class=\"wp-block-stackable-icon stk-block-icon stk-block stk-d0c232a\" data-block-id=\"d0c232a\"><style>.stk-d0c232a .stk--svg-wrapper .stk--inner-svg svg:last-child, .stk-d0c232a .stk--svg-wrapper .stk--inner-svg svg:last-child :is(g, path, rect, polygon, ellipse){fill:#ffffff !important;}<\/style><span class=\"stk--svg-wrapper stk--has-icon2\"><div class=\"stk--inner-svg\"><svg style=\"height:0;width:0\"><defs><linearGradient id=\"linear-gradient-d0c232a\" x1=\"0\" x2=\"100%\" y1=\"0\" y2=\"0\"><stop offset=\"0%\" style=\"stop-opacity:1;stop-color:var(--linear-gradient-d-0-c-232-a-color-1)\"><\/stop><stop offset=\"100%\" style=\"stop-opacity:1;stop-color:var(--linear-gradient-d-0-c-232-a-color-2)\"><\/stop><\/linearGradient><\/defs><\/svg><svg xmlns=\"http:\/\/www.w3.org\/2000\/svg\" viewBox=\"0 0 448 512\" aria-hidden=\"true\" width=\"32\" height=\"32\"><path d=\"M256 80c0-17.7-14.3-32-32-32s-32 14.3-32 32V224H48c-17.7 0-32 14.3-32 32s14.3 32 32 32H192V432c0 17.7 14.3 32 32 32s32-14.3 32-32V288H400c17.7 0 32-14.3 32-32s-14.3-32-32-32H256V80z\"\/><\/svg><\/div><div class=\"stk--inner-svg stk--icon-2\" style=\"display:none\"><svg style=\"height:0;width:0\"><defs><linearGradient id=\"linear-gradient-d0c232a\" x1=\"0\" x2=\"100%\" y1=\"0\" y2=\"0\"><stop offset=\"0%\" style=\"stop-opacity:1;stop-color:var(--linear-gradient-d-0-c-232-a-color-1)\"><\/stop><stop offset=\"100%\" style=\"stop-opacity:1;stop-color:var(--linear-gradient-d-0-c-232-a-color-2)\"><\/stop><\/linearGradient><\/defs><\/svg><svg xmlns=\"http:\/\/www.w3.org\/2000\/svg\" viewBox=\"0 0 448 512\" aria-hidden=\"true\" width=\"32\" height=\"32\"><path d=\"M432 256c0 17.7-14.3 32-32 32L48 288c-17.7 0-32-14.3-32-32s14.3-32 32-32l352 0c17.7 0 32 14.3 32 32z\"\/><\/svg><\/div><\/span><\/div>\n\n\n\n<div class=\"wp-block-stackable-heading stk-block-heading stk-block-heading--v2 stk-block stk-55ac130\" id=\"plan-de-formacion-pdi-y-pas\" data-block-id=\"55ac130\"><style>.stk-55ac130 .stk-block-heading__text{font-size:17px !important;color:#ffffff !important;font-weight:700 !important;}@media screen and (max-width: 1023px){.stk-55ac130 .stk-block-heading__text{font-size:17px !important;}}<\/style><p class=\"stk-block-heading__text has-text-color\">Plan de formaci\u00f3n PDI y PAS<\/p><\/div>\n<\/div><\/div>\n<\/div><\/div><\/summary>\n\n\n\n<div class=\"wp-block-stackable-column stk-block-column stk-column stk-block stk-1cb099d stk-block-background stk-block-accordion__content\" data-v=\"4\" data-block-id=\"1cb099d\"><style>.stk-1cb099d-container{margin-top:0px !important;margin-right:0px !important;margin-bottom:0px !important;margin-left:0px !important;}.stk-1cb099d {background-color:#f8f8f8 !important;padding-top:0px !important;padding-right:0px !important;padding-bottom:0px !important;padding-left:25px !important;margin-top:10px !important;}.stk-1cb099d:before{background-color:#f8f8f8 !important;}<\/style><div class=\"stk-column-wrapper stk-block-column__content stk-container stk-1cb099d-container stk--no-background stk--no-padding\"><div class=\"stk-block-content stk-inner-blocks stk-1cb099d-inner-blocks\">\n<div class=\"wp-block-stackable-text stk-block-text stk-block stk-004ca3f\" data-block-id=\"004ca3f\"><style>.stk-004ca3f .stk-block-text__text{font-size:16px !important;}@media screen and (max-width: 1023px){.stk-004ca3f .stk-block-text__text{font-size:16px !important;}}<\/style><p class=\"stk-block-text__text\">A trav\u00e9s de la Secci\u00f3n de Calidad y Formaci\u00f3n del PAS y del PDI se pueden consultar los cursos de la Universidad de La Laguna.<\/p><\/div>\n\n\n\n<ul class=\"wp-block-list\">\n<li><a href=\"https:\/\/www.ull.es\/estudios-docencia\/formacion-del-pas\/\" target=\"_blank\" rel=\"noreferrer noopener\" target=\"_blank\" rel=\"noopener\">Formaci\u00f3n del PAS<\/a><\/li>\n\n\n\n<li><a href=\"https:\/\/www.ull.es\/estudios-docencia\/formacion-profesorado\/\" target=\"_blank\" rel=\"noreferrer noopener\" target=\"_blank\" rel=\"noopener\">Formaci\u00f3n del PDI<\/a><\/li>\n<\/ul>\n<\/div><\/div><\/div>\n<\/details>\n<\/div><\/div><\/div>\n<\/div><\/div>\n\n\n\n<p><\/p>\n","protected":false},"excerpt":{"rendered":"<p>Formaci\u00f3n Plan de formaci\u00f3n PDI y PAS A trav\u00e9s de la Secci\u00f3n de Calidad y Formaci\u00f3n del PAS y del PDI se pueden consultar los cursos de la Universidad de La Laguna.<\/p>\n","protected":false},"author":47,"featured_media":0,"parent":0,"menu_order":0,"comment_status":"closed","ping_status":"closed","template":"templates\/template-frontpage.php","meta":{"_acf_changed":false,"footnotes":""},"class_list":["post-106","page","type-page","status-publish","hentry"],"acf":[],"_links":{"self":[{"href":"https:\/\/www.ull.es\/servicios\/prevencion-riesgos-laborales\/wp-json\/wp\/v2\/pages\/106","targetHints":{"allow":["GET"]}}],"collection":[{"href":"https:\/\/www.ull.es\/servicios\/prevencion-riesgos-laborales\/wp-json\/wp\/v2\/pages"}],"about":[{"href":"https:\/\/www.ull.es\/servicios\/prevencion-riesgos-laborales\/wp-json\/wp\/v2\/types\/page"}],"author":[{"embeddable":true,"href":"https:\/\/www.ull.es\/servicios\/prevencion-riesgos-laborales\/wp-json\/wp\/v2\/users\/47"}],"replies":[{"embeddable":true,"href":"https:\/\/www.ull.es\/servicios\/prevencion-riesgos-laborales\/wp-json\/wp\/v2\/comments?post=106"}],"version-history":[{"count":16,"href":"https:\/\/www.ull.es\/servicios\/prevencion-riesgos-laborales\/wp-json\/wp\/v2\/pages\/106\/revisions"}],"predecessor-version":[{"id":822,"href":"https:\/\/www.ull.es\/servicios\/prevencion-riesgos-laborales\/wp-json\/wp\/v2\/pages\/106\/revisions\/822"}],"wp:attachment":[{"href":"https:\/\/www.ull.es\/servicios\/prevencion-riesgos-laborales\/wp-json\/wp\/v2\/media?parent=106"}],"curies":[{"name":"wp","href":"https:\/\/api.w.org\/{rel}","templated":true}]}}