{"id":93,"date":"2021-12-27T10:06:12","date_gmt":"2021-12-27T10:06:12","guid":{"rendered":"https:\/\/www.ull.es\/servicios\/prevencion-riesgos-laborales2\/?page_id=93"},"modified":"2026-02-27T09:03:31","modified_gmt":"2026-02-27T09:03:31","slug":"procedimientos","status":"publish","type":"page","link":"https:\/\/www.ull.es\/servicios\/prevencion-riesgos-laborales\/procedimientos\/","title":{"rendered":"Procedimientos"},"content":{"rendered":"\n<div class=\"wp-block-stackable-columns alignfull stk-block-columns stk-block stk-eaee94d\" data-block-id=\"eaee94d\"><style>.stk-eaee94d {margin-bottom:0px !important;}<\/style><div class=\"stk-row stk-inner-blocks stk-block-content stk-content-align stk-eaee94d-column alignfull\">\n<div class=\"wp-block-stackable-column stk-block-column stk-column stk-block stk-a49deaf stk-block-background stk--has-background-overlay\" data-v=\"4\" data-block-id=\"a49deaf\"><style>.stk-a49deaf {background-color:linear-gradient(135deg,rgb(65,94,249) 0%,rgb(156,82,180) 47%,rgb(250,70,108) 100%) !important;}.stk-a49deaf:before{background-image:linear-gradient(135deg,rgb(65,94,249) 0%,rgb(156,82,180) 47%,rgb(250,70,108) 100%) !important;}<\/style><div class=\"stk-column-wrapper stk-block-column__content stk-container stk-a49deaf-container stk--no-background stk--no-padding\"><div class=\"has-text-align-center stk-block-content stk-inner-blocks stk-a49deaf-inner-blocks\">\n<div class=\"wp-block-stackable-heading stk-block-heading stk-block-heading--v2 stk-block stk-5f04c6c\" id=\"procedimientos\" data-block-id=\"5f04c6c\"><style>.stk-5f04c6c .stk-block-heading__text{font-size:26px !important;color:#fffffe !important;font-weight:700 !important;}@media screen and (max-width: 1023px){.stk-5f04c6c .stk-block-heading__text{font-size:26px !important;}}<\/style><h2 class=\"stk-block-heading__text has-text-color\">Procedimientos<\/h2><\/div>\n<\/div><\/div><\/div>\n<\/div><\/div>\n\n\n\n<div class=\"wp-block-stackable-columns alignfull stk-block-columns stk-block stk-1760919 stk-block-background\" data-block-id=\"1760919\"><style>.stk-1760919 {background-color:#f2f2f2 !important;overflow:hidden !important;margin-bottom:-95px !important;}.stk-1760919:before{background-color:#f2f2f2 !important;}@media screen and (max-width: 1023px){.stk-1760919 {margin-bottom:-95px !important;}}@media screen and (max-width: 767px){.stk-1760919 {margin-bottom:-115px !important;}}<\/style><div class=\"stk-row stk-inner-blocks stk-block-content stk-content-align stk-1760919-column alignfull\">\n<div class=\"wp-block-stackable-column stk-block-column stk-column stk-block stk-e369bb7\" data-v=\"4\" data-block-id=\"e369bb7\"><style>.stk-e369bb7 {align-self:stretch !important;padding-top:98px !important;padding-right:195px !important;padding-bottom:98px !important;padding-left:195px !important;}@media screen and (max-width: 1023px){.stk-e369bb7 {padding-top:41px !important;padding-right:81px !important;padding-bottom:41px !important;padding-left:81px !important;}}@media screen and (max-width: 767px){.stk-e369bb7 {padding-top:21px !important;padding-right:41px !important;padding-bottom:21px !important;padding-left:41px !important;}}<\/style><div class=\"stk-column-wrapper stk-block-column__content stk-container stk-e369bb7-container stk--no-background stk--no-padding\"><div class=\"stk-block-content stk-inner-blocks stk-e369bb7-inner-blocks\">\n<ul class=\"wp-block-list\">\n<li><a href=\"https:\/\/drive.google.com\/file\/d\/1m6tOPXr3rzvmINnVhbqJ6E2fSjmEEPGg\/view\" target=\"_blank\" rel=\"noreferrer noopener\" target=\"_blank\" rel=\"noopener\">PPRL 06. Procedimiento para garantizar la seguridad y salud del personal de nuevo ingreso en puestos de trabajo.<\/a><\/li>\n\n\n\n<li><a href=\"https:\/\/drive.google.com\/file\/d\/1ChxaPoZPJxtsS-KAmRMRySVuPGOwahm6\/view\" target=\"_blank\" rel=\"noreferrer noopener\" target=\"_blank\" rel=\"noopener\">PPRL 10. Procedimiento de cambio de puesto de trabajo por motivo de salud.<\/a><\/li>\n\n\n\n<li><a href=\"https:\/\/drive.google.com\/open?id=1-YFnQrVGZ8Oa94jTW7YGX5V20mJYl4lV\" target=\"_blank\" rel=\"noreferrer noopener\" target=\"_blank\" rel=\"noopener\">PPRL 11. Procedimiento, documentos e instrucciones para la comunicaci\u00f3n de personal sensible.<\/a><\/li>\n\n\n\n<li><a href=\"https:\/\/drive.google.com\/open?id=12z55S614lbpROJ3HZmJW7JNl8Eejx7ou\" target=\"_blank\" rel=\"noreferrer noopener\" target=\"_blank\" rel=\"noopener\">PPRL 13. Procedimiento para la adaptaci\u00f3n o cambio de puesto por encontrarse en situaci\u00f3n de embarazo, parto reciente y\/o lactancia natural.<\/a><\/li>\n\n\n\n<li><a href=\"https:\/\/drive.google.com\/file\/d\/1tb4NpbcoAIexnHoze19azg-xz3tbGa79\/view\" target=\"_blank\" rel=\"noreferrer noopener\" target=\"_blank\" rel=\"noopener\">PPRL 27. Procedimiento de vigilancia de la salud.<\/a><\/li>\n\n\n\n<li><a href=\"https:\/\/drive.google.com\/file\/d\/1AJF7MsGip03r3-rAlxtDIMTp1HwviuPN\/view\" target=\"_blank\" rel=\"noreferrer noopener\" target=\"_blank\" rel=\"noopener\">PPRL 29. Protocolo para la detecci\u00f3n, prevenci\u00f3n y actuaci\u00f3n de los supuestos de acoso psicol\u00f3gico en el trabajo.<\/a><\/li>\n\n\n\n<li><a href=\"https:\/\/riull.ull.es\/xmlui\/bitstream\/handle\/915\/12568\/Protocolo%20Acoso.pdf\" target=\"_blank\" rel=\"noreferrer noopener\" target=\"_blank\" rel=\"noopener\">Protocolo para la detecci\u00f3n, prevenci\u00f3n y actuaci\u00f3n en los supuestos de acoso sexual y de acoso sexista de la Universidad de La Laguna.<\/a><\/li>\n<\/ul>\n\n\n\n<div class=\"wp-block-stackable-text stk-block-text stk-block stk-fe48f18\" data-block-id=\"fe48f18\"><p class=\"stk-block-text__text\">Evaluaci\u00f3n de riesgos<\/p><\/div>\n\n\n\n<ul class=\"wp-block-list\">\n<li><a href=\"https:\/\/drive.google.com\/file\/d\/1XTZrfFcIfN8LZReoYG8I55A8lHfi_wBE\/view?usp=sharing\" target=\"_blank\" rel=\"noreferrer noopener\" target=\"_blank\" rel=\"noopener\">Metodolog\u00eda para la evaluaci\u00f3n de riesgos<\/a><\/li>\n<\/ul>\n<\/div><\/div><\/div>\n<\/div><\/div>\n\n\n\n<p><\/p>\n","protected":false},"excerpt":{"rendered":"<p>Procedimientos Evaluaci\u00f3n de riesgos<\/p>\n","protected":false},"author":47,"featured_media":0,"parent":0,"menu_order":0,"comment_status":"closed","ping_status":"closed","template":"templates\/template-frontpage.php","meta":{"_acf_changed":false,"footnotes":""},"class_list":["post-93","page","type-page","status-publish","hentry"],"acf":[],"_links":{"self":[{"href":"https:\/\/www.ull.es\/servicios\/prevencion-riesgos-laborales\/wp-json\/wp\/v2\/pages\/93","targetHints":{"allow":["GET"]}}],"collection":[{"href":"https:\/\/www.ull.es\/servicios\/prevencion-riesgos-laborales\/wp-json\/wp\/v2\/pages"}],"about":[{"href":"https:\/\/www.ull.es\/servicios\/prevencion-riesgos-laborales\/wp-json\/wp\/v2\/types\/page"}],"author":[{"embeddable":true,"href":"https:\/\/www.ull.es\/servicios\/prevencion-riesgos-laborales\/wp-json\/wp\/v2\/users\/47"}],"replies":[{"embeddable":true,"href":"https:\/\/www.ull.es\/servicios\/prevencion-riesgos-laborales\/wp-json\/wp\/v2\/comments?post=93"}],"version-history":[{"count":39,"href":"https:\/\/www.ull.es\/servicios\/prevencion-riesgos-laborales\/wp-json\/wp\/v2\/pages\/93\/revisions"}],"predecessor-version":[{"id":702,"href":"https:\/\/www.ull.es\/servicios\/prevencion-riesgos-laborales\/wp-json\/wp\/v2\/pages\/93\/revisions\/702"}],"wp:attachment":[{"href":"https:\/\/www.ull.es\/servicios\/prevencion-riesgos-laborales\/wp-json\/wp\/v2\/media?parent=93"}],"curies":[{"name":"wp","href":"https:\/\/api.w.org\/{rel}","templated":true}]}}