{"id":6531,"date":"2018-06-13T08:27:39","date_gmt":"2018-06-13T08:27:39","guid":{"rendered":"https:\/\/www.ull.es\/servicios\/publicaciones\/?post_type=publicacion&#038;p=6531"},"modified":"2018-06-20T12:37:56","modified_gmt":"2018-06-20T12:37:56","slug":"discurso-femenino-en-la-novela-espanola-de-posguerra-carmen-laforet-ana-maria-matute-y-elena-quiroga","status":"publish","type":"publicacion","link":"https:\/\/www.ull.es\/servicios\/publicaciones\/fr\/publicacion\/discurso-femenino-en-la-novela-espanola-de-posguerra-carmen-laforet-ana-maria-matute-y-elena-quiroga\/","title":{"rendered":"Discours f\u00e9minin dans le roman espagnol d&#039;apr\u00e8s-guerre : Carmen Laforet, Ana Mar\u00eda Matute et Elena Quiroga"},"content":{"rendered":"","protected":false},"featured_media":6662,"template":"","class_list":["post-6531","publicacion","type-publicacion","status-publish","has-post-thumbnail","hentry","taxonomia_publicacion-estudios-y-ensayos","taxonomia_serie-filologia","taxonomia_autor-galdona-perez-rosa-isabel"],"acf":[],"_links":{"self":[{"href":"https:\/\/www.ull.es\/servicios\/publicaciones\/fr\/wp-json\/wp\/v2\/publicacion\/6531","targetHints":{"allow":["GET"]}}],"collection":[{"href":"https:\/\/www.ull.es\/servicios\/publicaciones\/fr\/wp-json\/wp\/v2\/publicacion"}],"about":[{"href":"https:\/\/www.ull.es\/servicios\/publicaciones\/fr\/wp-json\/wp\/v2\/types\/publicacion"}],"wp:featuredmedia":[{"embeddable":true,"href":"https:\/\/www.ull.es\/servicios\/publicaciones\/fr\/wp-json\/wp\/v2\/media\/6662"}],"wp:attachment":[{"href":"https:\/\/www.ull.es\/servicios\/publicaciones\/fr\/wp-json\/wp\/v2\/media?parent=6531"}],"curies":[{"name":"wp","href":"https:\/\/api.w.org\/{rel}","templated":true}]}}

Discours féminin dans le roman espagnol d&#039;après-guerre : Carmen Laforet, Ana María Matute et Elena Quiroga
