{"id":7741,"date":"2024-05-02T13:15:22","date_gmt":"2024-05-02T13:15:22","guid":{"rendered":"https:\/\/www.ull.es\/servicios\/publicaciones\/?post_type=publicacion&#038;p=7741"},"modified":"2024-05-02T13:15:22","modified_gmt":"2024-05-02T13:15:22","slug":"hacer-historia-el-archivo-de-la-transicion-democratica-en-canarias-de-la-biblioteca-de-la-ull","status":"publish","type":"publicacion","link":"https:\/\/www.ull.es\/servicios\/publicaciones\/fr\/publicacion\/hacer-historia-el-archivo-de-la-transicion-democratica-en-canarias-de-la-biblioteca-de-la-ull\/","title":{"rendered":"\u00c9crire l&#039;histoire : les archives de la transition d\u00e9mocratique aux \u00eeles Canaries de la biblioth\u00e8que de l&#039;ULL"},"content":{"rendered":"","protected":false},"featured_media":7742,"template":"","class_list":["post-7741","publicacion","type-publicacion","status-publish","has-post-thumbnail","hentry","taxonomia_publicacion-publicaciones-institucionales","taxonomia_serie-textos","taxonomia_autor-varios"],"acf":[],"_links":{"self":[{"href":"https:\/\/www.ull.es\/servicios\/publicaciones\/fr\/wp-json\/wp\/v2\/publicacion\/7741","targetHints":{"allow":["GET"]}}],"collection":[{"href":"https:\/\/www.ull.es\/servicios\/publicaciones\/fr\/wp-json\/wp\/v2\/publicacion"}],"about":[{"href":"https:\/\/www.ull.es\/servicios\/publicaciones\/fr\/wp-json\/wp\/v2\/types\/publicacion"}],"wp:featuredmedia":[{"embeddable":true,"href":"https:\/\/www.ull.es\/servicios\/publicaciones\/fr\/wp-json\/wp\/v2\/media\/7742"}],"wp:attachment":[{"href":"https:\/\/www.ull.es\/servicios\/publicaciones\/fr\/wp-json\/wp\/v2\/media?parent=7741"}],"curies":[{"name":"wp","href":"https:\/\/api.w.org\/{rel}","templated":true}]}}

Écrire l&#039;histoire : les archives de la transition démocratique aux îles Canaries de la bibliothèque de l&#039;ULL
