{"id":17,"date":"2019-06-20T13:17:21","date_gmt":"2019-06-20T11:17:21","guid":{"rendered":"https:\/\/www.ull.es\/servicios\/negociado-pruebas-acceso\/?page_id=13"},"modified":"2026-02-27T08:09:25","modified_gmt":"2026-02-27T07:09:25","slug":"inicio","status":"publish","type":"page","link":"https:\/\/www.ull.es\/servicios\/secretaria-del-consejo-social\/fr\/","title":{"rendered":"Commencer"},"content":{"rendered":"<div class=\"wp-block-stackable-columns alignfull stk-block-columns stk-block stk-16a94b8\" data-block-id=\"16a94b8\"><style>.stk-16a94b8 {margin-bottom:76px !important;}@media screen and (max-width: 767px){.stk-16a94b8 {padding-top:0px !important;padding-right:0px !important;padding-bottom:0px !important;padding-left:0px !important;}}<\/style><div class=\"stk-row stk-inner-blocks stk-block-content stk-content-align stk-16a94b8-column alignfull\">\n<div class=\"wp-block-stackable-column stk-block-column stk-column stk-block stk-dfe9b01 stk-block-background stk--has-background-overlay\" data-v=\"4\" data-block-id=\"dfe9b01\"><style>.stk-dfe9b01 {background-image:url(https:\/\/www.ull.es\/servicios\/secretaria-del-consejo-social\/wp-content\/uploads\/sites\/39\/2019\/07\/25-Secretaria-del-Consejo-Social.jpg) !important;}.stk-dfe9b01:before{background-color:#000000 !important;opacity:0.3 !important;}@media screen and (max-width: 767px){.stk-dfe9b01 {padding-top:0px !important;padding-right:0px !important;padding-bottom:0px !important;padding-left:0px !important;}.stk-dfe9b01-container{min-height:320px !important;}}<\/style><div class=\"stk-column-wrapper stk-block-column__content stk-container stk-dfe9b01-container stk--no-background stk--no-padding\"><div class=\"stk-block-content stk-inner-blocks stk-dfe9b01-inner-blocks\">\n<div class=\"wp-block-stackable-columns alignfull stk-block-columns stk-block stk-3bf239f\" data-block-id=\"3bf239f\"><style>@media screen and (max-width: 1023px){.stk-3bf239f {padding-left:0px !important;}}<\/style><div class=\"stk-row stk-inner-blocks stk-block-content stk-content-align stk-3bf239f-column alignfull\">\n<div class=\"wp-block-stackable-column stk-block-column stk-column stk-block stk-f66584c\" data-v=\"4\" data-block-id=\"f66584c\"><div class=\"stk-column-wrapper stk-block-column__content stk-container stk-f66584c-container stk--no-background stk--no-padding\"><div class=\"stk-block-content stk-inner-blocks stk-f66584c-inner-blocks\">\n<div class=\"wp-block-stackable-heading stk-block-heading stk-block-heading--v2 stk-block stk-1bb54e9\" id=\"secretaria-del-consejo-social\" data-block-id=\"1bb54e9\"><style>.stk-1bb54e9 {padding-top:110px !important;padding-right:25px !important;padding-bottom:75px !important;padding-left:420px !important;}.stk-1bb54e9 .stk-block-heading__text{font-size:35px !important;color:#ffffff !important;font-weight:400 !important;}@media screen and (max-width: 1023px){.stk-1bb54e9 {padding-left:55px !important;}.stk-1bb54e9 .stk-block-heading__text{font-size:35px !important;}}@media screen and (max-width: 767px){.stk-1bb54e9 {padding-right:75px !important;padding-left:25px !important;}.stk-1bb54e9 .stk-block-heading__text{font-size:33px !important;}}<\/style><h2 class=\"stk-block-heading__text has-text-color has-text-align-left has-text-align-left-tablet has-text-align-left-mobile\">Secr\u00e9tariat du Conseil social<\/h2><\/div>\n<\/div><\/div><\/div>\n<\/div><\/div>\n<\/div><\/div><\/div>\n<\/div><\/div>\n\n\n\n<div class=\"wp-block-stackable-columns alignfull stk-block-columns stk-block stk-a768426\" data-block-id=\"a768426\"><style>.stk-a768426 {margin-bottom:56px !important;}<\/style><div class=\"stk-row stk-inner-blocks stk-block-content stk-content-align stk-a768426-column alignfull\">\n<div class=\"wp-block-stackable-column stk-block-column stk-column stk-block stk-7a93856\" data-v=\"4\" data-block-id=\"7a93856\"><style>.stk-7a93856 {padding-right:405px !important;padding-left:405px !important;}@media screen and (max-width: 1023px){.stk-7a93856 {padding-right:50px !important;padding-left:50px !important;}}@media screen and (max-width: 767px){.stk-7a93856 {padding-right:20px !important;padding-left:20px !important;}}<\/style><div class=\"stk-column-wrapper stk-block-column__content stk-container stk-7a93856-container stk--no-background stk--no-padding\"><div class=\"stk-block-content stk-inner-blocks stk-7a93856-inner-blocks\">\n<div class=\"wp-block-stackable-text stk-block-text stk-block stk-42f4015\" data-block-id=\"42f4015\"><style>.stk-42f4015 .stk-block-text__text{font-size:16px !important;}@media screen and (max-width: 1023px){.stk-42f4015 .stk-block-text__text{font-size:16px !important;}}<\/style><p class=\"stk-block-text__text has-text-align-left\">Le Secr\u00e9tariat assure le soutien juridique et administratif du Conseil social, organe universitaire qui, dans le cadre des l\u00e9gislations nationale et r\u00e9gionale, est charg\u00e9 de la planification, de la programmation et de l&#039;am\u00e9lioration de l&#039;efficacit\u00e9 des services offerts par l&#039;Universit\u00e9 de La Laguna. Il supervise \u00e9galement l&#039;activit\u00e9 \u00e9conomique et la performance de ces services, leur gestion et leurs interactions avec les acteurs sociaux, \u00e9conomiques et productifs. Par ailleurs, le secr\u00e9taire du Conseil social, poste r\u00e9serv\u00e9 aux fonctionnaires titulaires, est \u00e9galement secr\u00e9taire du Comit\u00e9 de fid\u00e9lisation de l&#039;Universit\u00e9 de La Laguna.<\/p><\/div>\n<\/div><\/div><\/div>\n<\/div><\/div>","protected":false},"excerpt":{"rendered":"<p>Secr\u00e9tariat du Conseil social Le Secr\u00e9tariat est l\u2019unit\u00e9 de soutien juridique et administratif du Conseil social, un organe universitaire qui, dans le cadre \u00e9tabli par la l\u00e9gislation nationale et r\u00e9gionale, exerce les fonctions de planification, de programmation et de promotion de l\u2019efficacit\u00e9 des services fournis par l\u2019Universit\u00e9 de La Laguna, ainsi que de supervision\u2026<\/p>","protected":false},"author":49,"featured_media":0,"parent":0,"menu_order":0,"comment_status":"closed","ping_status":"closed","template":"templates\/template-frontpage.php","meta":{"footnotes":""},"class_list":["post-17","page","type-page","status-publish","hentry"],"_links":{"self":[{"href":"https:\/\/www.ull.es\/servicios\/secretaria-del-consejo-social\/fr\/wp-json\/wp\/v2\/pages\/17","targetHints":{"allow":["GET"]}}],"collection":[{"href":"https:\/\/www.ull.es\/servicios\/secretaria-del-consejo-social\/fr\/wp-json\/wp\/v2\/pages"}],"about":[{"href":"https:\/\/www.ull.es\/servicios\/secretaria-del-consejo-social\/fr\/wp-json\/wp\/v2\/types\/page"}],"author":[{"embeddable":true,"href":"https:\/\/www.ull.es\/servicios\/secretaria-del-consejo-social\/fr\/wp-json\/wp\/v2\/users\/49"}],"replies":[{"embeddable":true,"href":"https:\/\/www.ull.es\/servicios\/secretaria-del-consejo-social\/fr\/wp-json\/wp\/v2\/comments?post=17"}],"version-history":[{"count":9,"href":"https:\/\/www.ull.es\/servicios\/secretaria-del-consejo-social\/fr\/wp-json\/wp\/v2\/pages\/17\/revisions"}],"predecessor-version":[{"id":68,"href":"https:\/\/www.ull.es\/servicios\/secretaria-del-consejo-social\/fr\/wp-json\/wp\/v2\/pages\/17\/revisions\/68"}],"wp:attachment":[{"href":"https:\/\/www.ull.es\/servicios\/secretaria-del-consejo-social\/fr\/wp-json\/wp\/v2\/media?parent=17"}],"curies":[{"name":"wp","href":"https:\/\/api.w.org\/{rel}","templated":true}]}}

<div class="wp-block-stackable-columns alignfull stk-block-columns stk-block stk-16a94b8" data-block-id="16a94b8"><style>.stk-16a94b8 {margin-bottom:76px !important;}@media screen and (max-width: 767px){.stk-16a94b8 {padding-top:0px !important;padding-right:0px !important;padding-bottom:0px !important;padding-left:0px !important;}}</style><div class="stk-row stk-inner-blocks stk-block-content stk-content-align stk-16a94b8-column alignfull">
<div class="wp-block-stackable-column stk-block-column stk-column stk-block stk-dfe9b01 stk-block-background stk--has-background-overlay" data-v="4" data-block-id="dfe9b01"><style>.stk-dfe9b01 {background-image:url(https://www.ull.es/servicios/secretaria-del-consejo-social/wp-content/uploads/sites/39/2019/07/25-Secretaria-del-Consejo-Social.jpg) !important;}.stk-dfe9b01:before{background-color:#000000 !important;opacity:0.3 !important;}@media screen and (max-width: 767px){.stk-dfe9b01 {padding-top:0px !important;padding-right:0px !important;padding-bottom:0px !important;padding-left:0px !important;}.stk-dfe9b01-container{min-height:320px !important;}}</style><div class="stk-column-wrapper stk-block-column__content stk-container stk-dfe9b01-container stk--no-background stk--no-padding"><div class="stk-block-content stk-inner-blocks stk-dfe9b01-inner-blocks">
<div class="wp-block-stackable-columns alignfull stk-block-columns stk-block stk-3bf239f" data-block-id="3bf239f"><style>@media screen and (max-width: 1023px){.stk-3bf239f {padding-left:0px !important;}}</style><div class="stk-row stk-inner-blocks stk-block-content stk-content-align stk-3bf239f-column alignfull">
<div class="wp-block-stackable-column stk-block-column stk-column stk-block stk-f66584c" data-v="4" data-block-id="f66584c"><div class="stk-column-wrapper stk-block-column__content stk-container stk-f66584c-container stk--no-background stk--no-padding"><div class="stk-block-content stk-inner-blocks stk-f66584c-inner-blocks">
<div class="wp-block-stackable-heading stk-block-heading stk-block-heading--v2 stk-block stk-1bb54e9" id="secretaria-del-consejo-social" data-block-id="1bb54e9"><style>.stk-1bb54e9 {padding-top:110px !important;padding-right:25px !important;padding-bottom:75px !important;padding-left:420px !important;}.stk-1bb54e9 .stk-block-heading__text{font-size:35px !important;color:#ffffff !important;font-weight:400 !important;}@media screen and (max-width: 1023px){.stk-1bb54e9 {padding-left:55px !important;}.stk-1bb54e9 .stk-block-heading__text{font-size:35px !important;}}@media screen and (max-width: 767px){.stk-1bb54e9 {padding-right:75px !important;padding-left:25px !important;}.stk-1bb54e9 .stk-block-heading__text{font-size:33px !important;}}</style><h2 class="stk-block-heading__text has-text-color has-text-align-left has-text-align-left-tablet has-text-align-left-mobile">Secrétariat du Conseil social</h2></div>
</div></div></div>
</div></div>
</div></div></div>
</div></div>



<div class="wp-block-stackable-columns alignfull stk-block-columns stk-block stk-a768426" data-block-id="a768426"><style>.stk-a768426 {margin-bottom:56px !important;}</style><div class="stk-row stk-inner-blocks stk-block-content stk-content-align stk-a768426-column alignfull">
<div class="wp-block-stackable-column stk-block-column stk-column stk-block stk-7a93856" data-v="4" data-block-id="7a93856"><style>.stk-7a93856 {padding-right:405px !important;padding-left:405px !important;}@media screen and (max-width: 1023px){.stk-7a93856 {padding-right:50px !important;padding-left:50px !important;}}@media screen and (max-width: 767px){.stk-7a93856 {padding-right:20px !important;padding-left:20px !important;}}</style><div class="stk-column-wrapper stk-block-column__content stk-container stk-7a93856-container stk--no-background stk--no-padding"><div class="stk-block-content stk-inner-blocks stk-7a93856-inner-blocks">
<div class="wp-block-stackable-text stk-block-text stk-block stk-42f4015" data-block-id="42f4015"><style>.stk-42f4015 .stk-block-text__text{font-size:16px !important;}@media screen and (max-width: 1023px){.stk-42f4015 .stk-block-text__text{font-size:16px !important;}}</style><p class="stk-block-text__text has-text-align-left">Le Secrétariat assure le soutien juridique et administratif du Conseil social, organe universitaire qui, dans le cadre des législations nationale et régionale, est chargé de la planification, de la programmation et de l&#039;amélioration de l&#039;efficacité des services offerts par l&#039;Université de La Laguna. Il supervise également l&#039;activité économique et la performance de ces services, leur gestion et leurs interactions avec les acteurs sociaux, économiques et productifs. Par ailleurs, le secrétaire du Conseil social, poste réservé aux fonctionnaires titulaires, est également secrétaire du Comité de fidélisation de l&#039;Université de La Laguna.</p></div>
</div></div></div>
</div></div>

<p>Secrétariat du Conseil social Le Secrétariat est l’unité de soutien juridique et administratif du Conseil social, un organe universitaire qui, dans le cadre établi par la législation nationale et régionale, exerce les fonctions de planification, de programmation et de promotion de l’efficacité des services fournis par l’Université de La Laguna, ainsi que de supervision…</p>
