{"id":776,"date":"2018-07-13T07:47:17","date_gmt":"2018-07-13T07:47:17","guid":{"rendered":"https:\/\/www.ull.es\/servicios\/segai\/?page_id=776"},"modified":"2025-11-17T14:08:33","modified_gmt":"2025-11-17T14:08:33","slug":"calidad","status":"publish","type":"page","link":"https:\/\/www.ull.es\/servicios\/segai\/calidad\/","title":{"rendered":"Calidad"},"content":{"rendered":"<p>[vc_row][vc_column width=\u00bb2\/3&#8243;][vc_tta_accordion c_icon=\u00bbchevron\u00bb active_section=\u00bb0&#8243; no_fill=\u00bbtrue\u00bb collapsible_all=\u00bbtrue\u00bb][vc_tta_section title=\u00bbOtras certificaciones o acreditaciones\u00bb tab_id=\u00bbcertificaciones\u00bb][vc_column_text]<\/p>\n<div class=\"vc_tta-panel-body\">\n<div class=\"wpb_text_column wpb_content_element \">\n<div class=\"wpb_wrapper\">\n<p><strong><img loading=\"lazy\" decoding=\"async\" class=\"alignnone size-medium wp-image-1438\" src=\"https:\/\/www.ull.es\/servicios\/segai\/wp-content\/uploads\/sites\/11\/2018\/06\/Sello-AENOR-ISO-9001_NEG-2-300x254.jpg\" alt=\"\" width=\"300\" height=\"254\" \/><img loading=\"lazy\" decoding=\"async\" class=\"alignnone size-full wp-image-1323\" src=\"https:\/\/www.ull.es\/servicios\/segai\/wp-content\/uploads\/sites\/11\/2021\/06\/logo2-color-calidad.jpg\" alt=\"\" width=\"200\" height=\"250\" \/><\/strong><\/p>\n<p>&nbsp;<\/p>\n<p><strong>Certificaci\u00f3n UNE-EN ISO 9001<\/strong><\/p>\n<p align=\"left\">Los siguientes servicios han sido certificados seg\u00fan la normativa UNE-EN ISO9001:<\/p>\n<ul>\n<li>Estabulario y Animalario<\/li>\n<li>Laboratorio de Fon\u00e9tica<\/li>\n<li>Servicio Integrado de Difracci\u00f3n de Rayos X<\/li>\n<li>Servicio de Resonancia Magn\u00e9tica para Investigaciones Biom\u00e9dicas<\/li>\n<li>Servicio de Gen\u00f3mica<\/li>\n<li>Servicio de Electr\u00f3nica<\/li>\n<li>Servicio de Mec\u00e1nica<\/li>\n<li>Servicio de Microescop\u00eda Electr\u00f3nica<\/li>\n<li>Servicio de Espectroescop\u00eda Infrarroja<\/li>\n<li>Servicio de Apoyo a Criminal\u00edstica Forense<\/li>\n<li>Departamento de Calidad<\/li>\n<\/ul>\n<p>Descargar el certificado (<a href=\"https:\/\/drive.google.com\/open?id=1hwi6ZxSwEqvdA5oTjYwCrzod9S6Ol1aT\" target=\"_blank\" rel=\"noopener noreferrer\" target=\"_blank\" rel=\"noopener\">espa\u00f1ol<\/a>\u00a0\/\u00a0<a href=\"https:\/\/drive.google.com\/open?id=1K0rRNBje9rcJ4Nx22IsjrvHHX6I8jLYp\" target=\"_blank\" rel=\"noopener noreferrer\" target=\"_blank\" rel=\"noopener\">ingl\u00e9s<\/a>)<\/p>\n<p><b><strong><img loading=\"lazy\" decoding=\"async\" class=\"alignnone size-medium wp-image-1351\" src=\"https:\/\/www.ull.es\/servicios\/segai\/wp-content\/uploads\/sites\/11\/2022\/04\/ENAC-WEB_No1164-_-LE1941-copia-300x300.png\" alt=\"\" width=\"300\" height=\"300\" srcset=\"https:\/\/www.ull.es\/servicios\/segai\/wp-content\/uploads\/sites\/11\/2022\/04\/ENAC-WEB_No1164-_-LE1941-copia-300x300.png 300w, https:\/\/www.ull.es\/servicios\/segai\/wp-content\/uploads\/sites\/11\/2022\/04\/ENAC-WEB_No1164-_-LE1941-copia-1024x1024.png 1024w, https:\/\/www.ull.es\/servicios\/segai\/wp-content\/uploads\/sites\/11\/2022\/04\/ENAC-WEB_No1164-_-LE1941-copia-150x150.png 150w, https:\/\/www.ull.es\/servicios\/segai\/wp-content\/uploads\/sites\/11\/2022\/04\/ENAC-WEB_No1164-_-LE1941-copia-768x768.png 768w, https:\/\/www.ull.es\/servicios\/segai\/wp-content\/uploads\/sites\/11\/2022\/04\/ENAC-WEB_No1164-_-LE1941-copia-375x375.png 375w, https:\/\/www.ull.es\/servicios\/segai\/wp-content\/uploads\/sites\/11\/2022\/04\/ENAC-WEB_No1164-_-LE1941-copia-750x750.png 750w, https:\/\/www.ull.es\/servicios\/segai\/wp-content\/uploads\/sites\/11\/2022\/04\/ENAC-WEB_No1164-_-LE1941-copia-1140x1140.png 1140w, https:\/\/www.ull.es\/servicios\/segai\/wp-content\/uploads\/sites\/11\/2022\/04\/ENAC-WEB_No1164-_-LE1941-copia-50x50.png 50w, https:\/\/www.ull.es\/servicios\/segai\/wp-content\/uploads\/sites\/11\/2022\/04\/ENAC-WEB_No1164-_-LE1941-copia.png 1181w\" sizes=\"auto, (max-width: 300px) 100vw, 300px\" \/><br \/>\nAcreditaci\u00f3n en la Norma UNE-EN ISO\/IEC 17025<\/strong><\/b><\/p>\n<ul>\n<li>El Laboratorio de F\u00edsica M\u00e9dica y Radioactividad Ambiental (FIMERALL) est\u00e1 acreditado desde 2015 seg\u00fan la norma UNE-EN ISO\/IEC 17025, para la realizaci\u00f3n de ensayos en el \u00e1rea de protecci\u00f3n radiol\u00f3gica. Descargar (<a href=\"https:\/\/drive.google.com\/file\/d\/1q1Yl5G8GXHbU-Z5SLHkUNtqQlhccQ4PN\/view?usp=drive_link.\" target=\"_blank\" rel=\"noopener noreferrer\" target=\"_blank\" rel=\"noopener\">Acreditaci\u00f3n<\/a>\u00a0\/\u00a0<a href=\"https:\/\/drive.google.com\/file\/d\/189Wcov3Tnp6JiYkalFOd1ABk5-xLx_1U\/view?usp=sharing\" target=\"_blank\" rel=\"noopener noreferrer\" target=\"_blank\" rel=\"noopener\">Anexo T\u00e9cnico<\/a>)<\/li>\n<\/ul>\n<\/div>\n<\/div>\n<\/div>\n<p>[\/vc_column_text][\/vc_tta_section][vc_tta_section title=\u00bbDepartamento de Calidad\u00bb tab_id=\u00bb1531467657912-81438349-2975&#8243;][vc_column_text]<a href=\"https:\/\/www.ull.es\/servicios\/segai\/servicios\/departamento-de-calidad\/\" target=\"_blank\" rel=\"noopener\">Departamento de Calidad del SEGAI<\/a>[\/vc_column_text][\/vc_tta_section][\/vc_tta_accordion][\/vc_column][vc_column width=\u00bb1\/3&#8243;][\/vc_column][\/vc_row]<\/p>\n","protected":false},"excerpt":{"rendered":"<p>[vc_row][vc_column width=\u00bb2\/3&#8243;][vc_tta_accordion c_icon=\u00bbchevron\u00bb active_section=\u00bb0&#8243; no_fill=\u00bbtrue\u00bb collapsible_all=\u00bbtrue\u00bb][vc_tta_section title=\u00bbOtras certificaciones o acreditaciones\u00bb tab_id=\u00bbcertificaciones\u00bb][vc_column_text] &nbsp; Certificaci\u00f3n UNE-EN ISO 9001 Los siguientes servicios han sido certificados seg\u00fan la normativa UNE-EN ISO9001: Estabulario y Animalario Laboratorio de Fon\u00e9tica Servicio Integrado de Difracci\u00f3n de Rayos X Servicio de Resonancia Magn\u00e9tica para Investigaciones Biom\u00e9dicas Servicio de Gen\u00f3mica Servicio de Electr\u00f3nica Servicio de&#8230;<\/p>\n","protected":false},"author":31,"featured_media":0,"parent":0,"menu_order":0,"comment_status":"closed","ping_status":"closed","template":"","meta":{"_acf_changed":false,"footnotes":""},"class_list":["post-776","page","type-page","status-publish","hentry"],"acf":[],"_links":{"self":[{"href":"https:\/\/www.ull.es\/servicios\/segai\/wp-json\/wp\/v2\/pages\/776","targetHints":{"allow":["GET"]}}],"collection":[{"href":"https:\/\/www.ull.es\/servicios\/segai\/wp-json\/wp\/v2\/pages"}],"about":[{"href":"https:\/\/www.ull.es\/servicios\/segai\/wp-json\/wp\/v2\/types\/page"}],"author":[{"embeddable":true,"href":"https:\/\/www.ull.es\/servicios\/segai\/wp-json\/wp\/v2\/users\/31"}],"replies":[{"embeddable":true,"href":"https:\/\/www.ull.es\/servicios\/segai\/wp-json\/wp\/v2\/comments?post=776"}],"version-history":[{"count":21,"href":"https:\/\/www.ull.es\/servicios\/segai\/wp-json\/wp\/v2\/pages\/776\/revisions"}],"predecessor-version":[{"id":1824,"href":"https:\/\/www.ull.es\/servicios\/segai\/wp-json\/wp\/v2\/pages\/776\/revisions\/1824"}],"wp:attachment":[{"href":"https:\/\/www.ull.es\/servicios\/segai\/wp-json\/wp\/v2\/media?parent=776"}],"curies":[{"name":"wp","href":"https:\/\/api.w.org\/{rel}","templated":true}]}}