{"id":16,"date":"2019-06-20T13:17:21","date_gmt":"2019-06-20T11:17:21","guid":{"rendered":"https:\/\/www.ull.es\/servicios\/negociado-pruebas-acceso\/?page_id=13"},"modified":"2026-02-26T13:59:37","modified_gmt":"2026-02-26T12:59:37","slug":"inicio","status":"publish","type":"page","link":"https:\/\/www.ull.es\/servicios\/servicio-secretaria-general-tecnica-registro-archivo-universitario\/","title":{"rendered":"Inicio"},"content":{"rendered":"\n<div class=\"wp-block-stackable-columns alignfull stk-block-columns stk-block stk-16a94b8\" data-block-id=\"16a94b8\"><style>.stk-16a94b8 {margin-bottom:76px !important;}@media screen and (max-width: 767px){.stk-16a94b8 {padding-top:0px !important;padding-right:0px !important;padding-bottom:0px !important;padding-left:0px !important;}}<\/style><div class=\"stk-row stk-inner-blocks stk-block-content stk-content-align stk-16a94b8-column alignfull\">\n<div class=\"wp-block-stackable-column stk-block-column stk-column stk-block stk-dfe9b01 stk-block-background stk--has-background-overlay\" data-v=\"4\" data-block-id=\"dfe9b01\"><style>.stk-dfe9b01 {background-image:url(https:\/\/www.ull.es\/servicios\/servicio-secretaria-general-tecnica-registro-archivo-universitario\/wp-content\/uploads\/sites\/41\/2019\/08\/27.jpg) !important;}.stk-dfe9b01:before{background-color:#000000 !important;opacity:0.3 !important;}@media screen and (max-width: 767px){.stk-dfe9b01 {padding-top:0px !important;padding-right:0px !important;padding-bottom:0px !important;padding-left:0px !important;}.stk-dfe9b01-container{min-height:320px !important;}}<\/style><div class=\"stk-column-wrapper stk-block-column__content stk-container stk-dfe9b01-container stk--no-background stk--no-padding\"><div class=\"stk-block-content stk-inner-blocks stk-dfe9b01-inner-blocks\">\n<div class=\"wp-block-stackable-columns alignfull stk-block-columns stk-block stk-3bf239f\" data-block-id=\"3bf239f\"><style>@media screen and (max-width: 1023px){.stk-3bf239f {padding-left:0px !important;}}<\/style><div class=\"stk-row stk-inner-blocks stk-block-content stk-content-align stk-3bf239f-column alignfull\">\n<div class=\"wp-block-stackable-column stk-block-column stk-column stk-block stk-f66584c\" data-v=\"4\" data-block-id=\"f66584c\"><div class=\"stk-column-wrapper stk-block-column__content stk-container stk-f66584c-container stk--no-background stk--no-padding\"><div class=\"stk-block-content stk-inner-blocks stk-f66584c-inner-blocks\">\n<div class=\"wp-block-stackable-heading stk-block-heading stk-block-heading--v2 stk-block stk-1bb54e9\" id=\"servicio-de-secretaria-general-tecnica-registro-y-archivo-universitario\" data-block-id=\"1bb54e9\"><style>.stk-1bb54e9 {padding-top:110px !important;padding-right:25px !important;padding-bottom:75px !important;padding-left:420px !important;}.stk-1bb54e9 .stk-block-heading__text{font-size:35px !important;color:#ffffff !important;font-weight:400 !important;}@media screen and (max-width: 1023px){.stk-1bb54e9 {padding-left:55px !important;}.stk-1bb54e9 .stk-block-heading__text{font-size:35px !important;}}@media screen and (max-width: 767px){.stk-1bb54e9 {padding-right:75px !important;padding-left:25px !important;}.stk-1bb54e9 .stk-block-heading__text{font-size:33px !important;}}<\/style><h2 class=\"stk-block-heading__text has-text-color has-text-align-left has-text-align-left-tablet has-text-align-left-mobile\">Servicio de Secretar\u00eda General T\u00e9cnica, Registro y Archivo Universitario<\/h2><\/div>\n<\/div><\/div><\/div>\n<\/div><\/div>\n<\/div><\/div><\/div>\n<\/div><\/div>\n\n\n\n<div class=\"wp-block-stackable-columns alignfull stk-block-columns stk-block stk-a768426\" data-block-id=\"a768426\"><style>.stk-a768426 {margin-bottom:56px !important;}<\/style><div class=\"stk-row stk-inner-blocks stk-block-content stk-content-align stk-a768426-column alignfull\">\n<div class=\"wp-block-stackable-column stk-block-column stk-column stk-block stk-7a93856\" data-v=\"4\" data-block-id=\"7a93856\"><style>.stk-7a93856 {padding-right:405px !important;padding-left:405px !important;}@media screen and (max-width: 1023px){.stk-7a93856 {padding-right:50px !important;padding-left:50px !important;}}@media screen and (max-width: 767px){.stk-7a93856 {padding-right:20px !important;padding-left:20px !important;}}<\/style><div class=\"stk-column-wrapper stk-block-column__content stk-container stk-7a93856-container stk--no-background stk--no-padding\"><div class=\"stk-block-content stk-inner-blocks stk-7a93856-inner-blocks\">\n<div class=\"wp-block-stackable-text stk-block-text stk-block stk-42f4015\" data-block-id=\"42f4015\"><style>.stk-42f4015 .stk-block-text__text{font-size:16px !important;}@media screen and (max-width: 1023px){.stk-42f4015 .stk-block-text__text{font-size:16px !important;}}<\/style><p class=\"stk-block-text__text has-text-align-left\">El Servicio de Secretar\u00eda General T\u00e9cnica, Registro y Archivo Universitario, cuenta con dos Secciones, adem\u00e1s del Negociado de Atenci\u00f3n T\u00e9cnica.<br><br>La\u00a0<strong>Secci\u00f3n de Informaci\u00f3n y Registro\u00a0<\/strong>tiene encomendada la gesti\u00f3n administrativa del Registro General y la tramitaci\u00f3n formal de recursos de alzada interpuestos contra resoluciones de centros en determinadas materias acad\u00e9micas. En determinados procedimientos que se tramitan en la ULL expide las copias aut\u00e9nticas requeridas por el mismo. Tambi\u00e9n ejerce funciones relativas al procedimiento de solicitud de equivalencia de t\u00edtulos extranjeros oficiales de educaci\u00f3n superior al nivel acad\u00e9mico de Doctor o Doctora y finalmente es la secci\u00f3n encargada de la tramitaci\u00f3n de los procedimientos de quejas, felicitaciones y sugerencias previstos en esta Universidad.<br><br>La\u00a0<strong>Secci\u00f3n del Archivo Universitario\u00a0<\/strong>est\u00e1 integrada por todos los documentos de cualquier naturaleza, \u00e9poca y soporte material, generados, reunidos o conservados por la Universidad de La Laguna, as\u00ed como aquellos documentos que puedan ser donados o adquiridos y se determine su ubicaci\u00f3n en el archivo. Esta secci\u00f3n de apoyo al estudio, la docencia y la investigaci\u00f3n tiene, entre otras, las funciones de reunir, organizar, custodiar y conservar, as\u00ed como facilitar la documentaci\u00f3n emanada de la actividad acad\u00e9mica, cient\u00edfica y administrativa. Se encarga tambi\u00e9n de la digitalizaci\u00f3n de aquella documentaci\u00f3n cuyas circunstancias lo permitan y que se consideren de inter\u00e9s para la ULL.<br><br>Por su parte,\u00a0el\u00a0<strong>Negociado de Atenci\u00f3n T\u00e9cnica<\/strong>, con dedicaci\u00f3n al usuario en general, da informaci\u00f3n\u00a0 acerca del funcionamiento de todas las aplicaciones telem\u00e1ticas de la Universidad (EBAU, Preinscripci\u00f3n, matr\u00edcula on line, Web ULL, Sede Electr\u00f3nica, Portal del Alumno, Portal de Estudios, Tarjeta Universitaria y otros servicios ULL), orientando acerca de los procedimientos e informando de su funcionamiento.<br><br>El servicio de secretar\u00eda general t\u00e9cnica, registro y archivo universitario tambi\u00e9n presta apoyo a la Secretaria General en el ejercicio de sus funciones y es el servicio encargado de tramitar las solicitudes de acceso a la informaci\u00f3n p\u00fablica.<\/p><\/div>\n<\/div><\/div><\/div>\n<\/div><\/div>\n","protected":false},"excerpt":{"rendered":"<p>Servicio de Secretar\u00eda General T\u00e9cnica, Registro y Archivo Universitario El Servicio de Secretar\u00eda General T\u00e9cnica, Registro y Archivo Universitario, cuenta con dos Secciones, adem\u00e1s del Negociado de Atenci\u00f3n T\u00e9cnica. La\u00a0Secci\u00f3n de Informaci\u00f3n y Registro\u00a0tiene encomendada la gesti\u00f3n administrativa del Registro General y la tramitaci\u00f3n formal de recursos de alzada interpuestos contra resoluciones de centros en&#8230;<\/p>\n","protected":false},"author":49,"featured_media":0,"parent":0,"menu_order":0,"comment_status":"closed","ping_status":"closed","template":"templates\/template-frontpage.php","meta":{"_acf_changed":false,"footnotes":""},"class_list":["post-16","page","type-page","status-publish","hentry"],"acf":[],"_links":{"self":[{"href":"https:\/\/www.ull.es\/servicios\/servicio-secretaria-general-tecnica-registro-archivo-universitario\/wp-json\/wp\/v2\/pages\/16","targetHints":{"allow":["GET"]}}],"collection":[{"href":"https:\/\/www.ull.es\/servicios\/servicio-secretaria-general-tecnica-registro-archivo-universitario\/wp-json\/wp\/v2\/pages"}],"about":[{"href":"https:\/\/www.ull.es\/servicios\/servicio-secretaria-general-tecnica-registro-archivo-universitario\/wp-json\/wp\/v2\/types\/page"}],"author":[{"embeddable":true,"href":"https:\/\/www.ull.es\/servicios\/servicio-secretaria-general-tecnica-registro-archivo-universitario\/wp-json\/wp\/v2\/users\/49"}],"replies":[{"embeddable":true,"href":"https:\/\/www.ull.es\/servicios\/servicio-secretaria-general-tecnica-registro-archivo-universitario\/wp-json\/wp\/v2\/comments?post=16"}],"version-history":[{"count":15,"href":"https:\/\/www.ull.es\/servicios\/servicio-secretaria-general-tecnica-registro-archivo-universitario\/wp-json\/wp\/v2\/pages\/16\/revisions"}],"predecessor-version":[{"id":92,"href":"https:\/\/www.ull.es\/servicios\/servicio-secretaria-general-tecnica-registro-archivo-universitario\/wp-json\/wp\/v2\/pages\/16\/revisions\/92"}],"wp:attachment":[{"href":"https:\/\/www.ull.es\/servicios\/servicio-secretaria-general-tecnica-registro-archivo-universitario\/wp-json\/wp\/v2\/media?parent=16"}],"curies":[{"name":"wp","href":"https:\/\/api.w.org\/{rel}","templated":true}]}}